000
CXHW50 PHFO 011250
CF6JRF
PRELIMINARY LOCAL CLIMATOLOGICAL DATA (WS FORM: F-6)
STATION: KALAELOA ARPT/OAHU HI
MONTH: MAY
YEAR: 2022
LATITUDE: 21 19 N
LONGITUDE: 158 4 W
TEMPERATURE IN F: :PCPN: SNOW: WIND :SUNSHINE: SKY :PK WND
================================================================================
1 2 3 4 5 6A 6B 7 8 9 10 11 12 13 14 15 16 17 18
12Z AVG MX 2MIN
DY MAX MIN AVG DEP HDD CDD WTR SNW DPTH SPD SPD DIR MIN PSBL S-S WX SPD DR
================================================================================
1 88 74 81 5 0 16 T M M 9.2 20 90 M M 3 8 29 90
2 86 73 80 4 0 15 0.02 M M 8.6 16 50 M M 3 26 70
3 87 74 81 5 0 16 0.00 M M 7.8 18 50 M M 3 28 50
4 87 72 80 4 0 15 0.01 M M 8.2 17 50 M M 4 27 70
5 87 73 80 4 0 15 0.00 M M 8.2 17 90 M M 3 26 110
6 85 75 80 4 0 15 0.00 M M 8.2 17 80 M M 4 26 80
7 85 75 80 4 0 15 T M M 8.2 15 40 M M 3 24 70
8 88 72 80 4 0 15 0.00 M M 7.6 17 120 M M 6 22 130
9 88 74 81 5 0 16 0.00 M M 7.3 18 130 M M 6 8 24 110
10 88 71 80 4 0 15 T M M 8.5 16 40 M M 4 25 40
11 89 72 81 5 0 16 0.00 M M 7.7 18 140 M M 2 23 80
12 89 70 80 3 0 15 0.00 M M 8.4 17 110 M M 2 24 80
13 89 71 80 3 0 15 T M M 8.2 21 130 M M 2 25 140
14 89 72 81 4 0 16 T M M 7.4 16 100 M M 2 25 80
15 86 72 79 2 0 14 0.00 M M 6.7 17 130 M M 5 21 130
16 83 71 77 0 0 12 0.01 M M 5.8 12 200 M M 7 17 140
17 86 69 78 1 0 13 0.00 M M 9.7 16 160 M M 2 19 160
18 82 71 77 0 0 12 0.38 M M 11.5 18 170 M M 6 22 170
19 86 78 82 5 0 17 0.00 M M 8.1 14 160 M M 5 17 170
20 86 78 82 5 0 17 1.14 M M 4.3 9 220 M M 7 8 12 230
21 88 77 83 6 0 18 0.00 M M 6.9 16 130 M M 6 21 300
22 88 72 80 3 0 15 0.00 M M 6.6 16 130 M M 4 22 130
23 86 72 79 2 0 14 0.00 M M 8.0 20 140 M M 1 23 140
24 87 70 79 1 0 14 0.00 M M 8.0 21 130 M M 3 24 140
25 88 69 79 1 0 14 0.00 M M 6.3 15 140 M M 2 21 110
26 87 69 78 0 0 13 0.00 M M 7.1 21 130 M M 3 25 140
27 87 68 78 0 0 13 0.00 M M 6.9 17 120 M M 6 22 130
28 85 74 80 2 0 15 0.01 M M 6.1 20 120 M M 7 25 120
29 84 71 78 0 0 13 0.09 M M 5.0 15 140 M M 7 18 18 120
30 89 67 78 0 0 13 0.00 M M 6.1 14 150 M M 1 19 50
31 89 69 79 1 0 14 0.00 M M 7.2 18 120 M M 1 24 130
================================================================================
SM 2692 2235 0 456 1.66 M 233.8 M 120
================================================================================
AV 86.8 72.1 7.5 FASTST M M 4 MAX(MPH)
MISC ----> # 21 130 29 90
================================================================================
NOTES:
# LAST OF SEVERAL OCCURRENCES
COLUMN 17 PEAK WIND IN M.P.H.
PRELIMINARY LOCAL CLIMATOLOGICAL DATA (WS FORM: F-6) , PAGE 2
STATION: KALAELOA ARPT/OAHU HI
MONTH: MAY
YEAR: 2022
LATITUDE: 21 19 N
LONGITUDE: 158 4 W
[TEMPERATURE DATA] [PRECIPITATION DATA] SYMBOLS USED IN COLUMN 16
AVERAGE MONTHLY: 79.5 TOTAL FOR MONTH: 1.66 1 = FOG OR MIST
DPTR FM NORMAL: 2.6 DPTR FM NORMAL: 0.69 2 = FOG REDUCING VISIBILITY
HIGHEST: 89 ON 31,30 GRTST 24HR 1.14 ON 20-20 TO 1/4 MILE OR LESS
LOWEST: 67 ON 30 3 = THUNDER
SNOW, ICE PELLETS, HAIL 4 = ICE PELLETS
TOTAL MONTH: M 5 = HAIL
GRTST 24HR M ON M 6 = FREEZING RAIN OR DRIZZLE
GRTST DEPTH: M ON M 7 = DUSTSTORM OR SANDSTORM:
VSBY 1/2 MILE OR LESS
8 = SMOKE OR HAZE
[NO. OF DAYS WITH] [WEATHER - DAYS WITH] 9 = BLOWING SNOW
X = TORNADO
MAX 32 OR BELOW: 0 0.01 INCH OR MORE: 7
MAX 90 OR ABOVE: 0 0.10 INCH OR MORE: 2
MIN 32 OR BELOW: 0 0.50 INCH OR MORE: 1
MIN 0 OR BELOW: 0 1.00 INCH OR MORE: 1
[HDD (BASE 65) ]
TOTAL THIS MO. 0 CLEAR (SCALE 0-3) 14
DPTR FM NORMAL 0 PTCLDY (SCALE 4-7) 17
TOTAL FM JUL 1 0 CLOUDY (SCALE 8-10) 0
DPTR FM NORMAL 0
[CDD (BASE 65) ]
TOTAL THIS MO. 456
DPTR FM NORMAL 86 [PRESSURE DATA]
TOTAL FM JAN 1 1861 HIGHEST SLP 30.21 ON 7
DPTR FM NORMAL 432 LOWEST SLP 29.96 ON 26
[REMARKS]
#FINAL-05-22#