000
CXHW50 PHFO 011250
CF6JRF
PRELIMINARY LOCAL CLIMATOLOGICAL DATA (WS FORM: F-6)
STATION: KALAELOA ARPT/OAHU HI
MONTH: OCTOBER
YEAR: 2023
LATITUDE: 21 19 N
LONGITUDE: 158 4 W
TEMPERATURE IN F: :PCPN: SNOW: WIND :SUNSHINE: SKY :PK WND
================================================================================
1 2 3 4 5 6A 6B 7 8 9 10 11 12 13 14 15 16 17 18
12Z AVG MX 2MIN
DY MAX MIN AVG DEP HDD CDD WTR SNW DPTH SPD SPD DIR MIN PSBL S-S WX SPD DR
================================================================================
1 90 74 82 2 0 17 0.00 M M 6.8 17 80 M M 2 8 29 90
2 87 69 78 -2 0 13 0.00 M M 6.4 17 140 M M 4 22 360
3 87 72 80 0 0 15 0.00 M M 6.6 15 290 M M 4 24 280
4 85 68 77 -3 0 12 0.00 M M 6.7 13 240 M M 1 17 230
5 86 72 79 -1 0 14 T M M 4.7 10 170 M M 5 15 160
6 87 70 79 -1 0 14 0.00 M M 6.3 18 130 M M 1 30 140
7 90 70 80 0 0 15 0.00 M M 5.7 14 50 M M 2 22 99
8 89 69 79 -1 0 14 0.00 M M 5.6 15 40 M M 1 24 60
9 88 72 80 0 0 15 0.01 M M 7.1 18 120 M M 4 26 110
10 88 71 80 0 0 15 0.00 M M 5.8 16 130 M M 1 26 100
11 88 68 78 -2 0 13 0.00 M M 5.5 14 40 M M 0 24 70
12 90 70 80 0 0 15 0.00 M M 5.8 16 140 M M 1 22 130
13 87 69 78 -2 0 13 0.00 M M 5.7 13 240 M M 4 17 220
14 86 66 76 -4 0 11 0.00 M M 5.4 12 220 M M 2 19 220
15 87 74 81 1 0 16 T M M 6.7 15 150 M M 4 18 330
16 87 71 79 -1 0 14 0.00 M M 6.8 21 150 M M 2 29 110
17 86 69 78 -2 0 13 T M M 4.8 13 170 M M 2 17 160
18 88 68 78 -2 0 13 0.00 M M 6.7 20 320 M M 2 27 320
19 88 64 76 -3 0 11 0.00 M M 4.5 16 280 M M 4 23 280
20 87 69 78 -1 0 13 T M M 5.2 14 130 M M 4 20 80
21 86 68 77 -2 0 12 0.00 M M 5.5 14 220 M M 1 20 240
22 86 69 78 -1 0 13 0.00 M M 7.3 14 190 M M 2 18 190
23 87 76 82 3 0 17 T M M 12.2 22 270 M M 4 1 26 280
24 87 71 79 0 0 14 0.12 M M 7.8 18 300 M M 3 1 26 230
25 86 71 79 0 0 14 0.00 M M 6.3 14 230 M M 2 23 260
26 86 67 77 -2 0 12 0.00 M M 5.6 10 280 M M 0 15 280
27 86 66 76 -3 0 11 0.00 M M 5.8 12 210 M M 0 15 140
28 86 70 78 0 0 13 0.00 M M 6.0 12 170 M M 1 17 240
29 88 66 77 -1 0 12 0.00 M M 5.6 15 300 M M 1 21 270
30 88 68 78 0 0 13 0.00 M M 5.0 12 240 M M 1 16 220
31 86 68 77 -1 0 12 0.00 M M 6.0 14 280 M M 2 21 300
================================================================================
SM 2703 2155 0 419 0.13 M 191.9 M 67
================================================================================
AV 87.2 69.5 6.2 FASTST M M 2 MAX(MPH)
MISC ----> 22 270 30 140
================================================================================
NOTES:
# LAST OF SEVERAL OCCURRENCES
COLUMN 17 PEAK WIND IN M.P.H.
PRELIMINARY LOCAL CLIMATOLOGICAL DATA (WS FORM: F-6) , PAGE 2
STATION: KALAELOA ARPT/OAHU HI
MONTH: OCTOBER
YEAR: 2023
LATITUDE: 21 19 N
LONGITUDE: 158 4 W
[TEMPERATURE DATA] [PRECIPITATION DATA] SYMBOLS USED IN COLUMN 16
AVERAGE MONTHLY: 78.4 TOTAL FOR MONTH: 0.13 1 = FOG OR MIST
DPTR FM NORMAL: -1.1 DPTR FM NORMAL: -1.17 2 = FOG REDUCING VISIBILITY
HIGHEST: 90 ON 12, 7 GRTST 24HR 0.12 ON 23-24 TO 1/4 MILE OR LESS
LOWEST: 64 ON 19 3 = THUNDER
SNOW, ICE PELLETS, HAIL 4 = ICE PELLETS
TOTAL MONTH: M 5 = HAIL
GRTST 24HR M ON M 6 = FREEZING RAIN OR DRIZZLE
GRTST DEPTH: M ON M 7 = DUSTSTORM OR SANDSTORM:
VSBY 1/2 MILE OR LESS
8 = SMOKE OR HAZE
[NO. OF DAYS WITH] [WEATHER - DAYS WITH] 9 = BLOWING SNOW
X = TORNADO
MAX 32 OR BELOW: 0 0.01 INCH OR MORE: 2
MAX 90 OR ABOVE: 3 0.10 INCH OR MORE: 1
MIN 32 OR BELOW: 0 0.50 INCH OR MORE: 0
MIN 0 OR BELOW: 0 1.00 INCH OR MORE: 0
[HDD (BASE 65) ]
TOTAL THIS MO. 0 CLEAR (SCALE 0-3) 22
DPTR FM NORMAL 0 PTCLDY (SCALE 4-7) 9
TOTAL FM JUL 1 0 CLOUDY (SCALE 8-10) 0
DPTR FM NORMAL 0
[CDD (BASE 65) ]
TOTAL THIS MO. 419
DPTR FM NORMAL -31 [PRESSURE DATA]
TOTAL FM JAN 1 3951 HIGHEST SLP 30.12 ON 29
DPTR FM NORMAL 201 LOWEST SLP 29.90 ON 31
[REMARKS]
#FINAL-10-23#