000
CXUS52 TJSJ 010443
CF6JSJ
PRELIMINARY LOCAL CLIMATOLOGICAL DATA (WS FORM: F-6)
STATION: SAN JUAN AREA/PR
MONTH: MARCH
YEAR: 2022
LATITUDE: 18 25 N
LONGITUDE: 66 0 W
TEMPERATURE IN F: :PCPN: SNOW: WIND :SUNSHINE: SKY :PK WND
================================================================================
1 2 3 4 5 6A 6B 7 8 9 10 11 12 13 14 15 16 17 18
12Z AVG MX 2MIN
DY MAX MIN AVG DEP HDD CDD WTR SNW DPTH SPD SPD DIR MIN PSBL S-S WX SPD DR
================================================================================
1 85 72 79 1 0 14 T M M 7.0 20 80 M M 3 23 70
2 85 73 79 1 0 14 T M M 9.2 22 60 M M 3 29 70
3 83 73 78 0 0 13 0.00 M M 8.7 20 60 M M 4 25 50
4 85 74 80 2 0 15 0.39 M M 9.6 22 70 M M 4 1 26 50
5 83 73 78 0 0 13 0.40 M M 11.9 24 80 M M 6 18 30 60
6 82 72 77 -1 0 12 0.37 M M 14.9 30 80 M M 5 18 39 70
7 83 72 78 0 0 13 0.11 M M 14.1 21 80 M M 5 36 80
8 83 72 78 0 0 13 0.14 M M 11.6 24 100 M M 5 1 29 70
9 83 72 78 0 0 13 0.29 M M 13.8 26 80 M M 5 1 31 70
10 83 73 78 0 0 13 0.18 M M 10.1 25 90 M M 4 1 31 100
11 84 71 78 0 0 13 0.01 M M 10.4 23 60 M M 3 1 28 70
12 84 73 79 1 0 14 0.20 M M 9.6 26 80 M M 5 1 35 80
13 85 70 78 0 0 13 T M M 10.0 23 60 M M 3 27 70
14 84 73 79 1 0 14 0.03 M M 17.4 26 70 M M 5 1 32 80
15 84 73 79 1 0 14 0.11 M M 16.1 23 70 M M 4 1 28 80
16 84 72 78 0 0 13 0.20 M M 12.8 26 90 M M 5 1 33 80
17 85 73 79 1 0 14 0.09 M M 13.6 24 80 M M 5 18 31 80
18 84 73 79 0 0 14 0.10 M M 13.8 29 90 M M 4 34 80
19 84 71 78 -1 0 13 0.03 M M 12.3 24 80 M M 5 28 90
20 84 73 79 0 0 14 0.07 M M 13.7 23 80 M M 5 1 28 60
21 82 71 77 -2 0 12 0.01 M M 8.9 23 50 M M 5 26 50
22 82 72 77 -2 0 12 0.06 M M 9.3 25 80 M M 5 8 32 80
23 84 72 78 -1 0 13 T M M 11.2 25 70 M M 4 30 70
24 80 72 76 -3 0 11 0.30 M M 9.2 24 90 M M 7 1 33 80
25 83 72 78 -1 0 13 0.08 M M 8.5 21 60 M M 4 24 70
26 84 72 78 -1 0 13 0.02 M M 5.8 20 90 M M 4 22 90
27 84 71 78 -1 0 13 0.01 M M 6.5 18 60 M M 3 23 60
28 83 72 78 -1 0 13 T M M 6.2 20 60 M M 3 23 70
29 84 73 79 0 0 14 0.02 M M 8.6 23 60 M M 4 28 80
30 84 73 79 0 0 14 0.05 M M 10.6 21 80 M M 4 1 25 70
31 84 71 78 -1 0 13 0.17 0.0 0 14.8 25 80 M M 4 31 80
================================================================================
SM 2591 2239 0 410 3.44 0.0 340.2 M 135
================================================================================
AV 83.6 72.2 11.0 FASTST M M 4 MAX(MPH)
MISC ----> 30 80 39 70
================================================================================
NOTES:
# LAST OF SEVERAL OCCURRENCES
COLUMN 17 PEAK WIND IN M.P.H.
PRELIMINARY LOCAL CLIMATOLOGICAL DATA (WS FORM: F-6) , PAGE 2
STATION: SAN JUAN AREA/PR
MONTH: MARCH
YEAR: 2022
LATITUDE: 18 25 N
LONGITUDE: 66 0 W
[TEMPERATURE DATA] [PRECIPITATION DATA] SYMBOLS USED IN COLUMN 16
AVERAGE MONTHLY: 77.9 TOTAL FOR MONTH: 3.44 1 = FOG OR MIST
DPTR FM NORMAL: -0.7 DPTR FM NORMAL: 1.26 2 = FOG REDUCING VISIBILITY
HIGHEST: 85 ON 17, 2 GRTST 24HR 0.77 ON 4- 5 TO 1/4 MILE OR LESS
LOWEST: 70 ON 13 3 = THUNDER
SNOW, ICE PELLETS, HAIL 4 = ICE PELLETS
TOTAL MONTH: 0.0 INCH 5 = HAIL
GRTST 24HR 0.0 6 = FREEZING RAIN OR DRIZZLE
GRTST DEPTH: 0 7 = DUSTSTORM OR SANDSTORM:
VSBY 1/2 MILE OR LESS
8 = SMOKE OR HAZE
[NO. OF DAYS WITH] [WEATHER - DAYS WITH] 9 = BLOWING SNOW
X = TORNADO
MAX 32 OR BELOW: 0 0.01 INCH OR MORE: 25
MAX 90 OR ABOVE: 0 0.10 INCH OR MORE: 13
MIN 32 OR BELOW: 0 0.50 INCH OR MORE: 0
MIN 0 OR BELOW: 0 1.00 INCH OR MORE: 0
[HDD (BASE 65) ]
TOTAL THIS MO. 0 CLEAR (SCALE 0-3) 5
DPTR FM NORMAL 0 PTCLDY (SCALE 4-7) 26
TOTAL FM JUL 1 0 CLOUDY (SCALE 8-10) 0
DPTR FM NORMAL 0
[CDD (BASE 65) ]
TOTAL THIS MO. 410
DPTR FM NORMAL -10 [PRESSURE DATA]
TOTAL FM JAN 1 1150 HIGHEST SLP M ON M
DPTR FM NORMAL -17 LOWEST SLP 29.88 ON 26
[REMARKS]
#FINAL-03-22#