000
CXUS51 KCTP 011210
CF6JST
PRELIMINARY LOCAL CLIMATOLOGICAL DATA (WS FORM: F-6)
STATION: JOHNSTOWN
MONTH: SEPTEMBER
YEAR: 2021
LATITUDE: 40 18 N
LONGITUDE: 78 50 W
TEMPERATURE IN F: :PCPN: SNOW: WIND :SUNSHINE: SKY :PK WND
================================================================================
1 2 3 4 5 6A 6B 7 8 9 10 11 12 13 14 15 16 17 18
12Z AVG MX 2MIN
DY MAX MIN AVG DEP HDD CDD WTR SNW DPTH SPD SPD DIR MIN PSBL S-S WX SPD DR
================================================================================
1 64 54 59 -7 6 0 3.29 M M 10.4 20 50 M M 10 1 29 50
2 70 50 60 -6 5 0 0.00 M M 9.7 18 310 M M 0 24 300
3 68 47 58 -8 7 0 0.00 M M 4.4 13 320 M M 0 15 330
4 75 54 65 0 0 0 0.00 M M 2.6 13 260 M M 1 16 220
5 68 61 65 0 0 0 0.45 M M 8.3 14 250 M M 8 12 20 240
6 73 57 65 0 0 0 0.00 M M 9.6 23 280 M M 1 1 33 310
7 76 56 66 2 0 1 0.00 M M 6.6 16 230 M M 1 23 270
8 74 60 67 3 0 2 0.99 M M 8.8 18 240 M M M 24 230
9 70 54 62 -2 3 0 T M M 7.3 17 330 M M M 23 320
10 67 53 60 -4 5 0 0.00 M M 9.6 20 290 M M 0 25 300
11 71 51 61 -2 4 0 0.00 M M 8.8 15 230 M M 0 22 170
12 77 62 70 7 0 5 0.00 M M 15.9 25 260 M M 0 35 260
13 75 67 71 8 0 6 0.00 M M 10.9 23 260 M M 6 33 250
14 79 64 72 10 0 7 0.00 M M 7.0 13 170 M M 2 1 17 200
15 77 63 70 8 0 5 0.02 M M 8.1 18 260 M M 5 1 24 280
16 70 61 66 4 0 1 T M M 3.7 9 40 M M 10 12 12 110
17 77 64 71 10 0 6 0.00 M M 5.3 12 160 M M 7 14 170
18 81 62 72 11 0 7 0.00 M M 6.4 13 290 M M 2 12 16 300
19 78 60 69 8 0 4 0.00 M M 3.5 9 40 M M 3 12 12 150
20 74 59 67 7 0 2 0.00 M M 9.2 16 160 M M 3 25 180
21 69 59 64 4 1 0 0.39 M M 10.0 22 160 M M 7 1 29 160
22 71 57 64 4 1 0 1.46 M M 12.3 24 220 M M 10 1 36 150
23 57 49 53 -6 12 0 0.08 M M 10.3 23 250 M M 8 1 29 260
24 65 48 57 -2 8 0 0.00 M M 9.2 18 270 M M 1 25 270
25 65 47 56 -2 9 0 0.01 M M 7.5 21 290 M M 2 28 240
26 66 47 57 -1 8 0 0.00 M M 10.1 21 290 M M 1 30 270
27 75 55 65 7 0 0 0.00 M M 13.3 23 230 M M 0 32 230
28 68 52 60 3 5 0 1.27 M M 10.9 31 240 M M 5 138 45 240
29 65 48 57 0 8 0 0.00 M M 5.0 14 310 M M 1 17 320
30 62 44 53 -4 12 0 0.00 M M 6.4 14 320 M M 2 18 320
================================================================================
SM 2127 1665 94 46 7.96 M 251.1 M 96
================================================================================
AV 70.9 55.5 8.4 FASTST M M 3 MAX(MPH)
MISC ----> 31 240 45 240
================================================================================
NOTES:
# LAST OF SEVERAL OCCURRENCES
COLUMN 17 PEAK WIND IN M.P.H.
PRELIMINARY LOCAL CLIMATOLOGICAL DATA (WS FORM: F-6) , PAGE 2
STATION: JOHNSTOWN
MONTH: SEPTEMBER
YEAR: 2021
LATITUDE: 40 18 N
LONGITUDE: 78 50 W
[TEMPERATURE DATA] [PRECIPITATION DATA] SYMBOLS USED IN COLUMN 16
AVERAGE MONTHLY: 63.2 TOTAL FOR MONTH: 7.96 1 = FOG OR MIST
DPTR FM NORMAL: 1.6 DPTR FM NORMAL: 3.97 2 = FOG REDUCING VISIBILITY
HIGHEST: 81 ON 18 GRTST 24HR 4.76 ON 31- 1 TO 1/4 MILE OR LESS
LOWEST: 44 ON 30 3 = THUNDER
SNOW, ICE PELLETS, HAIL 4 = ICE PELLETS
TOTAL MONTH: M 5 = HAIL
GRTST 24HR M ON M 6 = FREEZING RAIN OR DRIZZLE
GRTST DEPTH: M ON M 7 = DUSTSTORM OR SANDSTORM:
VSBY 1/2 MILE OR LESS
8 = SMOKE OR HAZE
[NO. OF DAYS WITH] [WEATHER - DAYS WITH] 9 = BLOWING SNOW
X = TORNADO
MAX 32 OR BELOW: 0 0.01 INCH OR MORE: 9
MAX 90 OR ABOVE: 0 0.10 INCH OR MORE: 6
MIN 32 OR BELOW: 0 0.50 INCH OR MORE: 4
MIN 0 OR BELOW: 0 1.00 INCH OR MORE: 3
[HDD (BASE 65) ]
TOTAL THIS MO. 94 CLEAR (SCALE 0-3) 17
DPTR FM NORMAL -53 PTCLDY (SCALE 4-7) 6
TOTAL FM JUL 1 105 CLOUDY (SCALE 8-10) 7
DPTR FM NORMAL -77
[CDD (BASE 65) ]
TOTAL THIS MO. 46
DPTR FM NORMAL 1 [PRESSURE DATA]
TOTAL FM JAN 1 629 HIGHEST SLP 30.28 ON 21
DPTR FM NORMAL 156 LOWEST SLP 29.69 ON 1
[REMARKS]
#FINAL-09-21#
SENT TO CORRECT ACIS DATABASE FOR PRECIP ON THE 3RD AND 8TH