000
CXUS54 KFWD 010731
CF6JWY
PRELIMINARY LOCAL CLIMATOLOGICAL DATA (WS FORM: F-6)
STATION: WAXAHACHIE
MONTH: MARCH
YEAR: 2023
LATITUDE: 32 27 N
LONGITUDE: 96 54 W
TEMPERATURE IN F: :PCPN: SNOW: WIND :SUNSHINE: SKY :PK WND
================================================================================
1 2 3 4 5 6A 6B 7 8 9 10 11 12 13 14 15 16 17 18
12Z AVG MX 2MIN
DY MAX MIN AVG DEP HDD CDD WTR SNW DPTH SPD SPD DIR MIN PSBL S-S WX SPD DR
================================================================================
1 75 60 68 17 0 3 M M M 5.1 15 180 M M 6 1 23 270
2 82 54 68 17 0 3 0.64 M M 10.7 29 340 M M 5 1 37 340
3 64 46 55 3 10 0 0.27 M M 8.3 18 290 M M 2 30 290
4 75 43 59 7 6 0 0.00 M M 4.9 14 180 M M 0 18 210
5 75 51 63 11 2 0 0.00 M M 8.2 18 190 M M 0 1 25 160
6 79 54 67 15 0 2 0.00 M M 7.4 16 190 M M 0 21 190
7 74 58 66 13 0 1 0.00 M M 2.4 7 150 M M 6 1 M M
8 67 54 61 8 4 0 0.00 M M 7.0 12 350 M M 10 1 18 330
9 73 54 64 11 1 0 0.22 M M 5.7 16 350 M M 10 1 25 310
10 65 47 56 2 9 0 0.00 M M 6.1 14 360 M M 5 20 20
11 86 55 71 17 0 6 0.00 M M 10.9 21 210 M M 6 1 29 210
12 71 51 61 7 4 0 M M M 11.8 17 360 M M 4 24 360
13 60 42 51 -3 14 0 0.00 M M 8.6 14 50 M M 2 20 40
14 60 40 50 -5 15 0 M M M 4.0 10 90 M M 5 17 90
15 M 44 M M M M 0.00 M M 4.7 13 160 M M 3 17 160
16 75 43 59 4 6 0 0.55 M M 18.4 29 330 M M 8 1 41 330
17 54 39 47 -9 18 0 0.00 M M 13.8 24 360 M M 2 29 360
18 55 38 47 -9 18 0 0.00 M M 6.6 17 350 M M 1 24 340
19 54 32 43 -13 22 0 0.00 M M 2.1 7 40 M M 0 M M
20 54 35 45 -11 20 0 0.00 M M 9.5 22 170 M M 6 26 170
21 67 49 58 1 7 0 0.02 M M 10.2 15 170 M M 10 1 24 170
22 81 66 74 17 0 9 0.00 M M 13.3 22 190 M M 7 28 190
23 82 66 74 17 0 9 0.00 M M 13.4 23 180 M M 9 1 33 180
24 73 60 67 9 0 2 0.16 M M 10.2 18 190 M M 8 26 190
25 76 49 63 5 2 0 0.00 M M 7.1 16 310 M M 0 23 270
26 80 45 63 5 2 0 0.00 M M 4.4 15 360 M M 0 18 360
27 70 48 59 1 6 0 0.19 M M 5.0 10 40 M M 5 M M
28 63 46 55 -4 10 0 0.00 M M 10.2 18 360 M M 1 26 360
29 62 47 55 -4 10 0 0.07 M M 3.5 7 150 M M 9 M M
30 72 57 65 6 0 0 0.00 M M 8.2 16 170 M M 10 1 29 160
31 87 57 72 12 0 7 0.00 M M 15.2 26 180 M M 4 38 180
================================================================================
SM 2111 1530 186 42 2.12 M 256.8 M 144
================================================================================
AV 70.4 49.4 8.3 FASTST M M 5 MAX(MPH)
MISC ----> # 29 340 41 330
================================================================================
NOTES:
# LAST OF SEVERAL OCCURRENCES
COLUMN 17 PEAK WIND IN M.P.H.
PRELIMINARY LOCAL CLIMATOLOGICAL DATA (WS FORM: F-6) , PAGE 2
STATION: WAXAHACHIE
MONTH: MARCH
YEAR: 2023
LATITUDE: 32 27 N
LONGITUDE: 96 54 W
[TEMPERATURE DATA] [PRECIPITATION DATA] SYMBOLS USED IN COLUMN 16
AVERAGE MONTHLY: 59.9 TOTAL FOR MONTH: 2.12 1 = FOG OR MIST
DPTR FM NORMAL: 4.7 DPTR FM NORMAL: -1.72 2 = FOG REDUCING VISIBILITY
HIGHEST: 87 ON 31 GRTST 24HR 0.64 ON 2- 2 TO 1/4 MILE OR LESS
LOWEST: 32 ON 19 3 = THUNDER
SNOW, ICE PELLETS, HAIL 4 = ICE PELLETS
TOTAL MONTH: M 5 = HAIL
GRTST 24HR M ON M 6 = FREEZING RAIN OR DRIZZLE
GRTST DEPTH: M ON M 7 = DUSTSTORM OR SANDSTORM:
VSBY 1/2 MILE OR LESS
8 = SMOKE OR HAZE
[NO. OF DAYS WITH] [WEATHER - DAYS WITH] 9 = BLOWING SNOW
X = TORNADO
MAX 32 OR BELOW: 0 0.01 INCH OR MORE: 8
MAX 90 OR ABOVE: 0 0.10 INCH OR MORE: 6
MIN 32 OR BELOW: 1 0.50 INCH OR MORE: 2
MIN 0 OR BELOW: 0 1.00 INCH OR MORE: 0
[HDD (BASE 65) ]
TOTAL THIS MO. 186 CLEAR (SCALE 0-3) 11
DPTR FM NORMAL -131 PTCLDY (SCALE 4-7) 13
TOTAL FM JUL 1 1897 CLOUDY (SCALE 8-10) 7
DPTR FM NORMAL -521
[CDD (BASE 65) ]
TOTAL THIS MO. 42
DPTR FM NORMAL 28 [PRESSURE DATA]
TOTAL FM JAN 1 73 HIGHEST SLP M ON M
DPTR FM NORMAL 56 LOWEST SLP M ON M
[REMARKS]
#FINAL-03-23#