000
CXUS53 KGID 011353
CF6JYR
PRELIMINARY LOCAL CLIMATOLOGICAL DATA (WS FORM: F-6)
STATION: YORK NE
MONTH: JANUARY
YEAR: 2024
LATITUDE: 40 54 N
LONGITUDE: 97 37 W
TEMPERATURE IN F: :PCPN: SNOW: WIND :SUNSHINE: SKY :PK WND
================================================================================
1 2 3 4 5 6A 6B 7 8 9 10 11 12 13 14 15 16 17 18
12Z AVG MX 2MIN
DY MAX MIN AVG DEP HDD CDD WTR SNW DPTH SPD SPD DIR MIN PSBL S-S WX SPD DR
================================================================================
1 28 10 19 M 46 0 0.00 M M 8.2 15 190 M M 4 1 20 200
2 37 19 28 M 37 0 0.00 M M 6.2 9 340 M M 0 13 340
3 36 19 28 M 37 0 0.00 M M 7.6 15 20 M M 4 12 M M
4 30 25 28 M 37 0 0.00 M M 6.9 8 160 M M 10 12 M M
5 30 28 29 M 36 0 0.00 M M 2.3 7 160 M M 10 1 M M
6 34 25 30 M 35 0 M M M 9.4 18 310 M M 10 1 25 320
7 30 16 23 M 42 0 M M M 10.9 18 120 M M 4 24 120
8 34 19 27 M 38 0 M M M 0.8 18 130 M M 9 12 27 130
9 23 7 15 M 50 0 M M M 0.0 M M M M 4 1 M M
10 34 14 24 M 41 0 T M M 0.0 M M M M 1 1 M M
11 21 3 12 M 53 0 M M M 0.0 M M M M 4 12 M M
12 3 -8 -2 M 67 0 M M M M M M M M 9 128 M M
13 -2 -15 -8 M 73 0 M M M M M M M M 8 8 M M
14 -8 -18 -13 M 78 0 0.00 M M M M M M M 4 M M
15 -2 -13 -7 M 72 0 M M M M M M M M 5 8 M M
16 9 -11 -1 M 66 0 0.00 M M 0.0 M M M M 2 M M
17 21 5 13 M 52 0 0.00 M M 0.0 M M M M 3 M M
18 18 0 9 M 56 0 M M M 9.8 30 10 M M 6 128 31 360
19 5 11 8 M 57 0 0.00 M M 13.0 21 310 M M 3 25 310
20 3 -15 -6 M 71 0 0.00 M M 0.0 M M M M 2 M M
21 28 1 15 M 50 0 0.00 M M 14.8 25 190 M M 2 29 190
22 32 23 28 M 37 0 0.00 M M 10.0 17 190 M M 8 1 21 190
23 32 30 31 M 34 0 0.00 M M 0.0 M M M M 9 1 M M
24 34 32 33 M 32 0 0.00 M M 0.0 M M M M 9 12 M M
25 32 30 31 M 34 0 0.00 M M 0.5 5 300 M M 10 12 M M
26 30 27 29 M 36 0 0.00 M M 2.5 12 10 M M 9 12 16 20
27 37 21 29 M 36 0 0.00 M M 0.0 M M M M 3 12 M M
28 41 18 30 M 35 0 0.00 M M 0.0 M M M M 0 M M
29 43 27 35 M 30 0 0.00 M M 0.0 M M M M 1 M M
30 46 28 37 M 28 0 0.00 M M 0.0 M M M M 0 M M
31 54 32 43 M 22 0 0.00 M M 0.0 M M M M 0 1 M M
================================================================================
SM 793 390 1418 0 M M 102.9 M 153
================================================================================
AV 25.6 12.6 3.8 FASTST M M 5 MAX(MPH)
MISC ----> M M M M
================================================================================
NOTES:
# LAST OF SEVERAL OCCURRENCES
COLUMN 17 PEAK WIND IN M.P.H.
PRELIMINARY LOCAL CLIMATOLOGICAL DATA (WS FORM: F-6) , PAGE 2
STATION: YORK NE
MONTH: JANUARY
YEAR: 2024
LATITUDE: 40 54 N
LONGITUDE: 97 37 W
[TEMPERATURE DATA] [PRECIPITATION DATA] SYMBOLS USED IN COLUMN 16
AVERAGE MONTHLY: 19.1 TOTAL FOR MONTH: M 1 = FOG OR MIST
DPTR FM NORMAL: M DPTR FM NORMAL: M 2 = FOG REDUCING VISIBILITY
HIGHEST: 54 ON 31 GRTST 24HR M ON M TO 1/4 MILE OR LESS
LOWEST: -18 ON 14 3 = THUNDER
SNOW, ICE PELLETS, HAIL 4 = ICE PELLETS
TOTAL MONTH: M 5 = HAIL
GRTST 24HR M ON M 6 = FREEZING RAIN OR DRIZZLE
GRTST DEPTH: M ON M 7 = DUSTSTORM OR SANDSTORM:
VSBY 1/2 MILE OR LESS
8 = SMOKE OR HAZE
[NO. OF DAYS WITH] [WEATHER - DAYS WITH] 9 = BLOWING SNOW
X = TORNADO
MAX 32 OR BELOW: 20 0.01 INCH OR MORE: M
MAX 90 OR ABOVE: 0 0.10 INCH OR MORE: M
MIN 32 OR BELOW: 31 0.50 INCH OR MORE: M
MIN 0 OR BELOW: 7 1.00 INCH OR MORE: M
[HDD (BASE 65) ]
TOTAL THIS MO. 1418 CLEAR (SCALE 0-3) 11
DPTR FM NORMAL M PTCLDY (SCALE 4-7) 11
TOTAL FM JUL 1 3551 CLOUDY (SCALE 8-10) 9
DPTR FM NORMAL M
[CDD (BASE 65) ]
TOTAL THIS MO. 0
DPTR FM NORMAL M [PRESSURE DATA]
TOTAL FM JAN 1 0 HIGHEST SLP M ON M
DPTR FM NORMAL M LOWEST SLP M ON M
[REMARKS]
#FINAL-01-24#