000
CXHW53 PHFO 011250
CF6KOA
PRELIMINARY LOCAL CLIMATOLOGICAL DATA (WS FORM: F-6)
STATION: KONA HI
MONTH: MARCH
YEAR: 2022
LATITUDE: 19 38 N
LONGITUDE: 156 0 W
TEMPERATURE IN F: :PCPN: SNOW: WIND :SUNSHINE: SKY :PK WND
================================================================================
1 2 3 4 5 6A 6B 7 8 9 10 11 12 13 14 15 16 17 18
12Z AVG MX 2MIN
DY MAX MIN AVG DEP HDD CDD WTR SNW DPTH SPD SPD DIR MIN PSBL S-S WX SPD DR
================================================================================
1 84 70 77 2 0 12 0.00 M M 7.1 14 340 M M 1 19 310
2 84 72 78 3 0 13 0.00 M M 7.8 15 330 M M 3 16 340
3 84 73 79 4 0 14 0.00 M M 8.5 17 320 M M 3 20 320
4 84 71 78 3 0 13 0.00 M M 7.1 16 340 M M 2 20 330
5 84 69 77 2 0 12 0.00 M M 6.2 13 230 M M 1 15 220
6 84 70 77 2 0 12 0.00 M M 6.8 13 300 M M 1 16 300
7 84 72 78 2 0 13 0.00 M M 8.2 14 270 M M 2 17 280
8 84 71 78 2 0 13 0.00 M M 8.2 16 180 M M 3 20 180
9 84 73 79 3 0 14 0.00 M M 6.6 15 210 M M 1 19 190
10 85 74 80 4 0 15 0.00 M M 8.5 15 150 M M 2 18 280
11 84 72 78 2 0 13 0.00 M M 7.0 13 240 M M 3 17 200
12 82 72 77 1 0 12 0.00 M M 7.3 12 250 M M 6 15 200
13 84 72 78 2 0 13 0.22 M M 6.8 14 230 M M 5 17 230
14 84 71 78 2 0 13 0.00 M M 8.2 17 170 M M 6 21 170
15 84 71 78 2 0 13 0.00 M M 7.1 14 190 M M 3 18 200
16 85 74 80 4 0 15 T M M 8.7 15 230 M M 3 20 180
17 83 71 77 1 0 12 0.00 M M 6.9 16 350 M M 4 20 350
18 86 72 79 3 0 14 T M M 8.5 18 180 M M 5 22 190
19 84 72 78 2 0 13 0.00 M M 7.3 13 140 M M 6 14 260
20 85 73 79 3 0 14 0.00 M M 10.1 22 300 M M 5 26 300
21 84 74 79 3 0 14 0.00 M M 9.1 15 240 M M 5 17 240
22 85 72 79 3 0 14 0.00 M M 9.9 22 30 M M 3 8 28 40
23 83 72 78 2 0 13 T M M 6.9 22 50 M M 5 25 50
24 84 73 79 3 0 14 T M M 7.2 29 40 M M 4 35 40
25 85 71 78 2 0 13 0.00 M M 10.2 21 70 M M 3 26 70
26 83 69 76 0 0 11 0.00 M M 6.9 15 50 M M 3 20 170
27 84 69 77 1 0 12 0.00 M M 8.6 17 220 M M 3 22 220
28 83 70 77 0 0 12 0.00 M M 8.7 16 310 M M 4 20 330
29 83 71 77 0 0 12 0.00 M M 8.1 17 240 M M 4 20 250
30 84 73 79 2 0 14 T M M 8.0 14 160 M M 4 18 190
31 84 72 78 1 0 13 T M M 9.7 16 120 M M 4 21 200
================================================================================
SM 2604 2221 0 405 0.22 M 246.2 M 107
================================================================================
AV 84.0 71.6 7.9 FASTST M M 3 MAX(MPH)
MISC ----> 29 40 35 40
================================================================================
NOTES:
# LAST OF SEVERAL OCCURRENCES
COLUMN 17 PEAK WIND IN M.P.H.
PRELIMINARY LOCAL CLIMATOLOGICAL DATA (WS FORM: F-6) , PAGE 2
STATION: KONA HI
MONTH: MARCH
YEAR: 2022
LATITUDE: 19 38 N
LONGITUDE: 156 0 W
[TEMPERATURE DATA] [PRECIPITATION DATA] SYMBOLS USED IN COLUMN 16
AVERAGE MONTHLY: 77.8 TOTAL FOR MONTH: 0.22 1 = FOG OR MIST
DPTR FM NORMAL: 1.9 DPTR FM NORMAL: -0.75 2 = FOG REDUCING VISIBILITY
HIGHEST: 86 ON 18 GRTST 24HR 0.22 ON 13-13 TO 1/4 MILE OR LESS
LOWEST: 69 ON 27,26 3 = THUNDER
SNOW, ICE PELLETS, HAIL 4 = ICE PELLETS
TOTAL MONTH: M 5 = HAIL
GRTST 24HR M ON M 6 = FREEZING RAIN OR DRIZZLE
GRTST DEPTH: M ON M 7 = DUSTSTORM OR SANDSTORM:
VSBY 1/2 MILE OR LESS
8 = SMOKE OR HAZE
[NO. OF DAYS WITH] [WEATHER - DAYS WITH] 9 = BLOWING SNOW
X = TORNADO
MAX 32 OR BELOW: 0 0.01 INCH OR MORE: 1
MAX 90 OR ABOVE: 0 0.10 INCH OR MORE: 1
MIN 32 OR BELOW: 0 0.50 INCH OR MORE: 0
MIN 0 OR BELOW: 0 1.00 INCH OR MORE: 0
[HDD (BASE 65) ]
TOTAL THIS MO. 0 CLEAR (SCALE 0-3) 13
DPTR FM NORMAL 0 PTCLDY (SCALE 4-7) 18
TOTAL FM JUL 1 0 CLOUDY (SCALE 8-10) 0
DPTR FM NORMAL 0
[CDD (BASE 65) ]
TOTAL THIS MO. 405
DPTR FM NORMAL 65 [PRESSURE DATA]
TOTAL FM JAN 1 1108 HIGHEST SLP 30.16 ON 11
DPTR FM NORMAL 179 LOWEST SLP 29.88 ON 3
[REMARKS]
#FINAL-03-22#