000
CXUS53 KGRR 011433
CLMLAN
CLIMATE REPORT
NATIONAL WEATHER SERVICE GRAND RAPIDS, MICHIGAN
1033 AM EDT SAT JUL 01 2023
...................................
...THE LANSING CLIMATE SUMMARY FOR THE MONTH OF JUNE 2023...
CLIMATE NORMAL PERIOD: 1991 TO 2020
CLIMATE RECORD PERIOD: 1864 TO 2023
WEATHER OBSERVED NORMAL DEPART LAST YEAR`S
VALUE DATE(S) VALUE FROM VALUE DATE(S)
NORMAL
................................................................
TEMPERATURE (F)
RECORD
HIGH 99 06/25/1988
06/25/1895
06/25/1870
LOW 27 06/05/1869
HIGHEST 92 06/30 91 1 98 06/21
LOWEST 44 06/07 39 5 48 06/04
AVG. MAXIMUM 81.3 78.9 2.4 82.8
AVG. MINIMUM 56.3 57.1 -0.8 59.2
MEAN 68.8 68.0 0.8 71.0
DAYS MAX >= 90 6 2.1 3.9 7
DAYS MAX <= 32 0 0.0 0.0 0
DAYS MIN <= 32 0 0.0 0.0 0
DAYS MIN <= 0 0 0.0 0.0 0
PRECIPITATION (INCHES)
RECORD
MAXIMUM 11.35 1883
MINIMUM 0.20 1988
TOTALS 0.89 3.76 -2.87 1.56
DAILY AVG. 0.03 0.13 -0.10 0.05
DAYS >= .01 5 10.5 -5.5 11
DAYS >= .10 3 6.2 -3.2 5
DAYS >= .50 1 2.6 -1.6 0
DAYS >= 1.00 0 1.1 -1.1 0
GREATEST
24 HR. TOTAL 0.63 06/25 TO 06/26
SNOWFALL (INCHES)
RECORDS
TOTAL 0.0 MM
SNOW DEPTH 0 MM
TOTALS 0.0 0.0 0.0 0.0
SINCE 7/1 58.1 50.2 7.9 MM
SNOWDEPTH AVG. 0 0
DAYS >= TRACE 0 0.0 0.0 0
DAYS >= 1.0 0 0.0 0.0 0
GREATEST
SNOW DEPTH 0 0 MM
DEGREE DAYS
HEATING TOTAL 30 48 -18 10
SINCE 7/1 5752 6613 -861 MM
COOLING TOTAL 152 138 14 198
SINCE 1/1 203 184 19 MM
FREEZE DATES
RECORD
EARLIEST 08/03/1894
LATEST 07/15/1863
EARLIEST 10/27 10/27
LATEST 04/27 04/28
................................................................
WIND (MPH)
AVERAGE WIND SPEED MM
RESULTANT WIND SPEED/DIRECTION MM
HIGHEST WIND SPEED/DIRECTION MM DATE MM
HIGHEST GUST SPEED/DIRECTION MM DATE MM
SKY COVER
POSSIBLE SUNSHINE (PERCENT) MM
AVERAGE SKY COVER 0.38
NUMBER OF DAYS FAIR 15
NUMBER OF DAYS PC 9
NUMBER OF DAYS CLOUDY 6
AVERAGE RH (PERCENT) 59
WEATHER CONDITIONS. NUMBER OF DAYS WITH
THUNDERSTORM 3 MIXED PRECIP 0
HEAVY RAIN 2 RAIN 3
LIGHT RAIN 7 FREEZING RAIN 0
LT FREEZING RAIN 0 HAIL 0
HEAVY SNOW 0 SNOW 0
LIGHT SNOW 0 SLEET 0
FOG 15 FOG W/VIS <= 1/4 MILE 0
HAZE 16
- INDICATES NEGATIVE NUMBERS.
R INDICATES RECORD WAS SET OR TIED.
MM INDICATES DATA IS MISSING.
T INDICATES TRACE AMOUNT.
$$