000
CXUS55 KVEF 020111
CF6LAS
PRELIMINARY LOCAL CLIMATOLOGICAL DATA (WS FORM: F-6)
STATION: LAS VEGAS NV
MONTH: FEBRUARY
YEAR: 2022
LATITUDE: 36 4 N
LONGITUDE: 115 10 W
TEMPERATURE IN F: :PCPN: SNOW: WIND :SUNSHINE: SKY :PK WND
================================================================================
1 2 3 4 5 6A 6B 7 8 9 10 11 12 13 14 15 16 17 18
12Z AVG MX 2MIN
DY MAX MIN AVG DEP HDD CDD WTR SNW DPTH SPD SPD DIR MIN PSBL S-S WX SPD DR
================================================================================
1 59 42 51 0 14 0 0.00 0.0 0 10.0 24 20 M M 6 38 350
2 49 37 43 -8 22 0 0.00 0.0 0 16.1 31 10 M M 1 43 20
3 54 31 43 -8 22 0 0.00 0.0 0 7.1 18 70 M M 0 22 60
4 56 33 45 -7 20 0 0.00 0.0 0 6.3 17 50 M M 0 22 30
5 62 34 48 -4 17 0 0.00 0.0 0 3.9 12 30 M M 2 15 10
6 65 41 53 1 12 0 0.00 0.0 0 7.6 25 30 M M 0 33 30
7 65 41 53 1 12 0 0.00 0.0 0 5.0 13 350 M M 0 19 350
8 73 42 58 6 7 0 0.00 0.0 0 4.0 14 20 M M 1 16 20
9 75 44 60 8 5 0 0.00 0.0 0 7.2 25 30 M M 2 33 40
10 73 55 64 12 1 0 0.00 0.0 0 8.2 23 20 M M 1 27 350
11 78 49 64 11 1 0 0.00 0.0 0 4.8 15 10 M M 0 17 10
12 73 48 61 8 4 0 0.00 0.0 0 4.2 14 20 M M 1 19 10
13 72 44 58 5 7 0 0.00 0.0 0 3.4 8 80 M M 0 11 90
14 70 44 57 4 8 0 0.00 0.0 0 5.1 15 170 M M 6 23 180
15 65 51 58 5 7 0 T 0.0 0 13.4 29 20 M M 5 8 40 190
16 65 51 58 4 7 0 0.00 0.0 0 16.4 30 340 M M 3 41 340
17 61 46 54 0 11 0 0.00 0.0 0 10.2 23 340 M M 0 30 350
18 66 40 53 -1 12 0 0.00 0.0 0 4.5 12 50 M M 2 15 40
19 69 43 56 2 9 0 0.00 0.0 0 3.0 9 60 M M 0 13 20
20 73 43 58 4 7 0 0.00 0.0 0 5.8 18 230 M M 4 31 230
21 66 51 59 4 6 0 0.00 0.0 0 14.5 29 230 M M 4 78 44 220
22 58 43 51 -4 14 0 T 0.0 0 14.4 31 230 M M 4 8 47 230
23 48 39 44 -11 21 0 0.00 0.0 0 11.1 21 320 M M 6 27 230
24 51 33 42 -14 23 0 0.00 0.0 0 4.8 14 40 M M 0 17 360
25 56 34 45 -11 20 0 0.00 0.0 0 6.5 21 30 M M 0 24 20
26 56 36 46 -10 19 0 0.00 0.0 0 7.7 18 10 M M 1 24 20
27 63 35 49 -7 16 0 0.00 0.0 0 3.4 9 40 M M 5 12 20
28 75 41 58 1 7 0 0.00 0.0 0 4.1 15 50 M M 1 21 70
================================================================================
SM 1796 1171 331 0 T 0.0 212.7 M 55
================================================================================
AV 64.1 41.8 7.6 FASTST M M 2 MAX(MPH)
MISC ----> # 31 230 47 230
================================================================================
NOTES:
# LAST OF SEVERAL OCCURRENCES
COLUMN 17 PEAK WIND IN M.P.H.
PRELIMINARY LOCAL CLIMATOLOGICAL DATA (WS FORM: F-6) , PAGE 2
STATION: LAS VEGAS NV
MONTH: FEBRUARY
YEAR: 2022
LATITUDE: 36 4 N
LONGITUDE: 115 10 W
[TEMPERATURE DATA] [PRECIPITATION DATA] SYMBOLS USED IN COLUMN 16
AVERAGE MONTHLY: 53.0 TOTAL FOR MONTH: T 1 = FOG OR MIST
DPTR FM NORMAL: -0.5 DPTR FM NORMAL: -0.80 2 = FOG REDUCING VISIBILITY
HIGHEST: 78 ON 11 GRTST 24HR T ON 15-15 TO 1/4 MILE OR LESS
LOWEST: 31 ON 3 3 = THUNDER
SNOW, ICE PELLETS, HAIL 4 = ICE PELLETS
TOTAL MONTH: 0.0 INCH 5 = HAIL
GRTST 24HR 0.0 6 = FREEZING RAIN OR DRIZZLE
GRTST DEPTH: 0 7 = DUSTSTORM OR SANDSTORM:
VSBY 1/2 MILE OR LESS
8 = SMOKE OR HAZE
[NO. OF DAYS WITH] [WEATHER - DAYS WITH] 9 = BLOWING SNOW
X = TORNADO
MAX 32 OR BELOW: 0 0.01 INCH OR MORE: 0
MAX 90 OR ABOVE: 0 0.10 INCH OR MORE: 0
MIN 32 OR BELOW: 1 0.50 INCH OR MORE: 0
MIN 0 OR BELOW: 0 1.00 INCH OR MORE: 0
[HDD (BASE 65) ]
TOTAL THIS MO. 331 CLEAR (SCALE 0-3) 20
DPTR FM NORMAL 8 PTCLDY (SCALE 4-7) 8
TOTAL FM JUL 1 1414 CLOUDY (SCALE 8-10) 0
DPTR FM NORMAL -191
[CDD (BASE 65) ]
TOTAL THIS MO. 0
DPTR FM NORMAL -1 [PRESSURE DATA]
TOTAL FM JAN 1 0 HIGHEST SLP 30.60 ON 4
DPTR FM NORMAL 0 LOWEST SLP 29.53 ON 21
[REMARKS]
#FINAL-02-22#