000
CXUS52 KILM 021543
CF6LBT
PRELIMINARY LOCAL CLIMATOLOGICAL DATA (WS FORM: F-6)
STATION: LUMBERTON NORTH CAROLINA
MONTH: JANUARY
YEAR: 2022
LATITUDE: 34 35 N
LONGITUDE: 79 4 W
TEMPERATURE IN F: :PCPN: SNOW: WIND :SUNSHINE: SKY :PK WND
================================================================================
1 2 3 4 5 6A 6B 7 8 9 10 11 12 13 14 15 16 17 18
12Z AVG MX 2MIN
DY MAX MIN AVG DEP HDD CDD WTR SNW DPTH SPD SPD DIR MIN PSBL S-S WX SPD DR
================================================================================
1 81 68 75 30 0 10 0.00 M M M M M M M M M M
2 71 60 66 21 0 1 1.12 M M M M M M M M M M
3 68 34 51 6 14 0 0.62 M M M M M M M M M M
4 48 28 38 -7 27 0 0.00 M M M M M M M M M M
5 60 36 48 3 17 0 0.03 M M M M M M M M M M
6 62 36 49 4 16 0 0.01 M M M M M M M M M M
7 56 32 44 -1 21 0 0.00 M M M M M M M M M M
8 46 28 37 -8 28 0 0.00 M M M M M M M M M M
9 72 39 56 11 9 0 0.53 M M M M M M M M M M
10 56 29 43 -2 22 0 0.01 M M M M M M M M M M
11 45 26 36 -9 29 0 0.00 M M M M M M M M M M
12 56 22 39 -6 26 0 0.00 M M M M M M M M M M
13 57 28 43 -2 22 0 0.00 M M M M M M M M M M
14 57 34 46 1 19 0 0.00 M M M M M M M M M M
15 44 31 38 -7 27 0 0.00 M M M M M M M M M M
16 40 30 35 -10 30 0 1.39 M M M M M M M M M M
17 47 34 41 -4 24 0 0.00 M M M M M M M M M M
18 54 27 41 -4 24 0 0.00 M M M M M M M M M M
19 61 27 44 -1 21 0 0.00 M M M M M M M M M M
20 57 36 47 2 18 0 0.21 M M M M M M M M M M
21 36 26 31 -14 34 0 0.02 M M M M M M M M M M
22 38 19 29 -16 36 0 0.14 M M M M M M M M M M
23 49 15 32 -13 33 0 0.00 M M M M M M M M M M
24 56 29 43 -2 22 0 0.00 M M M M M M M M M M
25 58 38 48 3 17 0 0.00 M M M M M M M M M M
26 48 32 40 -5 25 0 0.00 M M M M M M M M M M
27 46 24 35 -10 30 0 0.00 M M M M M M M M M M
28 47 27 37 -8 28 0 0.00 M M M M M M M M M M
29 38 25 32 -14 33 0 0.12 M M M M M M M M M M
30 50 17 34 -12 31 0 0.00 M M M M M M M M M M
31 59 26 43 -3 22 0 0.00 M M M M M M M M M M
================================================================================
SM 1663 963 705 11 4.20 M M M M
================================================================================
AV 53.6 31.1 M FASTST M M M MAX(MPH)
MISC ----> M M M M
================================================================================
NOTES:
# LAST OF SEVERAL OCCURRENCES
COLUMN 17 PEAK WIND IN M.P.H.
PRELIMINARY LOCAL CLIMATOLOGICAL DATA (WS FORM: F-6) , PAGE 2
STATION: LUMBERTON NORTH CAROLINA
MONTH: JANUARY
YEAR: 2022
LATITUDE: 34 35 N
LONGITUDE: 79 4 W
[TEMPERATURE DATA] [PRECIPITATION DATA] SYMBOLS USED IN COLUMN 16
AVERAGE MONTHLY: 42.4 TOTAL FOR MONTH: 4.20 1 = FOG OR MIST
DPTR FM NORMAL: -2.5 DPTR FM NORMAL: 1.65 2 = FOG REDUCING VISIBILITY
HIGHEST: 81 ON 1 GRTST 24HR 2.06 ON 16-16 TO 1/4 MILE OR LESS
LOWEST: 15 ON 23 3 = THUNDER
SNOW, ICE PELLETS, HAIL 4 = ICE PELLETS
TOTAL MONTH: M 5 = HAIL
GRTST 24HR M ON M 6 = FREEZING RAIN OR DRIZZLE
GRTST DEPTH: M ON M 7 = DUSTSTORM OR SANDSTORM:
VSBY 1/2 MILE OR LESS
8 = SMOKE OR HAZE
[NO. OF DAYS WITH] [WEATHER - DAYS WITH] 9 = BLOWING SNOW
X = TORNADO
MAX 32 OR BELOW: 0 0.01 INCH OR MORE: 11
MAX 90 OR ABOVE: 0 0.10 INCH OR MORE: 7
MIN 32 OR BELOW: 21 0.50 INCH OR MORE: 4
MIN 0 OR BELOW: 0 1.00 INCH OR MORE: 2
[HDD (BASE 65) ]
TOTAL THIS MO. 705 CLEAR (SCALE 0-3) 0
DPTR FM NORMAL 82 PTCLDY (SCALE 4-7) 0
TOTAL FM JUL 1 1462 CLOUDY (SCALE 8-10) 31
DPTR FM NORMAL -159
[CDD (BASE 65) ]
TOTAL THIS MO. 11
DPTR FM NORMAL 9 [PRESSURE DATA]
TOTAL FM JAN 1 11 HIGHEST SLP M ON M
DPTR FM NORMAL 9 LOWEST SLP M ON M
[REMARKS]
#FINAL-01-22#