000
CXUS54 KHGX 011626
CF6LBX
PRELIMINARY LOCAL CLIMATOLOGICAL DATA (WS FORM: F-6)
STATION: ANGLETON/LAKE_JACKS
MONTH: NOVEMBER
YEAR: 2021
LATITUDE: 29 6 N
LONGITUDE: 95 28 W
TEMPERATURE IN F: :PCPN: SNOW: WIND :SUNSHINE: SKY :PK WND
================================================================================
1 2 3 4 5 6A 6B 7 8 9 10 11 12 13 14 15 16 17 18
12Z AVG MX 2MIN
DY MAX MIN AVG DEP HDD CDD WTR SNW DPTH SPD SPD DIR MIN PSBL S-S WX SPD DR
================================================================================
1 79 52 66 -2 0 1 0.00 0.0 0 3.9 13 120 M M 1 12 16 130
2 80 59 70 3 0 5 0.00 0.0 0 5.6 13 120 M M 1 12 18 110
3 81 60 71 4 0 6 1.26 0.0 0 6.1 32 10 M M 5 13 38 360
4 59 53 56 -11 9 0 0.01 0.0 0 10.6 18 10 M M 10 1 24 10
5 68 47 58 -8 7 0 0.00 0.0 0 5.5 15 10 M M 3 18 20 360
6 71 46 59 -7 6 0 0.00 0.0 0 4.6 12 360 M M 0 18 18 360
7 72 47 60 -6 5 0 0.00 0.0 0 4.4 12 110 M M 0 12 15 110
8 77 51 64 -1 1 0 0.00 0.0 0 3.5 13 120 M M 2 128 18 150
9 79 52 66 1 0 1 0.00 0.0 0 4.0 13 110 M M 4 12 18 110
10 83 62 73 8 0 8 0.00 0.0 0 8.6 22 170 M M 5 12 28 170
11 81 55 68 4 0 3 T 0.0 0 5.4 16 340 M M 4 12 27 330
12 81 52 67 3 0 2 0.00 0.0 0 4.9 13 340 M M 4 12 18 340
13 72 45 59 -5 6 0 0.00 0.0 0 4.4 14 360 M M 0 22 10
14 77 45 61 -3 4 0 0.00 0.0 0 4.6 16 170 M M 0 1 20 180
15 82 54 68 5 0 3 0.00 0.0 0 6.5 18 170 M M 1 1 24 180
16 82 58 70 7 0 5 0.00 0.0 0 10.3 23 170 M M 3 12 30 180
17 84 65 75 12 0 10 0.00 0.0 0 10.0 22 180 M M 4 1 29 190
18 74 56 65 2 0 0 0.00 0.0 0 10.9 21 350 M M 4 12 26 360
19 68 48 58 -4 7 0 0.00 0.0 0 5.2 13 40 M M 0 19 40
20 78 51 65 3 0 0 0.00 0.0 0 6.7 15 160 M M 4 1 21 180
21 83 60 72 10 0 7 0.02 0.0 0 5.4 17 180 M M 5 23 170
22 73 46 60 -2 5 0 T 0.0 0 8.3 20 10 M M 3 27 10
23 72 41 57 -4 8 0 0.00 0.0 0 4.0 14 150 M M 1 20 130
24 79 55 67 6 0 2 0.00 0.0 0 12.3 25 170 M M 7 34 150
25 76 56 66 5 0 1 0.28 0.0 0 10.0 20 10 M M 9 26 360
26 61 47 54 -7 11 0 0.00 0.0 0 8.1 17 10 M M 1 25 360
27 56 48 52 -8 13 0 0.15 0.0 0 5.0 10 10 M M 7 17 320
28 60 46 53 -7 12 0 0.02 0.0 0 6.2 12 360 M M 9 16 20
29 71 41 56 -4 9 0 0.00 0.0 0 2.1 12 170 M M 4 15 170
30 75 45 60 0 5 0 0.00 0.0 0 3.0 13 130 M M 4 17 120
================================================================================
SM 2234 1543 108 54 1.74 0.0 190.1 M 105
================================================================================
AV 74.5 51.4 6.3 FASTST M M 4 MAX(MPH)
MISC ----> 32 10 38 360
================================================================================
NOTES:
# LAST OF SEVERAL OCCURRENCES
COLUMN 17 PEAK WIND IN M.P.H.
PRELIMINARY LOCAL CLIMATOLOGICAL DATA (WS FORM: F-6) , PAGE 2
STATION: ANGLETON/LAKE_JACKS
MONTH: NOVEMBER
YEAR: 2021
LATITUDE: 29 6 N
LONGITUDE: 95 28 W
[TEMPERATURE DATA] [PRECIPITATION DATA] SYMBOLS USED IN COLUMN 16
AVERAGE MONTHLY: 63.0 TOTAL FOR MONTH: 1.74 1 = FOG OR MIST
DPTR FM NORMAL: -0.5 DPTR FM NORMAL: -1.86 2 = FOG REDUCING VISIBILITY
HIGHEST: 84 ON 17 GRTST 24HR 1.27 ON 3- 4 TO 1/4 MILE OR LESS
LOWEST: 41 ON 29,23 3 = THUNDER
SNOW, ICE PELLETS, HAIL 4 = ICE PELLETS
TOTAL MONTH: 0.0 INCH 5 = HAIL
GRTST 24HR 0.0 6 = FREEZING RAIN OR DRIZZLE
GRTST DEPTH: 0 7 = DUSTSTORM OR SANDSTORM:
VSBY 1/2 MILE OR LESS
8 = SMOKE OR HAZE
[NO. OF DAYS WITH] [WEATHER - DAYS WITH] 9 = BLOWING SNOW
X = TORNADO
MAX 32 OR BELOW: 0 0.01 INCH OR MORE: 6
MAX 90 OR ABOVE: 0 0.10 INCH OR MORE: 3
MIN 32 OR BELOW: 0 0.50 INCH OR MORE: 1
MIN 0 OR BELOW: 0 1.00 INCH OR MORE: 1
[HDD (BASE 65) ]
TOTAL THIS MO. 108 CLEAR (SCALE 0-3) 14
DPTR FM NORMAL -26 PTCLDY (SCALE 4-7) 13
TOTAL FM JUL 1 116 CLOUDY (SCALE 8-10) 3
DPTR FM NORMAL -39
[CDD (BASE 65) ]
TOTAL THIS MO. 54
DPTR FM NORMAL -32 [PRESSURE DATA]
TOTAL FM JAN 1 3144 HIGHEST SLP 30.42 ON 19
DPTR FM NORMAL -37 LOWEST SLP 29.88 ON 10
[REMARKS]
#FINAL-11-21#