000
CXUS54 KLCH 011030
CLMLCH
CLIMATE REPORT
NATIONAL WEATHER SERVICE LAKE CHARLES, LA
430 AM CST FRI DEC 01 2023
...................................
...THE LAKE CHARLES CLIMATE SUMMARY FOR THE MONTH OF NOVEMBER 2023...
CLIMATE NORMAL PERIOD: 1991 TO 2020
CLIMATE RECORD PERIOD: 1895 TO 2023
WEATHER OBSERVED NORMAL DEPART LAST YEAR`S
VALUE DATE(S) VALUE FROM VALUE DATE(S)
NORMAL
................................................................
TEMPERATURE (F)
RECORD
HIGH 92 11/01/1900
LOW 23 11/30/1976
11/16/1916
HIGHEST 85 11/09 MM MM 86 11/08
LOWEST 34 11/02 MM MM 34 11/13
AVG. MAXIMUM 70.8 72.2 -1.4 69.0
AVG. MINIMUM 50.7 50.6 0.1 49.9
MEAN 60.8 61.4 -0.7 59.5
DAYS MAX >= 90 0 0.0 0.0 0
DAYS MAX <= 32 0 0.0 0.0 0
DAYS MIN <= 32 0 1.0 -1.0 0
DAYS MIN <= 0 0 0.0 0.0 0
PRECIPITATION (INCHES)
RECORD
MAXIMUM 14.09 1961
MINIMUM 0.11 1967
TOTALS 6.15 4.13 2.02 6.82
DAILY AVG. 0.21 0.14 0.07 0.23
DAYS >= .01 8 7.9 0.1 MM
DAYS >= .10 5 5.2 -0.2 MM
DAYS >= .50 2 2.8 -0.8 MM
DAYS >= 1.00 1 1.3 -0.3 MM
GREATEST
24 HR. TOTAL 4.65 11/30 TO 11/30
SNOWFALL (INCHES)
RECORDS
TOTAL MM 5
TOTALS 0.0 MM MM 0.0
SINCE 7/1 0.0 MM MM MM
SNOWDEPTH AVG. MM MM
DAYS >= 1.0 0 MM MM 0
GREATEST
SNOW DEPTH MM MM MM
24 HR TOTAL MM
DEGREE DAYS
HEATING TOTAL 160 166 -6 227
SINCE 7/1 192 194 -2 MM
COOLING TOTAL 39 58 -19 69
SINCE 1/1 3397 3040 357 MM
................................................................
WIND (MPH)
AVERAGE WIND SPEED 7.9
HIGHEST WIND SPEED/DIRECTION 35/130 DATE 11/30
HIGHEST GUST SPEED/DIRECTION 43/140 DATE 11/30
SKY COVER
POSSIBLE SUNSHINE (PERCENT) MM
AVERAGE SKY COVER 0.45
NUMBER OF DAYS FAIR 14
NUMBER OF DAYS PC 9
NUMBER OF DAYS CLOUDY 7
AVERAGE RH (PERCENT) 74
WEATHER CONDITIONS. NUMBER OF DAYS WITH
THUNDERSTORM 1 MIXED PRECIP 1
HEAVY RAIN 2 RAIN 8
LIGHT RAIN 8 FREEZING RAIN 0
LT FREEZING RAIN 0 HAIL 0
HEAVY SNOW 0 SNOW 0
LIGHT SNOW 0 SLEET 0
FOG 19 FOG W/VIS <= 1/4 MILE 6
HAZE 5
- INDICATES NEGATIVE NUMBERS.
R INDICATES RECORD WAS SET OR TIED.
MM INDICATES DATA IS MISSING.
T INDICATES TRACE AMOUNT.
$$