000
CXUS54 KSHV 011300
CF6LFK
PRELIMINARY LOCAL CLIMATOLOGICAL DATA (WS FORM: F-6)
STATION: LUFKIN
MONTH: APRIL
YEAR: 2022
LATITUDE: 31 14 N
LONGITUDE: 94 45 W
TEMPERATURE IN F: :PCPN: SNOW: WIND :SUNSHINE: SKY :PK WND
================================================================================
1 2 3 4 5 6A 6B 7 8 9 10 11 12 13 14 15 16 17 18
12Z AVG MX 2MIN
DY MAX MIN AVG DEP HDD CDD WTR SNW DPTH SPD SPD DIR MIN PSBL S-S WX SPD DR
================================================================================
1 76 45 61 -2 4 0 0.00 0.0 0 6.0 14 80 M M 0 20 90
2 83 50 67 4 0 2 0.01 0.0 0 3.5 14 330 M M 1 22 330
3 85 55 70 7 0 5 0.00 0.0 0 7.0 15 160 M M 0 21 150
4 80 54 67 3 0 2 0.03 0.0 0 6.4 14 180 M M 7 1 21 180
5 87 63 75 11 0 10 0.51 0.0 0 7.4 23 270 M M 5 13 33 290
6 79 54 67 3 0 2 0.00 0.0 0 9.0 22 300 M M 6 18 30 280
7 73 45 59 -5 6 0 0.00 0.0 0 7.9 26 310 M M 0 39 280
8 70 41 56 -8 9 0 0.00 0.0 0 7.4 24 320 M M 0 34 290
9 83 38 61 -3 4 0 0.00 0.0 0 6.8 16 170 M M 0 25 210
10 81 58 70 5 0 5 T 0.0 0 13.3 28 180 M M 5 39 160
11 86 68 77 12 0 12 T 0.0 0 13.2 26 170 M M 7 36 180
12 80 64 72 7 0 7 0.04 0.0 0 10.8 22 170 M M 9 13 27 150
13 78 61 70 5 0 5 0.20 0.0 0 11.5 24 150 M M 7 13 33 170
14 80 47 64 -2 1 0 0.00 0.0 0 6.3 16 80 M M 1 21 20
15 80 53 67 1 0 2 T 0.0 0 7.5 17 150 M M 7 1 20 150
16 87 71 79 13 0 14 0.00 0.0 0 7.1 17 200 M M 6 1 23 210
17 86 66 76 10 0 11 0.00 0.0 0 6.4 15 10 M M 7 1 23 10
18 76 57 67 1 0 2 0.00 0.0 0 8.3 17 20 M M 4 24 360
19 78 49 64 -3 1 0 0.00 0.0 0 9.7 21 140 M M 0 25 110
20 82 63 73 6 0 8 T 0.0 0 12.8 24 170 M M 9 37 170
21 84 69 77 10 0 12 T 0.0 0 10.0 20 140 M M 6 27 140
22 86 67 77 10 0 12 T 0.0 0 10.7 21 150 M M 4 26 140
23 86 66 76 8 0 11 T 0.0 0 11.5 26 160 M M 4 35 160
24 88 70 79 11 0 14 0.02 0.0 0 10.6 21 160 M M 6 27 190
25 75 63 69 1 0 4 1.91 0.0 0 5.2 17 20 M M 8 13 23 30
26 77 58 68 0 0 3 0.00 0.0 0 6.7 14 40 M M 4 22 20
27 80 53 67 -2 0 2 0.00 0.0 0 5.1 13 70 M M 0 19 100
28 84 56 70 1 0 5 0.00 0.0 0 7.4 15 160 M M 0 19 170
29 86 61 74 5 0 9 0.00 0.0 0 10.4 21 150 M M 3 28 140
30 88 69 79 9 0 14 T 0.0 0 6.4 15 170 M M 6 21 250
================================================================================
SM 2444 1734 25 173 2.72 0.0 252.3 M 122
================================================================================
AV 81.5 57.8 8.4 FASTST M M 4 MAX(MPH)
MISC ----> 28 180 # 39 280
================================================================================
NOTES:
# LAST OF SEVERAL OCCURRENCES
COLUMN 17 PEAK WIND IN M.P.H.
PRELIMINARY LOCAL CLIMATOLOGICAL DATA (WS FORM: F-6) , PAGE 2
STATION: LUFKIN
MONTH: APRIL
YEAR: 2022
LATITUDE: 31 14 N
LONGITUDE: 94 45 W
[TEMPERATURE DATA] [PRECIPITATION DATA] SYMBOLS USED IN COLUMN 16
AVERAGE MONTHLY: 69.6 TOTAL FOR MONTH: 2.72 1 = FOG OR MIST
DPTR FM NORMAL: 3.6 DPTR FM NORMAL: -0.97 2 = FOG REDUCING VISIBILITY
HIGHEST: 88 ON 30,24 GRTST 24HR 1.93 ON 24-25 TO 1/4 MILE OR LESS
LOWEST: 38 ON 9 3 = THUNDER
SNOW, ICE PELLETS, HAIL 4 = ICE PELLETS
TOTAL MONTH: 0.0 INCH 5 = HAIL
GRTST 24HR 0.0 6 = FREEZING RAIN OR DRIZZLE
GRTST DEPTH: 0 7 = DUSTSTORM OR SANDSTORM:
VSBY 1/2 MILE OR LESS
8 = SMOKE OR HAZE
[NO. OF DAYS WITH] [WEATHER - DAYS WITH] 9 = BLOWING SNOW
X = TORNADO
MAX 32 OR BELOW: 0 0.01 INCH OR MORE: 7
MAX 90 OR ABOVE: 0 0.10 INCH OR MORE: 3
MIN 32 OR BELOW: 0 0.50 INCH OR MORE: 2
MIN 0 OR BELOW: 0 1.00 INCH OR MORE: 1
[HDD (BASE 65) ]
TOTAL THIS MO. 25 CLEAR (SCALE 0-3) 11
DPTR FM NORMAL -52 PTCLDY (SCALE 4-7) 16
TOTAL FM JUL 1 1593 CLOUDY (SCALE 8-10) 3
DPTR FM NORMAL -371
[CDD (BASE 65) ]
TOTAL THIS MO. 173
DPTR FM NORMAL 66 [PRESSURE DATA]
TOTAL FM JAN 1 225 HIGHEST SLP 30.32 ON 26
DPTR FM NORMAL 61 LOWEST SLP 29.53 ON 5
[REMARKS]
#FINAL-04-22#