000
CSUS54 KSHV 011500
CF6LFK
PRELIMINARY LOCAL CLIMATOLOGICAL DATA (WS FORM: F-6)
STATION: LUFKIN
MONTH: APRIL
YEAR: 2020
LATITUDE: 31 14 N
LONGITUDE: 94 45 W
TEMPERATURE IN F: :PCPN: SNOW: WIND :SUNSHINE: SKY :PK WND
================================================================================
1 2 3 4 5 6A 6B 7 8 9 10 11 12 13 14 15 16 17 18
12Z AVG MX 2MIN
DY MAX MIN AVG DEP HDD CDD WTR SNW DPTH SPD SPD DIR MIN PSBL S-S WX SPD DR
================================================================================
1 74 46 60 -3 5 0 0.00 0.0 0 4.8 15 150 M M 0 1 20 160
2 74 55 65 2 0 0 0.05 0.0 0 8.0 18 160 M M 2 23 140
3 76 58 67 3 0 2 0.15 0.0 0 5.6 15 280 M M 8 13 22 290
4 58 50 54 -10 11 0 0.19 0.0 0 5.5 12 310 M M 10 1 16 320
5 72 55 64 0 1 0 0.00 0.0 0 2.9 9 90 M M 7 1 12 310
6 82 60 71 7 0 6 0.00 0.0 0 5.7 17 130 M M 6 1 19 130
7 84 71 78 14 0 13 T 0.0 0 6.7 13 180 M M 6 1 18 240
8 87 72 80 15 0 15 0.00 0.0 0 6.6 13 190 M M 6 18 17 180
9 87 65 76 11 0 11 0.92 0.0 0 3.9 21 20 M M 3 13 29 30
10 72 54 63 -2 2 0 T 0.0 0 6.0 16 40 M M 0 24 40
11 77 50 64 -1 1 0 T 0.0 0 8.0 15 130 M M 5 24 140
12 84 62 73 7 0 8 0.30 0.0 0 8.2 21 250 M M 6 13 29 250
13 63 47 55 -11 10 0 0.00 0.0 0 9.1 17 330 M M 4 26 340
14 66 45 56 -10 9 0 0.00 0.0 0 8.3 16 20 M M 1 23 340
15 68 42 55 -11 10 0 0.00 0.0 0 4.7 12 350 M M 0 16 50
16 76 44 60 -7 5 0 0.00 0.0 0 6.3 12 150 M M 0 18 140
17 76 54 65 -2 0 0 0.13 0.0 0 5.5 13 330 M M 9 1 19 340
18 69 54 62 -5 3 0 T 0.0 0 6.4 13 60 M M 10 1 16 30
19 75 62 69 2 0 4 1.95 0.0 0 4.7 21 310 M M 9 123 30 320
20 81 63 72 4 0 7 0.00 0.0 0 2.8 9 70 M M 5 1 12 70
21 85 61 73 5 0 8 0.00 0.0 0 5.8 14 120 M M 1 19 130
22 77 63 70 2 0 5 0.12 0.0 0 8.4 21 160 M M 8 13 26 210
23 82 59 71 3 0 6 0.00 0.0 0 6.3 17 320 M M 2 1 23 310
24 87 56 72 3 0 7 0.02 0.0 0 7.4 18 170 M M 0 3 24 170
25 78 58 68 -1 0 3 0.00 0.0 0 5.8 16 320 M M 0 22 340
26 83 52 68 -1 0 3 0.00 0.0 0 2.0 10 10 M M 0 14 360
27 85 56 71 1 0 6 0.00 0.0 0 8.8 23 150 M M 1 30 150
28 86 65 76 6 0 11 T 0.0 0 9.8 21 130 M M 6 26 130
29 80 55 68 -2 0 3 0.88 0.0 0 7.0 22 140 M M 3 13 32 40
30 81 50 66 -4 0 1 0.00 0.0 0 1.9 8 335 M M 0 16 315
================================================================================
SM 2325 1684 57 119 4.71 0.0 182.9 M 118
================================================================================
AV 77.5 56.1 6.1 FASTST M M 4 MAX(MPH)
MISC ----> # 23 150 # 32 40
================================================================================
NOTES:
# LAST OF SEVERAL OCCURRENCES
COLUMN 17 PEAK WIND IN M.P.H.
PRELIMINARY LOCAL CLIMATOLOGICAL DATA (WS FORM: F-6) , PAGE 2
STATION: LUFKIN
MONTH: APRIL
YEAR: 2020
LATITUDE: 31 14 N
LONGITUDE: 94 45 W
[TEMPERATURE DATA] [PRECIPITATION DATA] SYMBOLS USED IN COLUMN 16
AVERAGE MONTHLY: 66.8 TOTAL FOR MONTH: 4.71 1 = FOG OR MIST
DPTR FM NORMAL: 0.3 DPTR FM NORMAL: 1.66 2 = FOG REDUCING VISIBILITY
HIGHEST: 87 ON 24, 9 GRTST 24HR 1.95 ON 19-19 TO 1/4 MILE OR LESS
LOWEST: 42 ON 15 3 = THUNDER
SNOW, ICE PELLETS, HAIL 4 = ICE PELLETS
TOTAL MONTH: 0.0 INCH 5 = HAIL
GRTST 24HR 0.0 6 = FREEZING RAIN OR DRIZZLE
GRTST DEPTH: 0 7 = DUSTSTORM OR SANDSTORM:
VSBY 1/2 MILE OR LESS
8 = SMOKE OR HAZE
[NO. OF DAYS WITH] [WEATHER - DAYS WITH] 9 = BLOWING SNOW
X = TORNADO
MAX 32 OR BELOW: 0 0.01 INCH OR MORE: 10
MAX 90 OR ABOVE: 0 0.10 INCH OR MORE: 8
MIN 32 OR BELOW: 0 0.50 INCH OR MORE: 3
MIN 0 OR BELOW: 0 1.00 INCH OR MORE: 1
[HDD (BASE 65) ]
TOTAL THIS MO. 57 CLEAR (SCALE 0-3) 15
DPTR FM NORMAL -12 PTCLDY (SCALE 4-7) 11
TOTAL FM JUL 1 1628 CLOUDY (SCALE 8-10) 4
DPTR FM NORMAL -285
[CDD (BASE 65) ]
TOTAL THIS MO. 119
DPTR FM NORMAL 3 [PRESSURE DATA]
TOTAL FM JAN 1 277 HIGHEST SLP 30.24 ON 15
DPTR FM NORMAL 101 LOWEST SLP 29.46 ON 12
[REMARKS]
#FINAL-04-20#