000
CXUS54 KFWD 010732
CF6LHB
PRELIMINARY LOCAL CLIMATOLOGICAL DATA (WS FORM: F-6)
STATION: HEARNE
MONTH: AUGUST
YEAR: 2021
LATITUDE: 30 52 N
LONGITUDE: 96 36 W
TEMPERATURE IN F: :PCPN: SNOW: WIND :SUNSHINE: SKY :PK WND
================================================================================
1 2 3 4 5 6A 6B 7 8 9 10 11 12 13 14 15 16 17 18
12Z AVG MX 2MIN
DY MAX MIN AVG DEP HDD CDD WTR SNW DPTH SPD SPD DIR MIN PSBL S-S WX SPD DR
================================================================================
1 98 78 88 M 0 23 0.05 M M 3.4 10 230 M M 2 18 230
2 84 75 80 M 0 15 0.29 M M 2.8 14 270 M M 5 3 24 270
3 91 76 84 M 0 19 0.00 M M 3.2 8 10 M M 6 1 M M
4 93 74 84 M 0 19 0.00 M M 2.8 8 70 M M 3 M M
5 86 74 80 M 0 15 0.00 M M 1.4 8 150 M M 3 M M
6 91 71 81 M 0 16 0.00 M M 2.8 13 170 M M 3 17 170
7 94 74 84 M 0 19 0.01 M M 6.0 13 150 M M 4 1 21 170
8 97 77 87 M 0 22 0.00 M M 9.5 16 190 M M 4 1 21 170
9 97 78 88 M 0 23 0.00 M M 8.7 15 190 M M 5 23 190
10 98 79 89 M 0 24 0.00 M M 7.7 13 180 M M 5 18 180
11 98 76 87 M 0 22 0.00 M M 6.6 10 170 M M 4 1 M M
12 98 77 88 M 0 23 0.00 M M 4.8 9 150 M M 3 1 9 140
13 97 76 87 M 0 22 0.00 M M 3.1 9 160 M M 1 M M
14 97 76 87 M 0 22 0.00 M M 3.1 13 20 M M 1 22 60
15 88 75 82 M 0 17 M M M 1.8 12 330 M M 2 3 25 330
16 95 70 83 M 0 18 M M M 1.9 8 110 M M 2 1 M M
17 96 74 85 M 0 20 0.09 M M 4.8 10 340 M M 3 3 M M
18 92 75 84 M 0 19 0.45 M M 3.6 12 160 M M 3 13 25 170
19 96 78 87 M 0 22 0.00 M M 6.5 13 170 M M 3 1 20 180
20 96 76 86 M 0 21 0.00 M M 7.1 15 160 M M 3 1 20 180
21 97 76 87 M 0 22 0.00 M M 6.4 12 170 M M 2 16 170
22 97 73 85 M 0 20 0.00 M M 3.4 9 130 M M 2 M M
23 97 72 85 M 0 20 0.00 M M 2.9 7 130 M M 0 M M
24 97 75 86 M 0 21 0.00 M M 3.3 9 170 M M 1 M M
25 98 75 87 M 0 22 0.00 M M 2.4 6 50 M M 1 M M
26 99 76 88 M 0 23 0.00 M M 3.6 10 30 M M 3 3 23 60
27 95 76 86 M 0 21 0.08 M M 3.3 9 140 M M 5 26 120
28 94 73 84 M 0 19 0.00 M M 3.1 10 90 M M 2 M M
29 94 76 85 M 0 20 0.00 M M 2.3 7 10 M M 5 M M
30 97 73 85 M 0 20 0.00 M M 3.7 13 360 M M 1 17 10
31 100 74 87 M 0 22 0.00 M M 2.4 9 360 M M 3 M M
================================================================================
SM 2947 2328 0 631 0.97 M 128.3 M 90
================================================================================
AV 95.1 75.1 4.1 FASTST M M 3 MAX(MPH)
MISC ----> 16 190 26 120
================================================================================
NOTES:
# LAST OF SEVERAL OCCURRENCES
COLUMN 17 PEAK WIND IN M.P.H.
PRELIMINARY LOCAL CLIMATOLOGICAL DATA (WS FORM: F-6) , PAGE 2
STATION: HEARNE
MONTH: AUGUST
YEAR: 2021
LATITUDE: 30 52 N
LONGITUDE: 96 36 W
[TEMPERATURE DATA] [PRECIPITATION DATA] SYMBOLS USED IN COLUMN 16
AVERAGE MONTHLY: 85.1 TOTAL FOR MONTH: 0.97 1 = FOG OR MIST
DPTR FM NORMAL: 0.0 DPTR FM NORMAL: M 2 = FOG REDUCING VISIBILITY
HIGHEST: 100 ON 31 GRTST 24HR 0.45 ON 18-18 TO 1/4 MILE OR LESS
LOWEST: 70 ON 16 3 = THUNDER
SNOW, ICE PELLETS, HAIL 4 = ICE PELLETS
TOTAL MONTH: M 5 = HAIL
GRTST 24HR M ON M 6 = FREEZING RAIN OR DRIZZLE
GRTST DEPTH: M ON M 7 = DUSTSTORM OR SANDSTORM:
VSBY 1/2 MILE OR LESS
8 = SMOKE OR HAZE
[NO. OF DAYS WITH] [WEATHER - DAYS WITH] 9 = BLOWING SNOW
X = TORNADO
MAX 32 OR BELOW: 0 0.01 INCH OR MORE: 6
MAX 90 OR ABOVE: 28 0.10 INCH OR MORE: 2
MIN 32 OR BELOW: 0 0.50 INCH OR MORE: 0
MIN 0 OR BELOW: 0 1.00 INCH OR MORE: 0
[HDD (BASE 65) ]
TOTAL THIS MO. 0 CLEAR (SCALE 0-3) 20
DPTR FM NORMAL M PTCLDY (SCALE 4-7) 11
TOTAL FM JUL 1 0 CLOUDY (SCALE 8-10) 0
DPTR FM NORMAL M
[CDD (BASE 65) ]
TOTAL THIS MO. 631
DPTR FM NORMAL M [PRESSURE DATA]
TOTAL FM JAN 1 2224 HIGHEST SLP M ON M
DPTR FM NORMAL M LOWEST SLP M ON M
[REMARKS]
#FINAL-08-21#