000
CXUS55 KBOU 010900
CF6LIC
PRELIMINARY LOCAL CLIMATOLOGICAL DATA (WS FORM: F-6)
STATION: LIMON CO
MONTH: JULY
YEAR: 2022
LATITUDE: 39 10 N
LONGITUDE: 103 42 W
TEMPERATURE IN F: :PCPN: SNOW: WIND :SUNSHINE: SKY :PK WND
================================================================================
1 2 3 4 5 6A 6B 7 8 9 10 11 12 13 14 15 16 17 18
12Z AVG MX 2MIN
DY MAX MIN AVG DEP HDD CDD WTR SNW DPTH SPD SPD DIR MIN PSBL S-S WX SPD DR
================================================================================
1 84 54 69 1 0 4 0.00 M M 8.1 23 200 M M 2 37 190
2 90 51 71 2 0 6 0.01 M M 6.5 25 10 M M 2 3 32 30
3 94 59 77 8 0 12 T M M 10.9 30 310 M M 1 3 39 300
4 97 54 76 7 0 11 0.00 M M 9.5 21 10 M M 1 33 40
5 98 63 81 12 0 16 T M M 10.7 26 290 M M 2 3 37 280
6 85 60 73 4 0 8 0.26 M M 9.0 24 340 M M 6 3 34 220
7 91 56 74 4 0 9 0.82 M M 6.6 30 270 M M 1 13 44 290
8 90 57 74 4 0 9 0.00 M M 7.6 22 180 M M 0 29 180
9 96 61 79 9 0 14 0.00 M M 11.1 22 160 M M 0 31 190
10 100 60 80 10 0 15 0.01 M M 9.4 36 310 M M 2 3 47 310
11 82 58 70 0 0 5 0.00 M M 10.2 32 360 M M 2 40 360
12 89 57 73 3 0 8 0.00 M M 13.8 25 160 M M 0 37 200
13 97 53 75 5 0 10 T M M 7.6 20 60 M M 0 35 30
14 99 55 77 6 0 12 T M M 9.1 36 340 M M 1 3 47 330
15 98 60 79 8 0 14 0.08 M M 7.6 23 300 M M 2 3 39 280
16 94 61 78 7 0 13 0.10 M M 6.2 30 200 M M 1 3 40 310
17 93 61 77 6 0 12 0.00 M M 7.0 18 360 M M 0 26 340
18 99 59 79 8 0 14 0.00 M M 8.5 21 240 M M 0 30 160
19 97 62 80 9 0 15 T M M 9.2 35 230 M M 2 3 47 240
20 94 58 76 5 0 11 0.05 M M 8.1 36 340 M M 1 3 46 340
21 96 55 76 5 0 11 0.00 M M 7.5 22 120 M M 0 3 29 150
22 100 54 77 6 0 12 0.00 M M 8.0 25 310 M M 0 8 32 300
23 102 56 79 8 0 14 0.18 M M 8.3 35 20 M M 2 8 45 20
24 88 57 73 2 0 8 0.56 M M 11.3 32 350 M M 4 13 44 340
25 86 61 74 3 0 9 0.00 M M 5.9 17 200 M M 3 24 200
26 88 64 76 5 0 11 0.00 M M 8.4 25 70 M M 0 31 70
27 89 59 74 3 0 9 0.00 M M 11.3 24 170 M M 1 37 170
28 77 57 67 -4 0 2 1.03 M M 10.2 39 50 M M 3 13 50 80
29 77 61 69 -2 0 4 0.00 M M 11.8 26 140 M M 5 1 34 120
30 86 60 73 2 0 8 0.00 M M 8.6 17 150 M M 3 1 22 150
31 91 57 74 3 0 9 0.00 M M 5.1 28 310 M M 3 12 41 300
================================================================================
SM 2847 1800 0 315 3.10 M 273.1 M 50
================================================================================
AV 91.8 58.1 8.8 FASTST M M 2 MAX(MPH)
MISC ----> 39 50 50 80
================================================================================
NOTES:
# LAST OF SEVERAL OCCURRENCES
COLUMN 17 PEAK WIND IN M.P.H.
PRELIMINARY LOCAL CLIMATOLOGICAL DATA (WS FORM: F-6) , PAGE 2
STATION: LIMON CO
MONTH: JULY
YEAR: 2022
LATITUDE: 39 10 N
LONGITUDE: 103 42 W
[TEMPERATURE DATA] [PRECIPITATION DATA] SYMBOLS USED IN COLUMN 16
AVERAGE MONTHLY: 75.0 TOTAL FOR MONTH: 3.10 1 = FOG OR MIST
DPTR FM NORMAL: 4.6 DPTR FM NORMAL: 0.57 2 = FOG REDUCING VISIBILITY
HIGHEST: 102 ON 23 GRTST 24HR 1.03 ON 28-28 TO 1/4 MILE OR LESS
LOWEST: 51 ON 2 3 = THUNDER
SNOW, ICE PELLETS, HAIL 4 = ICE PELLETS
TOTAL MONTH: M 5 = HAIL
GRTST 24HR M ON M 6 = FREEZING RAIN OR DRIZZLE
GRTST DEPTH: M ON M 7 = DUSTSTORM OR SANDSTORM:
VSBY 1/2 MILE OR LESS
8 = SMOKE OR HAZE
[NO. OF DAYS WITH] [WEATHER - DAYS WITH] 9 = BLOWING SNOW
X = TORNADO
MAX 32 OR BELOW: 0 0.01 INCH OR MORE: 10
MAX 90 OR ABOVE: 20 0.10 INCH OR MORE: 6
MIN 32 OR BELOW: 0 0.50 INCH OR MORE: 3
MIN 0 OR BELOW: 0 1.00 INCH OR MORE: 1
[HDD (BASE 65) ]
TOTAL THIS MO. 0 CLEAR (SCALE 0-3) 26
DPTR FM NORMAL -10 PTCLDY (SCALE 4-7) 5
TOTAL FM JUL 1 0 CLOUDY (SCALE 8-10) 0
DPTR FM NORMAL -3
[CDD (BASE 65) ]
TOTAL THIS MO. 315
DPTR FM NORMAL 138 [PRESSURE DATA]
TOTAL FM JAN 1 470 HIGHEST SLP M ON M
DPTR FM NORMAL 224 LOWEST SLP 29.68 ON 5
[REMARKS]
#FINAL-07-22#