000
CXHW51 PHFO 011250
CF6LIH
PRELIMINARY LOCAL CLIMATOLOGICAL DATA (WS FORM: F-6)
STATION: LIHUE HI
MONTH: DECEMBER
YEAR: 2021
LATITUDE: 21 58 N
LONGITUDE: 159 21 W
TEMPERATURE IN F: :PCPN: SNOW: WIND :SUNSHINE: SKY :PK WND
================================================================================
1 2 3 4 5 6A 6B 7 8 9 10 11 12 13 14 15 16 17 18
12Z AVG MX 2MIN
DY MAX MIN AVG DEP HDD CDD WTR SNW DPTH SPD SPD DIR MIN PSBL S-S WX SPD DR
================================================================================
1 83 75 79 4 0 14 0.01 M M 14.1 22 80 M M 5 1 28 60
2 82 71 77 2 0 12 0.20 M M 7.6 15 50 M M 7 1 19 50
3 78 66 72 -3 0 7 T M M 13.4 29 360 M M 5 1 36 360
4 75 59 67 -8 0 2 T M M 7.2 17 240 M M 5 20 230
5 80 60 70 -5 0 5 0.01 M M 12.3 25 150 M M 4 1 30 160
6 73 68 71 -4 0 6 3.27 M M 7.7 21 180 M M 9 1 27 170
7 79 67 73 -2 0 8 0.55 M M 7.7 17 140 M M 7 1 21 120
8 81 74 78 4 0 13 0.10 M M 14.5 24 90 M M 9 18 29 90
9 81 76 79 5 0 14 T M M 16.9 23 70 M M 7 28 70
10 81 72 77 3 0 12 0.06 M M 13.9 25 100 M M 7 18 31 100
11 81 72 77 3 0 12 0.01 M M 14.7 24 70 M M 8 1 29 70
12 81 72 77 3 0 12 0.02 M M 17.1 24 60 M M 6 1 29 50
13 80 72 76 2 0 11 0.05 M M 16.3 25 80 M M 4 1 31 90
14 80 73 77 3 0 12 0.02 M M 15.6 24 60 M M 6 1 29 60
15 80 71 76 2 0 11 0.12 M M 11.9 18 100 M M 6 1 22 90
16 80 69 75 1 0 10 0.00 M M 9.0 16 90 M M 4 18 40
17 81 70 76 2 0 11 0.05 M M 10.7 20 60 M M 6 1 24 50
18 81 75 78 4 0 13 T M M 15.0 22 60 M M 4 28 50
19 80 72 76 2 0 11 0.09 M M 18.4 25 70 M M 7 18 31 70
20 80 70 75 1 0 10 0.28 M M 18.4 26 90 M M 5 18 33 90
21 76 69 73 0 0 8 0.25 M M 20.7 29 100 M M 9 18 33 60
22 78 70 74 1 0 9 0.05 M M 19.8 26 50 M M 8 18 32 50
23 78 73 76 3 0 11 T M M 16.8 23 70 M M 6 28 50
24 78 69 74 1 0 9 0.07 M M 16.2 24 90 M M 6 1 29 90
25 80 69 75 2 0 10 T M M 14.3 20 70 M M 5 1 29 40
26 77 72 75 2 0 10 T M M 16.5 23 80 M M 3 28 80
27 80 72 76 3 0 11 T M M 17.4 23 70 M M 4 32 80
28 77 73 75 2 0 10 0.03 M M 17.1 24 90 M M 5 8 30 80
29 78 71 75 2 0 10 0.03 M M 17.0 24 70 M M 7 1 29 70
30 75 72 74 1 0 9 0.07 M M 18.3 26 80 M M 10 18 33 80
31 79 68 74 1 0 9 2.60 M M 9.5 25 260 M M 8 1 28 260
================================================================================
SM 2453 2182 0 312 7.94 M 446.0 M 192
================================================================================
AV 79.1 70.4 14.4 FASTST M M 6 MAX(MPH)
MISC ----> # 29 360 36 360
================================================================================
NOTES:
# LAST OF SEVERAL OCCURRENCES
COLUMN 17 PEAK WIND IN M.P.H.
PRELIMINARY LOCAL CLIMATOLOGICAL DATA (WS FORM: F-6) , PAGE 2
STATION: LIHUE HI
MONTH: DECEMBER
YEAR: 2021
LATITUDE: 21 58 N
LONGITUDE: 159 21 W
[TEMPERATURE DATA] [PRECIPITATION DATA] SYMBOLS USED IN COLUMN 16
AVERAGE MONTHLY: 74.8 TOTAL FOR MONTH: 7.94 1 = FOG OR MIST
DPTR FM NORMAL: 0.9 DPTR FM NORMAL: 3.30 2 = FOG REDUCING VISIBILITY
HIGHEST: 83 ON 1 GRTST 24HR 3.48 ON 6- 7 TO 1/4 MILE OR LESS
LOWEST: 59 ON 4 3 = THUNDER
SNOW, ICE PELLETS, HAIL 4 = ICE PELLETS
TOTAL MONTH: M 5 = HAIL
GRTST 24HR M ON M 6 = FREEZING RAIN OR DRIZZLE
GRTST DEPTH: M ON M 7 = DUSTSTORM OR SANDSTORM:
VSBY 1/2 MILE OR LESS
8 = SMOKE OR HAZE
[NO. OF DAYS WITH] [WEATHER - DAYS WITH] 9 = BLOWING SNOW
X = TORNADO
MAX 32 OR BELOW: 0 0.01 INCH OR MORE: 22
MAX 90 OR ABOVE: 0 0.10 INCH OR MORE: 8
MIN 32 OR BELOW: 0 0.50 INCH OR MORE: 3
MIN 0 OR BELOW: 0 1.00 INCH OR MORE: 2
[HDD (BASE 65) ]
TOTAL THIS MO. 0 CLEAR (SCALE 0-3) 0
DPTR FM NORMAL 0 PTCLDY (SCALE 4-7) 26
TOTAL FM JUL 1 0 CLOUDY (SCALE 8-10) 5
DPTR FM NORMAL 0
[CDD (BASE 65) ]
TOTAL THIS MO. 312
DPTR FM NORMAL 38 [PRESSURE DATA]
TOTAL FM JAN 1 4295 HIGHEST SLP 30.15 ON 9
DPTR FM NORMAL 171 LOWEST SLP 29.60 ON 4
[REMARKS]
#FINAL-12-21#