000
CXUS54 KLZK 011410
CF6LIT
PRELIMINARY LOCAL CLIMATOLOGICAL DATA (WS FORM: F-6)
STATION: LITTLE ROCK ADAMS FIELD
MONTH: JULY
YEAR: 2022
LATITUDE: 34 43 N
LONGITUDE: 92 14 W
TEMPERATURE IN F: :PCPN: SNOW: WIND :SUNSHINE: SKY :PK WND
================================================================================
1 2 3 4 5 6A 6B 7 8 9 10 11 12 13 14 15 16 17 18
12Z AVG MX 2MIN
DY MAX MIN AVG DEP HDD CDD WTR SNW DPTH SPD SPD DIR MIN PSBL S-S WX SPD DR
================================================================================
1 93 73 83 3 0 18 0.00 0.0 0 5.6 14 180 M M 4 16 160
2 88 74 81 0 0 16 T 0.0 0 6.4 15 180 M M 7 20 180
3 91 75 83 2 0 18 0.00 0.0 0 3.8 12 180 M M 8 14 180
4 99 75 87 6 0 22 0.00 0.0 M 5.8 15 190 M M 5 123 23 210
5 99 77 88 7 0 23 0.00 0.0 0 6.5 15 190 M M 3 20 220
6 100 78 89 8 0 24 0.00 0.0 0 7.6 16 170 M M 2 8 20 150
7 100 76 88 7 0 23 0.00 0.0 0 7.8 16 170 M M 2 21 220
8 102 80 91 10 0 26 0.00 0.0 0 8.3 16 190 M M 2 26 200
9 102 81 92 11 0 27 0.00 0.0 0 7.6 22 50 M M 5 28 50
10 92 76 84 3 0 19 0.00 0.0 0 8.1 16 70 M M 5 26 60
11 96 71 84 3 0 19 0.00 0.0 0 2.7 13 150 M M 1 16 120
12 101 73 87 6 0 22 0.12 0.0 0 6.1 23 340 M M 4 13 31 330
13 97 74 86 5 0 21 0.00 0.0 M 5.5 13 130 M M 5 16 140
14 99 75 87 5 0 22 0.00 0.0 M 4.8 15 120 M M 3 20 140
15 98 71 85 3 0 20 0.00 0.0 0 3.4 13 130 M M 4 16 120
16 101 73 87 5 0 22 0.00 0.0 0 5.6 15 140 M M 4 18 140
17 101 79 90 8 0 25 0.00 0.0 0 8.5 20 20 M M 7 3 25 160
18 98 73 86 4 0 21 0.64 0.0 0 7.8 22 260 M M 6 138 30 270
19 100 79 90 8 0 25 0.00 0.0 0 9.3 18 220 M M 3 23 250
20 97 83 90 8 0 25 0.00 0.0 0 9.6 17 280 M M 5 24 280
21 98 79 89 7 0 24 0.00 0.0 0 7.8 25 270 M M 4 32 250
22 101 75 88 6 0 23 0.00 0.0 0 6.5 13 210 M M 4 17 250
23 99 76 88 6 0 23 0.00 0.0 0 6.8 14 180 M M 4 8 23 290
24 102 77 90 8 0 25 0.00 0.0 0 9.1 16 180 M M 4 20 190
25 102 79 91 9 0 26 0.00 0.0 0 8.9 18 150 M M 5 22 150
26 103 80 92 10 0 27 0.00 0.0 0 10.0 21 210 M M 5 28 200
27 100 76 88 6 0 23 0.90 0.0 0 7.6 37 80 M M 6 13 42 80
28 93 77 85 3 0 20 0.80 0.0 0 4.5 17 10 M M 6 13 23 20
29 87 76 82 0 0 17 T 0.0 0 4.6 14 360 M M 9 17 350
30 86 74 80 -2 0 15 T 0.0 0 4.7 15 30 M M 9 3 19 40
31 83 74 79 -3 0 14 0.76 0.0 M 5.3 12 200 M M 8 1 M M
================================================================================
SM 3008 2359 0 675 3.22 0.0 206.6 M 149
================================================================================
AV 97.0 76.1 6.7 FASTST M M 5 MAX(MPH)
MISC ----> 37 80 42 80
================================================================================
NOTES:
# LAST OF SEVERAL OCCURRENCES
COLUMN 17 PEAK WIND IN M.P.H.
PRELIMINARY LOCAL CLIMATOLOGICAL DATA (WS FORM: F-6) , PAGE 2
STATION: LITTLE ROCK ADAMS FIELD
MONTH: JULY
YEAR: 2022
LATITUDE: 34 43 N
LONGITUDE: 92 14 W
[TEMPERATURE DATA] [PRECIPITATION DATA] SYMBOLS USED IN COLUMN 16
AVERAGE MONTHLY: 86.6 TOTAL FOR MONTH: 3.22 1 = FOG OR MIST
DPTR FM NORMAL: 5.2 DPTR FM NORMAL: -0.11 2 = FOG REDUCING VISIBILITY
HIGHEST: 103 ON 26 GRTST 24HR 1.44 ON 27-28 TO 1/4 MILE OR LESS
LOWEST: 71 ON 11,15 3 = THUNDER
SNOW, ICE PELLETS, HAIL 4 = ICE PELLETS
TOTAL MONTH: 0.0 INCH 5 = HAIL
GRTST 24HR 0.0 6 = FREEZING RAIN OR DRIZZLE
GRTST DEPTH: 0 7 = DUSTSTORM OR SANDSTORM:
VSBY 1/2 MILE OR LESS
8 = SMOKE OR HAZE
[NO. OF DAYS WITH] [WEATHER - DAYS WITH] 9 = BLOWING SNOW
X = TORNADO
MAX 32 OR BELOW: 0 0.01 INCH OR MORE: 5
MAX 90 OR ABOVE: 27 0.10 INCH OR MORE: 5
MIN 32 OR BELOW: 0 0.50 INCH OR MORE: 4
MIN 0 OR BELOW: 0 1.00 INCH OR MORE: 0
[HDD (BASE 65) ]
TOTAL THIS MO. 0 CLEAR (SCALE 0-3) 7
DPTR FM NORMAL 0 PTCLDY (SCALE 4-7) 20
TOTAL FM JUL 1 0 CLOUDY (SCALE 8-10) 4
DPTR FM NORMAL 0
[CDD (BASE 65) ]
TOTAL THIS MO. 675
DPTR FM NORMAL 165 [PRESSURE DATA]
TOTAL FM JAN 1 1527 HIGHEST SLP M ON M
DPTR FM NORMAL 385 LOWEST SLP 29.77 ON 19
[REMARKS]
#FINAL-07-22#