000
CXUS55 KPIH 011200
CF6LLJ
PRELIMINARY LOCAL CLIMATOLOGICAL DATA (WS FORM: F-6)
STATION: CHALLIS ID
MONTH: FEBRUARY
YEAR: 2021
LATITUDE: 44 31 N
LONGITUDE: 114 13 W
TEMPERATURE IN F: :PCPN: SNOW: WIND :SUNSHINE: SKY :PK WND
================================================================================
1 2 3 4 5 6A 6B 7 8 9 10 11 12 13 14 15 16 17 18
12Z AVG MX 2MIN
DY MAX MIN AVG DEP HDD CDD WTR SNW DPTH SPD SPD DIR MIN PSBL S-S WX SPD DR
================================================================================
1 35 13 24 3 41 0 0.00 M M 1.1 7 200 M M 5 8 9 170
2 48 19 34 13 31 0 0.02 M M 5.2 21 200 M M 8 25 200
3 39 20 30 9 35 0 0.00 M M 4.6 22 310 M M 7 30 310
4 34 14 24 2 41 0 0.00 M M 2.7 12 190 M M 6 15 200
5 41 27 34 12 31 0 0.01 M M 4.3 15 310 M M 9 1 21 330
6 44 24 34 12 31 0 0.00 M M 4.3 16 240 M M 8 29 230
7 36 23 30 8 35 0 0.00 M M 9.2 25 250 M M 7 36 280
8 35 16 26 4 39 0 0.00 M M 4.9 16 270 M M 4 21 280
9 34 9 22 -1 43 0 0.00 M M 1.5 8 350 M M 0 12 330
10 41 6 24 1 41 0 0.00 M M 3.3 18 230 M M 2 26 230
11 32 18 25 2 40 0 0.05 M M 7.6 15 10 M M 6 18 19 10
12 22 11 17 -7 48 0 0.10 M M 9.3 15 360 M M 10 18 20 20
13 16 8 12 -12 53 0 0.11 M M 6.7 14 360 M M 10 8 18 360
14 19 2 11 -13 54 0 0.01 M M 1.4 9 360 M M 8 12 360
15 31 9 20 -4 45 0 0.03 M M 2.2 12 200 M M 8 18 13 200
16 35 14 25 0 40 0 0.02 M M 2.5 18 320 M M 9 1 24 330
17 33 6 20 -5 45 0 T M M 3.1 15 300 M M 8 22 310
18 26 4 15 -11 50 0 T M M 3.2 8 10 M M 5 8 10 20
19 34 11 23 -3 42 0 0.01 M M 2.5 8 290 M M 8 1 9 20
20 38 11 25 -1 40 0 0.02 M M 3.2 18 310 M M 6 12 23 310
21 39 14 27 0 38 0 0.00 M M 4.2 15 190 M M 9 22 170
22 48 21 35 8 30 0 0.00 M M 5.7 21 210 M M 6 32 200
23 43 23 33 5 32 0 T M M 12.1 26 320 M M 3 38 320
24 33 16 25 -3 40 0 T M M 2.8 16 320 M M 4 19 310
25 32 7 20 -8 45 0 0.00 M M 1.9 14 220 M M 5 8 19 220
26 36 19 28 -1 37 0 T M M 7.7 25 330 M M 9 33 340
27 33 13 23 -6 42 0 0.00 M M 4.5 25 320 M M 5 33 320
28 31 9 20 -10 45 0 0.00 M M 1.8 9 10 M M 5 11 360
================================================================================
SM 968 387 1134 0 0.38 M 123.5 M 180
================================================================================
AV 34.6 13.8 4.4 FASTST M M 6 MAX(MPH)
MISC ----> 26 320 38 320
================================================================================
NOTES:
# LAST OF SEVERAL OCCURRENCES
COLUMN 17 PEAK WIND IN M.P.H.
PRELIMINARY LOCAL CLIMATOLOGICAL DATA (WS FORM: F-6) , PAGE 2
STATION: CHALLIS ID
MONTH: FEBRUARY
YEAR: 2021
LATITUDE: 44 31 N
LONGITUDE: 114 13 W
[TEMPERATURE DATA] [PRECIPITATION DATA] SYMBOLS USED IN COLUMN 16
AVERAGE MONTHLY: 24.2 TOTAL FOR MONTH: 0.38 1 = FOG OR MIST
DPTR FM NORMAL: -0.5 DPTR FM NORMAL: -0.24 2 = FOG REDUCING VISIBILITY
HIGHEST: 48 ON 22, 2 GRTST 24HR 0.16 ON 12-13 TO 1/4 MILE OR LESS
LOWEST: 2 ON 14 3 = THUNDER
SNOW, ICE PELLETS, HAIL 4 = ICE PELLETS
TOTAL MONTH: M 5 = HAIL
GRTST 24HR M ON M 6 = FREEZING RAIN OR DRIZZLE
GRTST DEPTH: M ON M 7 = DUSTSTORM OR SANDSTORM:
VSBY 1/2 MILE OR LESS
8 = SMOKE OR HAZE
[NO. OF DAYS WITH] [WEATHER - DAYS WITH] 9 = BLOWING SNOW
X = TORNADO
MAX 32 OR BELOW: 8 0.01 INCH OR MORE: 10
MAX 90 OR ABOVE: 0 0.10 INCH OR MORE: 2
MIN 32 OR BELOW: 28 0.50 INCH OR MORE: 0
MIN 0 OR BELOW: 0 1.00 INCH OR MORE: 0
[HDD (BASE 65) ]
TOTAL THIS MO. 1134 CLEAR (SCALE 0-3) 3
DPTR FM NORMAL 7 PTCLDY (SCALE 4-7) 17
TOTAL FM JUL 1 5672 CLOUDY (SCALE 8-10) 8
DPTR FM NORMAL -377
[CDD (BASE 65) ]
TOTAL THIS MO. 0
DPTR FM NORMAL 0 [PRESSURE DATA]
TOTAL FM JAN 1 0 HIGHEST SLP 30.55 ON 24
DPTR FM NORMAL 0 LOWEST SLP 29.64 ON 26
[REMARKS]
#FINAL-02-21#