000
CXUS53 KLMK 010710
CF6LOU
PRELIMINARY LOCAL CLIMATOLOGICAL DATA (WS FORM: F-6)
STATION: LOUISVILLE BOWMAN KY
MONTH: SEPTEMBER
YEAR: 2021
LATITUDE: 38 13 N
LONGITUDE: 85 39 W
TEMPERATURE IN F: :PCPN: SNOW: WIND :SUNSHINE: SKY :PK WND
================================================================================
1 2 3 4 5 6A 6B 7 8 9 10 11 12 13 14 15 16 17 18
12Z AVG MX 2MIN
DY MAX MIN AVG DEP HDD CDD WTR SNW DPTH SPD SPD DIR MIN PSBL S-S WX SPD DR
================================================================================
1 84 68 76 1 0 11 T M M 7.9 17 10 M M 4 29 20
2 81 59 70 -5 0 5 0.00 M M 6.3 15 60 M M 0 22 50
3 82 58 70 -5 0 5 0.00 M M 5.3 14 90 M M 0 17 70
4 82 63 73 -1 0 8 0.01 M M 4.7 14 220 M M 2 20 220
5 81 62 72 -2 0 7 1.07 M M 5.4 21 240 M M 7 18 31 250
6 85 57 71 -3 0 6 0.00 M M 2.5 12 270 M M 0 1 15 270
7 85 62 74 0 0 9 0.00 M M 5.3 14 190 M M 0 20 170
8 83 62 73 0 0 8 0.08 M M 4.4 12 300 M M 5 13 17 320
9 80 56 68 -5 0 3 0.00 M M 2.7 13 360 M M 1 20 10
10 80 56 68 -4 0 3 0.00 M M 1.5 8 210 M M 2 1 10 210
11 83 59 71 -1 0 6 0.00 M M 9.2 20 190 M M 2 26 180
12 86 66 76 4 0 11 0.00 M M 9.2 18 200 M M 0 28 190
13 88 67 78 6 0 13 0.00 M M 6.4 14 180 M M 1 21 190
14 89 71 80 9 0 15 0.00 M M 8.0 16 180 M M 3 24 200
15 84 68 76 5 0 11 T M M 4.8 15 20 M M 5 21 20
16 85 65 75 5 0 10 0.00 M M 4.1 10 100 M M 5 13 90
17 89 67 78 8 0 13 0.00 M M 4.0 10 170 M M 2 15 170
18 89 69 79 9 0 14 0.00 M M 3.0 13 100 M M 1 1 18 130
19 87 67 77 8 0 12 0.17 M M 3.1 16 170 M M 2 13 24 170
20 77 71 74 5 0 9 1.86 M M 8.7 18 170 M M 10 13 25 170
21 78 69 74 6 0 9 0.20 M M 4.6 10 160 M M 9 13 14 190
22 71 56 64 -4 1 0 1.30 M M 8.0 17 330 M M 10 13 31 350
23 70 50 60 -8 5 0 0.00 M M 6.5 18 250 M M 2 28 230
24 75 47 61 -6 4 0 0.00 M M 4.3 13 170 M M 0 21 230
25 73 52 63 -4 2 0 0.06 M M 5.5 13 300 M M 2 1 19 280
26 77 49 63 -4 2 0 0.00 M M 4.6 14 200 M M 0 19 220
27 84 57 71 5 0 6 0.00 M M 9.7 20 220 M M 0 28 230
28 87 67 77 11 0 12 0.00 M M 6.0 13 220 M M 0 19 210
29 88 63 76 11 0 11 0.00 M M 1.2 8 290 M M 1 1 11 290
30 85 64 75 10 0 10 0.00 M M 3.4 9 70 M M 0 18 13 80
================================================================================
SM 2468 1847 14 227 4.75 M 160.3 M 76
================================================================================
AV 82.3 61.6 5.3 FASTST M M 3 MAX(MPH)
MISC ----> 21 240 # 31 250
================================================================================
NOTES:
# LAST OF SEVERAL OCCURRENCES
COLUMN 17 PEAK WIND IN M.P.H.
PRELIMINARY LOCAL CLIMATOLOGICAL DATA (WS FORM: F-6) , PAGE 2
STATION: LOUISVILLE BOWMAN KY
MONTH: SEPTEMBER
YEAR: 2021
LATITUDE: 38 13 N
LONGITUDE: 85 39 W
[TEMPERATURE DATA] [PRECIPITATION DATA] SYMBOLS USED IN COLUMN 16
AVERAGE MONTHLY: 71.9 TOTAL FOR MONTH: 4.75 1 = FOG OR MIST
DPTR FM NORMAL: 1.5 DPTR FM NORMAL: 1.14 2 = FOG REDUCING VISIBILITY
HIGHEST: 89 ON 18,17 GRTST 24HR 2.02 ON 19-20 TO 1/4 MILE OR LESS
LOWEST: 47 ON 24 3 = THUNDER
SNOW, ICE PELLETS, HAIL 4 = ICE PELLETS
TOTAL MONTH: M 5 = HAIL
GRTST 24HR M ON M 6 = FREEZING RAIN OR DRIZZLE
GRTST DEPTH: M ON M 7 = DUSTSTORM OR SANDSTORM:
VSBY 1/2 MILE OR LESS
8 = SMOKE OR HAZE
[NO. OF DAYS WITH] [WEATHER - DAYS WITH] 9 = BLOWING SNOW
X = TORNADO
MAX 32 OR BELOW: 0 0.01 INCH OR MORE: 8
MAX 90 OR ABOVE: 0 0.10 INCH OR MORE: 5
MIN 32 OR BELOW: 0 0.50 INCH OR MORE: 3
MIN 0 OR BELOW: 0 1.00 INCH OR MORE: 3
[HDD (BASE 65) ]
TOTAL THIS MO. 14 CLEAR (SCALE 0-3) 22
DPTR FM NORMAL -18 PTCLDY (SCALE 4-7) 5
TOTAL FM JUL 1 14 CLOUDY (SCALE 8-10) 3
DPTR FM NORMAL -15
[CDD (BASE 65) ]
TOTAL THIS MO. 227
DPTR FM NORMAL 33 [PRESSURE DATA]
TOTAL FM JAN 1 1590 HIGHEST SLP M ON M
DPTR FM NORMAL 87 LOWEST SLP 29.64 ON 1
[REMARKS]
#FINAL-09-21#