000
CXUS53 KLMK 010800
CF6LOU
PRELIMINARY LOCAL CLIMATOLOGICAL DATA (WS FORM: F-6)
STATION: LOUISVILLE BOWMAN KY
MONTH: JUNE
YEAR: 2020
LATITUDE: 38 13 N
LONGITUDE: 85 40 W
TEMPERATURE IN F: :PCPN: SNOW: WIND :SUNSHINE: SKY :PK WND
================================================================================
1 2 3 4 5 6A 6B 7 8 9 10 11 12 13 14 15 16 17 18
12Z AVG MX 2MIN
DY MAX MIN AVG DEP HDD CDD WTR SNW DPTH SPD SPD DIR MIN PSBL S-S WX SPD DR
================================================================================
1 80 47 64 -7 1 0 0.00 M M 3.4 12 130 M M 0 15 90
2 88 62 75 3 0 10 0.00 M M 8.6 18 230 M M 0 25 270
3 88 68 78 6 0 13 0.00 M M 9.1 17 230 M M 0 27 230
4 85 67 76 4 0 11 1.06 M M 8.1 22 180 M M 2 13 31 290
5 88 66 77 5 0 12 0.00 M M 2.5 12 260 M M 3 18 20 270
6 93 69 81 8 0 16 0.00 M M 2.6 9 310 M M 0 1 14 300
7 87 67 77 4 0 12 0.00 M M 7.2 16 40 M M 0 20 40
8 88 64 76 3 0 11 0.00 M M 8.1 15 100 M M 0 20 70
9 86 76 81 7 0 16 0.07 M M 13.4 25 200 M M 5 3 35 200
10 91 70 81 7 0 16 0.00 M M 16.1 31 220 M M 6 43 210
11 82 62 72 -2 0 7 0.00 M M 6.1 16 290 M M 1 30 280
12 87 57 72 -2 0 7 0.00 M M 3.5 15 10 M M 1 22 10
13 87 56 72 -3 0 7 0.00 M M 4.8 15 20 M M 0 20 340
14 76 60 68 -7 0 3 0.08 M M 5.8 15 30 M M 4 1 20 10
15 79 55 67 -8 0 2 0.00 M M 5.9 15 20 M M 1 20 30
16 80 61 71 -5 0 6 0.00 M M 8.3 20 90 M M 0 27 100
17 85 59 72 -4 0 7 0.00 M M 6.4 17 30 M M 2 22 30
18 85 61 73 -3 0 8 T M M 3.3 16 60 M M 2 22 60
19 89 66 78 2 0 13 T M M 4.0 13 270 M M 3 18 300
20 91 67 79 3 0 14 0.00 M M 3.7 13 240 M M 0 18 200
21 85 67 76 -1 0 11 0.58 M M 2.6 26 220 M M 5 13 37 250
22 88 66 77 0 0 12 1.11 M M 8.6 29 220 M M 4 1238 42 200
23 81 67 74 -3 0 9 0.19 M M 8.0 18 270 M M 4 138 26 240
24 83 65 74 -3 0 9 0.00 M M 4.8 13 250 M M 4 19 290
25 86 61 74 -3 0 9 0.00 M M 4.0 15 240 M M 2 24 200
26 89 65 77 0 0 12 0.00 M M 9.6 20 240 M M 1 26 240
27 83 70 77 0 0 12 0.14 M M 9.6 26 240 M M 8 138 43 230
28 84 70 77 -1 0 12 0.02 M M 5.6 14 220 M M 7 20 220
29 92 72 82 4 0 17 0.70 M M 4.9 17 50 M M 8 13 27 60
30 87 70 79 1 0 14 0.34 M M 6.5 16 320 M M 6 1 25 320
================================================================================
SM 2573 1933 1 308 4.29 M 195.1 M 79
================================================================================
AV 85.8 64.4 6.5 FASTST M M 3 MAX(MPH)
MISC ----> # 31 220 # 43 210
================================================================================
NOTES:
# LAST OF SEVERAL OCCURRENCES
COLUMN 17 PEAK WIND IN M.P.H.
PRELIMINARY LOCAL CLIMATOLOGICAL DATA (WS FORM: F-6) , PAGE 2
STATION: LOUISVILLE BOWMAN KY
MONTH: JUNE
YEAR: 2020
LATITUDE: 38 13 N
LONGITUDE: 85 40 W
[TEMPERATURE DATA] [PRECIPITATION DATA] SYMBOLS USED IN COLUMN 16
AVERAGE MONTHLY: 75.1 TOTAL FOR MONTH: 4.29 1 = FOG OR MIST
DPTR FM NORMAL: 0.0 DPTR FM NORMAL: 0.15 2 = FOG REDUCING VISIBILITY
HIGHEST: 93 ON 6 GRTST 24HR 1.11 ON 22-22 TO 1/4 MILE OR LESS
LOWEST: 47 ON 1 3 = THUNDER
SNOW, ICE PELLETS, HAIL 4 = ICE PELLETS
TOTAL MONTH: M 5 = HAIL
GRTST 24HR M ON M 6 = FREEZING RAIN OR DRIZZLE
GRTST DEPTH: M ON M 7 = DUSTSTORM OR SANDSTORM:
VSBY 1/2 MILE OR LESS
8 = SMOKE OR HAZE
[NO. OF DAYS WITH] [WEATHER - DAYS WITH] 9 = BLOWING SNOW
X = TORNADO
MAX 32 OR BELOW: 0 0.01 INCH OR MORE: 10
MAX 90 OR ABOVE: 4 0.10 INCH OR MORE: 7
MIN 32 OR BELOW: 0 0.50 INCH OR MORE: 4
MIN 0 OR BELOW: 0 1.00 INCH OR MORE: 2
[HDD (BASE 65) ]
TOTAL THIS MO. 1 CLEAR (SCALE 0-3) 19
DPTR FM NORMAL -2 PTCLDY (SCALE 4-7) 11
TOTAL FM JUL 1 3867 CLOUDY (SCALE 8-10) 0
DPTR FM NORMAL -401
[CDD (BASE 65) ]
TOTAL THIS MO. 308
DPTR FM NORMAL 3 [PRESSURE DATA]
TOTAL FM JAN 1 448 HIGHEST SLP 30.32 ON 1
DPTR FM NORMAL -4 LOWEST SLP 29.65 ON 10
[REMARKS]
#FINAL-06-20#