000
CXUS53 KJKL 011755
CLSLOZ
CLIMATE REPORT
NATIONAL WEATHER SERVICE JACKSON KY
155 PM EDT WED JUN 01 2022
...................................
...THE LONDON KY CLIMATE SUMMARY FOR THE SEASON, FROM
3/1/2022 TO 5/31/2022...
CLIMATE NORMAL PERIOD 1991 TO 2020
CLIMATE RECORD PERIOD 1954 TO 2022
WEATHER OBSERVED NORMAL DEPART LAST YEAR`S
VALUE DATE(S) VALUE FROM VALUE DATE(S)
NORMAL
................................................................
TEMPERATURE (F)
RECORD
HIGH 91 05/30/2006
LOW -12 03/03/1980
HIGHEST 88 05/31 MM MM 89 05/25
LOWEST 14 03/13 MM MM 23 03/07
03/08
AVG. MAXIMUM 69.0 68.1 0.9 68.3
AVG. MINIMUM 45.5 45.1 0.4 43.6
MEAN 57.2 56.6 0.6 55.9
DAYS MAX >= 90 0 0.2 -0.2 0
DAYS MAX <= 32 1 0.6 0.4 0
DAYS MIN <= 32 10 16.0 -6.0 16
DAYS MIN <= 0 0 0.0 0.0 0
PRECIPITATION (INCHES)
RECORD
MAXIMUM 23.01 2020
MINIMUM 5.03 2016
TOTALS 13.43 14.26 -0.83 9.95
DAILY AVG. 0.15 0.15 -0.00 0.11
DAYS >= .01 39 39.1 -0.1 28
DAYS >= .10 25 25.0 0.0 17
DAYS >= .50 9 10.4 -1.4 10
DAYS >= 1.00 5 3.4 1.6 2
GREATEST
24 HR. TOTAL 2.08 05/18 TO 05/19 2.08
SNOWFALL (INCHES)
RECORDS
TOTAL 31.0 1960
TOTALS MM MM MM MM
SINCE 7/1 MM MM MM MM
SNOWDEPTH AVG. MM MM
DAYS >= 1.0 MM MM MM MM
GREATEST
24 HR TOTAL MM MM
DEGREE DAYS
HEATING TOTAL 821 900 -79 902
SINCE 7/1 3786 4151 -365 MM
COOLING TOTAL 130 127 3 92
SINCE 1/1 130 127 3 MM
................................................................
WIND (MPH)
AVERAGE WIND SPEED 6.0
RESULTANT WIND SPEED/DIRECTION 2/230
HIGHEST WIND SPEED/DIRECTION 36/190 DATE 03/30
HIGHEST GUST SPEED/DIRECTION 55/170 DATE 03/30
SKY COVER
POSSIBLE SUNSHINE (PERCENT) MM
NUMBER OF DAYS FAIR 48
NUMBER OF DAYS PC 26
NUMBER OF DAYS CLOUDY 18
AVERAGE RH (PERCENT) 65
WEATHER CONDITIONS. NUMBER OF DAYS WITH
THUNDERSTORM 9 MIXED PRECIP 0
HEAVY RAIN 14 RAIN 19
LIGHT RAIN 41 FREEZING RAIN 0
LT FREEZING RAIN 0 HAIL 0
HEAVY SNOW 0 SNOW 0
LIGHT SNOW 3 SLEET 0
FOG 40 FOG W/VIS <= 1/4 MILE 2
HAZE 2
- INDICATES NEGATIVE NUMBERS.
R INDICATES RECORD WAS SET OR TIED.
MM INDICATES DATA IS MISSING.
T INDICATES TRACE AMOUNT.
$$
TAB