000
CDUS43 KARX 200702
CLILSE


CLIMATE REPORT
NATIONAL WEATHER SERVICE LA CROSSE WI
159 AM CDT FRI OCT 20 2017


...................................

...THE LA CROSSE WI CLIMATE SUMMARY FOR OCTOBER 19 2017...

CLIMATE NORMAL PERIOD 1981 TO 2010
CLIMATE RECORD PERIOD 1873 TO 2017


WEATHER ITEM   OBSERVED TIME   RECORD YEAR NORMAL DEPARTURE LAST
                VALUE   (LST)  VALUE       VALUE  FROM      YEAR
                                                  NORMAL
..................................................................
TEMPERATURE (F)
 YESTERDAY
  MAXIMUM         71    337 PM  82    2000  59     12       69
  MINIMUM         43    351 AM  15    1972  39      4       47
  AVERAGE         57                        49      8       58

PRECIPITATION (IN)
  YESTERDAY        0.00          1.00 1937   0.07  -0.07     0.00
  MONTH TO DATE    4.89                      1.42   3.47     0.42
  SINCE SEP 1      5.84                      4.98   0.86    10.88
  SINCE JAN 1     37.60                     28.94   8.66    39.60

SNOWFALL (IN)
  YESTERDAY        0.0           1.8  1992   0.0    0.0      0.0
  MONTH TO DATE    0.0                       0.0    0.0      0.0
  SINCE JUL 1      0.0                       0.0    0.0      0.0
  SNOW DEPTH       0

DEGREE DAYS
 HEATING
  YESTERDAY        8                        16     -8        7
  MONTH TO DATE  125                       246   -121      107
  SINCE JUL 1    173                       406   -233      127

 COOLING
  YESTERDAY        0                         0      0        0
  MONTH TO DATE   12                         7      5       13
  SINCE JAN 1    999                       781    218     1033
..................................................................


WIND (MPH)
  HIGHEST WIND SPEED    17   HIGHEST WIND DIRECTION     S (170)
  HIGHEST GUST SPEED    22   HIGHEST GUST DIRECTION     S (180)
  AVERAGE WIND SPEED     7.3


SKY COVER
  POSSIBLE SUNSHINE  MM
  AVERAGE SKY COVER 0.0


WEATHER CONDITIONS
 THE FOLLOWING WEATHER WAS RECORDED YESTERDAY.
  NO SIGNIFICANT WEATHER WAS OBSERVED.


RELATIVE HUMIDITY (PERCENT)
 HIGHEST    71           200 AM
 LOWEST     24           300 PM
 AVERAGE    48

..........................................................


THE LA CROSSE WI CLIMATE NORMALS FOR TODAY
                         NORMAL    RECORD    YEAR
 MAXIMUM TEMPERATURE (F)   58        84      1872
 MINIMUM TEMPERATURE (F)   39        19      1952


SUNRISE AND SUNSET
OCTOBER 20 2017.......SUNRISE   726 AM CDT   SUNSET   613 PM CDT
OCTOBER 21 2017.......SUNRISE   727 AM CDT   SUNSET   611 PM CDT


-  INDICATES NEGATIVE NUMBERS.
R  INDICATES RECORD WAS SET OR TIED.
MM INDICATES DATA IS MISSING.
T  INDICATES TRACE AMOUNT.




$$
