000
CDUS43 KARX 190754
CLILSE


CLIMATE REPORT
NATIONAL WEATHER SERVICE LA CROSSE WI
251 AM CDT SUN OCT 19 2014

...THE LA CROSSE WI CLIMATE SUMMARY FOR OCTOBER 18 2014...

CLIMATE NORMAL PERIOD 1981 TO 2010
CLIMATE RECORD PERIOD 1873 TO 2014

WEATHER ITEM   OBSERVED TIME   RECORD YEAR NORMAL DEPARTURE LAST
                VALUE   (LST)  VALUE       VALUE  FROM      YEAR
                                                  NORMAL
..................................................................
TEMPERATURE (F)
 YESTERDAY
  MAXIMUM         56    418 PM  87    1950  59     -3       54
  MINIMUM         37   1154 PM  18    1972  40     -3       38
  AVERAGE         47                        49     -2       46

PRECIPITATION (IN)
  YESTERDAY        0.00          1.70 1892   0.07  -0.07      T
  MONTH TO DATE    3.28                      1.35   1.93     3.60
  SINCE SEP 1      5.90                      4.91   0.99     5.21
  SINCE JAN 1     35.38                     28.87   6.51    32.36

SNOWFALL (IN)
  YESTERDAY        0.0           1.2  1991   0.0    0.0      0.0
  MONTH TO DATE    0.0                       0.0    0.0      0.0
  SINCE JUL 1      0.0                       0.0    0.0       T
  SNOW DEPTH       0

DEGREE DAYS
 HEATING
  YESTERDAY       18                        16      2       19
  MONTH TO DATE  241                       230     11      141
  SINCE JUL 1    363                       390    -27      221

 COOLING
  YESTERDAY        0                         0      0        0
  MONTH TO DATE    0                         7     -7        1
  SINCE JAN 1    822                       781     41      917
..................................................................

WIND (MPH)
  HIGHEST WIND SPEED    17   HIGHEST WIND DIRECTION     N (360)
  HIGHEST GUST SPEED    22   HIGHEST GUST DIRECTION     N (360)
  AVERAGE WIND SPEED     8.6

SKY COVER
  POSSIBLE SUNSHINE  MM
  AVERAGE SKY COVER 0.5

WEATHER CONDITIONS
 THE FOLLOWING WEATHER WAS RECORDED YESTERDAY.
  NO SIGNIFICANT WEATHER WAS OBSERVED.

RELATIVE HUMIDITY (PERCENT)
 HIGHEST    92          1100 PM
 LOWEST     41           400 PM
 AVERAGE    67
..........................................................

THE LA CROSSE WI CLIMATE NORMALS FOR TODAY
                         NORMAL    RECORD    YEAR
 MAXIMUM TEMPERATURE (F)   59        82      2000
 MINIMUM TEMPERATURE (F)   39        15      1972

SUNRISE AND SUNSET
OCTOBER 19 2014.......SUNRISE   724 AM CDT   SUNSET   615 PM CDT
OCTOBER 20 2014.......SUNRISE   726 AM CDT   SUNSET   613 PM CDT

-  INDICATES NEGATIVE NUMBERS.
R  INDICATES RECORD WAS SET OR TIED.
MM INDICATES DATA IS MISSING.
T  INDICATES TRACE AMOUNT.

$$

BOYNE
