000
CDUS43 KARX 272132
CLILSE


CLIMATE REPORT
NATIONAL WEATHER SERVICE LA CROSSE WI
431 PM CDT WED MAY 27 2015


...................................

...THE LA CROSSE WI CLIMATE SUMMARY FOR MAY 27 2015...
VALID TODAY AS OF 0400 PM LOCAL TIME.

CLIMATE NORMAL PERIOD 1981 TO 2010
CLIMATE RECORD PERIOD 1873 TO 2015


WEATHER ITEM   OBSERVED TIME   RECORD YEAR NORMAL DEPARTURE LAST
                VALUE   (LST)  VALUE       VALUE  FROM      YEAR
                                                  NORMAL
..................................................................
TEMPERATURE (F)
 TODAY
  MAXIMUM         82    259 PM  96    1874  74      8       85
  MINIMUM         60    524 AM  30    1971  52      8       67
  AVERAGE         71                        63      8       76

PRECIPITATION (IN)
  TODAY            0.02          2.36 1956   0.12  -0.10     0.07
  MONTH TO DATE    3.98                      3.04   0.94     1.88
  SINCE MAR 1      8.95                      8.42   0.53    10.22
  SINCE JAN 1     10.16                     10.59  -0.43    12.58

SNOWFALL (IN)
  TODAY            0.0           0.0  2002   0.0    0.0      0.0
                                      2001
  MONTH TO DATE    0.0                       0.1   -0.1      0.0
  SINCE JUL 1     38.8                      43.4   -4.6     48.9
  SNOW DEPTH       0

DEGREE DAYS
 HEATING
  TODAY            0                         4     -4        0
  MONTH TO DATE  132                       189    -57      195
  SINCE JUL 1   7039                      7141   -102     8135

 COOLING
  TODAY            6                         2      4       11
  MONTH TO DATE   48                        32     16       31
  SINCE JAN 1     49                        39     10       31
..................................................................


WIND (MPH)
  HIGHEST WIND SPEED    15   HIGHEST WIND DIRECTION    SW (230)
  HIGHEST GUST SPEED    19   HIGHEST GUST DIRECTION     S (160)
  AVERAGE WIND SPEED     6.1


SKY COVER
  POSSIBLE SUNSHINE  MM
  AVERAGE SKY COVER 0.5


WEATHER CONDITIONS
 THE FOLLOWING WEATHER WAS RECORDED TODAY.
  LIGHT RAIN
  FOG


RELATIVE HUMIDITY (PERCENT)
 HIGHEST    90           100 AM
 LOWEST     45           300 PM
 AVERAGE    68

..........................................................


THE LA CROSSE WI CLIMATE NORMALS FOR TOMORROW
                         NORMAL    RECORD    YEAR
 MAXIMUM TEMPERATURE (F)   74        95      1874
 MINIMUM TEMPERATURE (F)   52        34      1947


SUNRISE AND SUNSET
MAY 27 2015...........SUNRISE   529 AM CDT   SUNSET   836 PM CDT
MAY 28 2015...........SUNRISE   528 AM CDT   SUNSET   837 PM CDT


-  INDICATES NEGATIVE NUMBERS.
R  INDICATES RECORD WAS SET OR TIED.
MM INDICATES DATA IS MISSING.
T  INDICATES TRACE AMOUNT.




$$
