000
CDUS43 KARX 100641
CLILSE


CLIMATE REPORT
NATIONAL WEATHER SERVICE LA CROSSE WI
1240 AM CST WED FEB 10 2016


...................................

...THE LA CROSSE WI CLIMATE SUMMARY FOR FEBRUARY 9 2016...

CLIMATE NORMAL PERIOD 1981 TO 2010
CLIMATE RECORD PERIOD 1873 TO 2016


WEATHER ITEM   OBSERVED TIME   RECORD YEAR NORMAL DEPARTURE LAST
                VALUE   (LST)  VALUE       VALUE  FROM      YEAR
                                                  NORMAL
..................................................................
TEMPERATURE (F)
 YESTERDAY
  MAXIMUM         15    423 PM  51    1966  29    -14       31
  MINIMUM          2    955 PM -32    1899  12    -10       13
  AVERAGE          9                        20    -11       22

PRECIPITATION (IN)
  YESTERDAY        T             0.81 1894   0.03  -0.03     0.00
  MONTH TO DATE    0.69                      0.31   0.38     0.35
  SINCE DEC 1      6.49                      2.79   3.70     2.12
  SINCE JAN 1      1.56                      1.43   0.13     1.02

SNOWFALL (IN)
  YESTERDAY        T             4.4  1909   0.3   -0.3      0.0
  MONTH TO DATE    9.8                       2.9    6.9      6.6
  SINCE JUL 1     26.4                      29.2   -2.8     25.8
  SNOW DEPTH       6

DEGREE DAYS
 HEATING
  YESTERDAY       56                        45     11       43
  MONTH TO DATE  388                       410    -22      439
  SINCE JUL 1   3827                      4729   -902     4546

 COOLING
  YESTERDAY        0                         0      0        0
  MONTH TO DATE    0                         0      0        0
  SINCE JAN 1      0                         0      0        0
..................................................................


WIND (MPH)
  HIGHEST WIND SPEED    23   HIGHEST WIND DIRECTION    NW (330)
  HIGHEST GUST SPEED    28   HIGHEST GUST DIRECTION     N (340)
  AVERAGE WIND SPEED    13.7


SKY COVER
  POSSIBLE SUNSHINE  MM
  AVERAGE SKY COVER 0.3


WEATHER CONDITIONS
 THE FOLLOWING WEATHER WAS RECORDED YESTERDAY.
  LIGHT SNOW


RELATIVE HUMIDITY (PERCENT)
 HIGHEST    76           900 AM
 LOWEST     51           300 PM
 AVERAGE    64

..........................................................


THE LA CROSSE WI CLIMATE NORMALS FOR TODAY
                         NORMAL    RECORD    YEAR
 MAXIMUM TEMPERATURE (F)   30        51      2009
                                             1886
 MINIMUM TEMPERATURE (F)   12       -32      1899


SUNRISE AND SUNSET
FEBRUARY 10 2016......SUNRISE   712 AM CST   SUNSET   527 PM CST
FEBRUARY 11 2016......SUNRISE   710 AM CST   SUNSET   529 PM CST


-  INDICATES NEGATIVE NUMBERS.
R  INDICATES RECORD WAS SET OR TIED.
MM INDICATES DATA IS MISSING.
T  INDICATES TRACE AMOUNT.




$$
