000
CDUS43 KARX 260759
CLILSE


CLIMATE REPORT
NATIONAL WEATHER SERVICE LA CROSSE WI
254 AM CDT SAT JUL 26 2014

...THE LA CROSSE WI CLIMATE SUMMARY FOR JULY 25 2014...

CLIMATE NORMAL PERIOD 1981 TO 2010
CLIMATE RECORD PERIOD 1873 TO 2014

WEATHER ITEM   OBSERVED TIME   RECORD YEAR NORMAL DEPARTURE LAST
                VALUE   (LST)  VALUE       VALUE  FROM      YEAR
                                                  NORMAL
..................................................................
TEMPERATURE (F)
 YESTERDAY
  MAXIMUM         79        MM  98    1874  84     -5       82
  MINIMUM         64        MM  50    1891  63      1       59
  AVERAGE         72                        74     -2       71

PRECIPITATION (IN)
  YESTERDAY        0.54          1.53 2005   0.14   0.40     0.74
  MONTH TO DATE    4.26                      3.44   0.82     1.33
  SINCE JUN 1     10.96                      7.78   3.18     7.15
  SINCE JAN 1     24.12                     18.85   5.27    26.08

SNOWFALL (IN)
  YESTERDAY        0.0           T    2013   0.0    0.0       T
  MONTH TO DATE    0.0                       0.0    0.0       T
  SINCE JUL 1      0.0                       0.0    0.0       T
  SNOW DEPTH       0

DEGREE DAYS
 HEATING
  YESTERDAY        0                         0      0        0
  MONTH TO DATE    3                         0      3        0
  SINCE JUL 1      3                         0      3        0

 COOLING
  YESTERDAY        7                         9     -2        6
  MONTH TO DATE  165                       224    -59      294
  SINCE JAN 1    446                       438      8      508
..................................................................

WIND (MPH)
  HIGHEST WIND SPEED    16   HIGHEST WIND DIRECTION     S (180)
  HIGHEST GUST SPEED    33   HIGHEST GUST DIRECTION     S (180)
  AVERAGE WIND SPEED     9.9

SKY COVER
  POSSIBLE SUNSHINE  MM
  AVERAGE SKY COVER 0.7

WEATHER CONDITIONS
 THE FOLLOWING WEATHER WAS RECORDED YESTERDAY.
  THUNDERSTORM
  HEAVY RAIN
  RAIN
  LIGHT RAIN
  FOG

RELATIVE HUMIDITY (PERCENT)
 HIGHEST    84          1100 PM
 LOWEST     62           500 PM
 AVERAGE    73
..........................................................

THE LA CROSSE WI CLIMATE NORMALS FOR TODAY
                         NORMAL    RECORD    YEAR
 MAXIMUM TEMPERATURE (F)   84       101      1955
 MINIMUM TEMPERATURE (F)   63        48      1911

SUNRISE AND SUNSET
JULY 26 2014..........SUNRISE   547 AM CDT   SUNSET   835 PM CDT
JULY 27 2014..........SUNRISE   548 AM CDT   SUNSET   834 PM CDT

-  INDICATES NEGATIVE NUMBERS.
R  INDICATES RECORD WAS SET OR TIED.
MM INDICATES DATA IS MISSING.
T  INDICATES TRACE AMOUNT.

$$

BOYNE
