000
CDUS43 KARX 230652
CLILSE


CLIMATE REPORT
NATIONAL WEATHER SERVICE LA CROSSE WI
1252 AM CST SUN NOV 23 2014


...................................

...THE LA CROSSE WI CLIMATE SUMMARY FOR NOVEMBER 22 2014...

CLIMATE NORMAL PERIOD 1981 TO 2010
CLIMATE RECORD PERIOD 1873 TO 2014


WEATHER ITEM   OBSERVED TIME   RECORD YEAR NORMAL DEPARTURE LAST
                VALUE   (LST)  VALUE       VALUE  FROM      YEAR
                                                  NORMAL
..................................................................
TEMPERATURE (F)
 YESTERDAY
  MAXIMUM         49   1159 PM  64    2012  40      9       35
  MINIMUM         34    555 AM  -3    1880  25      9       24
  AVERAGE         42                        32     10       30

PRECIPITATION (IN)
  YESTERDAY        T             1.44 1963   0.07  -0.07     0.09
  MONTH TO DATE    0.39                      1.49  -1.10     1.77
  SINCE SEP 1      6.54                      7.22  -0.68     7.22
  SINCE JAN 1     36.02                     31.18   4.84    34.37

SNOWFALL (IN)
  YESTERDAY        T             6.1  1909   0.2   -0.2      0.7
  MONTH TO DATE    4.6                       2.2    2.4      1.0
  SINCE JUL 1      4.6                       2.4    2.2      1.0
  SNOW DEPTH       1

DEGREE DAYS
 HEATING
  YESTERDAY       23                        33    -10       35
  MONTH TO DATE  738                       590    148      574
  SINCE JUL 1   1298                      1218     80     1088

 COOLING
  YESTERDAY        0                         0      0        0
  MONTH TO DATE    0                         0      0        0
  SINCE JAN 1    822                       782     40      917
..................................................................


WIND (MPH)
  HIGHEST WIND SPEED    17   HIGHEST WIND DIRECTION     S (180)
  HIGHEST GUST SPEED    20   HIGHEST GUST DIRECTION     S (180)
  AVERAGE WIND SPEED     8.8


SKY COVER
  POSSIBLE SUNSHINE  MM
  AVERAGE SKY COVER 1.0


WEATHER CONDITIONS
 THE FOLLOWING WEATHER WAS RECORDED YESTERDAY.
  LIGHT RAIN
  LIGHT SNOW
  FOG


RELATIVE HUMIDITY (PERCENT)
 HIGHEST   100           700 PM
 LOWEST     59          1200 AM
 AVERAGE    80

..........................................................


THE LA CROSSE WI CLIMATE NORMALS FOR TODAY
                         NORMAL    RECORD    YEAR
 MAXIMUM TEMPERATURE (F)   39        61      1931
 MINIMUM TEMPERATURE (F)   24        -2      1950
                                             1898


SUNRISE AND SUNSET
NOVEMBER 23 2014......SUNRISE   710 AM CST   SUNSET   433 PM CST
NOVEMBER 24 2014......SUNRISE   711 AM CST   SUNSET   432 PM CST


-  INDICATES NEGATIVE NUMBERS.
R  INDICATES RECORD WAS SET OR TIED.
MM INDICATES DATA IS MISSING.
T  INDICATES TRACE AMOUNT.




$$
