000
CDUS43 KARX 162229
CLILSE


CLIMATE REPORT
NATIONAL WEATHER SERVICE LA CROSSE WI
427 PM CST THU FEB 16 2017


...................................

...THE LA CROSSE WI CLIMATE SUMMARY FOR FEBRUARY 16 2017...
VALID TODAY AS OF 0400 PM LOCAL TIME.

CLIMATE NORMAL PERIOD 1981 TO 2010
CLIMATE RECORD PERIOD 1873 TO 2017


WEATHER ITEM   OBSERVED TIME   RECORD YEAR NORMAL DEPARTURE LAST
                VALUE   (LST)  VALUE       VALUE  FROM      YEAR
                                                  NORMAL
..................................................................
TEMPERATURE (F)
 TODAY
  MAXIMUM         43    324 PM  60    1981  32     11       36
                                      1921
  MINIMUM         25    528 AM -23    1936  14     11       17
  AVERAGE         34                        23     11       27

PRECIPITATION (IN)
  TODAY            0.00          0.75 1932   0.04  -0.04     0.01
  MONTH TO DATE    0.03                      0.56  -0.53     0.78
  SINCE DEC 1      4.91                      3.04   1.87     6.58
  SINCE JAN 1      2.72                      1.68   1.04     1.65

SNOWFALL (IN)
  TODAY            0.0           8.0  2006   0.3   -0.3       T
  MONTH TO DATE    0.5                       4.9   -4.4     10.8
  SINCE JUL 1     30.8                      31.2   -0.4     27.4
  SNOW DEPTH       T

DEGREE DAYS
 HEATING
  TODAY           31                        42    -11       38
  MONTH TO DATE  597                       713   -116      756
  SINCE JUL 1   3994                      5032  -1038     4195

 COOLING
  TODAY            0                         0      0        0
  MONTH TO DATE    0                         0      0        0
  SINCE JAN 1      0                         0      0        0
..................................................................


WIND (MPH)
  HIGHEST WIND SPEED    17   HIGHEST WIND DIRECTION    SE (150)
  HIGHEST GUST SPEED    21   HIGHEST GUST DIRECTION     S (160)
  AVERAGE WIND SPEED     7.4


SKY COVER
  POSSIBLE SUNSHINE  MM
  AVERAGE SKY COVER 0.1


WEATHER CONDITIONS
 THE FOLLOWING WEATHER WAS RECORDED TODAY.
  NO SIGNIFICANT WEATHER WAS OBSERVED.


RELATIVE HUMIDITY (PERCENT)
 HIGHEST    81           600 AM
 LOWEST     37          1100 AM
 AVERAGE    59

..........................................................


THE LA CROSSE WI CLIMATE NORMALS FOR TOMORROW
                         NORMAL    RECORD    YEAR
 MAXIMUM TEMPERATURE (F)   32        64      1981
 MINIMUM TEMPERATURE (F)   14       -26      1979


SUNRISE AND SUNSET
FEBRUARY 16 2017......SUNRISE   702 AM CST   SUNSET   537 PM CST
FEBRUARY 17 2017......SUNRISE   700 AM CST   SUNSET   538 PM CST


-  INDICATES NEGATIVE NUMBERS.
R  INDICATES RECORD WAS SET OR TIED.
MM INDICATES DATA IS MISSING.
T  INDICATES TRACE AMOUNT.




$$
