000
CDUS43 KARX 202138
CLILSE


CLIMATE REPORT
NATIONAL WEATHER SERVICE LA CROSSE WI
437 PM CDT THU JUL 20 2017


...................................

...THE LA CROSSE WI CLIMATE SUMMARY FOR JULY 20 2017...
VALID TODAY AS OF 0400 PM LOCAL TIME.

CLIMATE NORMAL PERIOD 1981 TO 2010
CLIMATE RECORD PERIOD 1873 TO 2017


WEATHER ITEM   OBSERVED TIME   RECORD YEAR NORMAL DEPARTURE LAST
                VALUE   (LST)  VALUE       VALUE  FROM      YEAR
                                                  NORMAL
..................................................................
TEMPERATURE (F)
 TODAY
  MAXIMUM         88    259 PM 103    1901  84      4       89
  MINIMUM         70    410 AM  49    1970  63      7       71
                                      1966
  AVERAGE         79                        74      5       80

PRECIPITATION (IN)
  TODAY            2.30          2.60 1883   0.14   2.16     0.00
  MONTH TO DATE    6.74                      2.76   3.98     2.85
  SINCE JUN 1     12.12                      7.10   5.02     9.58
  SINCE JAN 1     29.81                     18.17  11.64    20.06

SNOWFALL (IN)
  TODAY            0.0           0.0  2002   0.0    0.0      0.0
                                      2001
  MONTH TO DATE    0.0                       0.0    0.0      0.0
  SINCE JUL 1      0.0                       0.0    0.0      0.0
  SNOW DEPTH       0

DEGREE DAYS
 HEATING
  TODAY            0                         0      0        0
  MONTH TO DATE    0                         0      0        0
  SINCE JUL 1      0                         0      0        0

 COOLING
  TODAY           14                         9      5       15
  MONTH TO DATE  237                       179     58      189
  SINCE JAN 1    508                       393    115      487
..................................................................


WIND (MPH)
  HIGHEST WIND SPEED    26   HIGHEST WIND DIRECTION     N (360)
  HIGHEST GUST SPEED    33   HIGHEST GUST DIRECTION     N (350)
  AVERAGE WIND SPEED     7.3


SKY COVER
  POSSIBLE SUNSHINE  MM
  AVERAGE SKY COVER 0.5


WEATHER CONDITIONS
 THE FOLLOWING WEATHER WAS RECORDED TODAY.
  THUNDERSTORM
  HEAVY RAIN
  RAIN
  LIGHT RAIN
  FOG
  FOG W/VISIBILITY <= 1/4 MILE


RELATIVE HUMIDITY (PERCENT)
 HIGHEST    93          1200 AM
 LOWEST     59           100 PM
 AVERAGE    76

..........................................................


THE LA CROSSE WI CLIMATE NORMALS FOR TOMORROW
                         NORMAL    RECORD    YEAR
 MAXIMUM TEMPERATURE (F)   84       104      1901
 MINIMUM TEMPERATURE (F)   63        47      1992


SUNRISE AND SUNSET
JULY 20 2017..........SUNRISE   541 AM CDT   SUNSET   841 PM CDT
JULY 21 2017..........SUNRISE   542 AM CDT   SUNSET   840 PM CDT


-  INDICATES NEGATIVE NUMBERS.
R  INDICATES RECORD WAS SET OR TIED.
MM INDICATES DATA IS MISSING.
T  INDICATES TRACE AMOUNT.




$$
