272
CDUS43 KARX 060652
CLILSE


CLIMATE REPORT
NATIONAL WEATHER SERVICE LA CROSSE WI
1251 AM CST SAT FEB 6 2016

...THE LA CROSSE WI CLIMATE SUMMARY FOR FEBRUARY 5 2016...

CLIMATE NORMAL PERIOD 1981 TO 2010
CLIMATE RECORD PERIOD 1873 TO 2016

WEATHER ITEM   OBSERVED TIME   RECORD YEAR NORMAL DEPARTURE LAST
                VALUE   (LST)  VALUE       VALUE  FROM      YEAR
                                                  NORMAL
..................................................................
TEMPERATURE (F)
 YESTERDAY
  MAXIMUM         26    458 PM  54    1946  28     -2       16
                                      1878
  MINIMUM          1    752 AM -24    1895  10     -9       -9
  AVERAGE         14                        19     -5        4

PRECIPITATION (IN)
  YESTERDAY        T             0.52 1908   0.04  -0.04     0.00
  MONTH TO DATE    0.58                      0.18   0.40     0.35
  SINCE DEC 1      6.38                      2.66   3.72     2.12
  SINCE JAN 1      1.45                      1.30   0.15     1.02

SNOWFALL (IN)
  YESTERDAY        T             5.2  1971   0.3   -0.3      0.0
  MONTH TO DATE    8.4                       1.7    6.7      6.6
  SINCE JUL 1     25.0                      28.0   -3.0     25.8
  SNOW DEPTH      11

DEGREE DAYS
 HEATING
  YESTERDAY       51                        46      5       61
  MONTH TO DATE  220                       230    -10      282
  SINCE JUL 1   3659                      4549   -890     4389

 COOLING
  YESTERDAY        0                         0      0        0
  MONTH TO DATE    0                         0      0        0
  SINCE JAN 1      0                         0      0        0
..................................................................

WIND (MPH)
  HIGHEST WIND SPEED    12   HIGHEST WIND DIRECTION     S (170)
  HIGHEST GUST SPEED    15   HIGHEST GUST DIRECTION     S (180)
  AVERAGE WIND SPEED     4.9

SKY COVER
  POSSIBLE SUNSHINE  MM
  AVERAGE SKY COVER 0.6


WEATHER CONDITIONS
 THE FOLLOWING WEATHER WAS RECORDED YESTERDAY.
  LIGHT SNOW
  FOG
  FOG W/VISIBILITY <= 1/4 MILE
  HAZE

RELATIVE HUMIDITY (PERCENT)
 HIGHEST    92           200 AM
 LOWEST     60           200 PM
 AVERAGE    76
..........................................................

THE LA CROSSE WI CLIMATE NORMALS FOR TODAY
                         NORMAL    RECORD    YEAR
 MAXIMUM TEMPERATURE (F)   29        59      1878
 MINIMUM TEMPERATURE (F)   11       -22      1982

SUNRISE AND SUNSET
FEBRUARY  6 2016......SUNRISE   717 AM CST   SUNSET   522 PM CST
FEBRUARY  7 2016......SUNRISE   715 AM CST   SUNSET   523 PM CST

-  INDICATES NEGATIVE NUMBERS.
R  INDICATES RECORD WAS SET OR TIED.
MM INDICATES DATA IS MISSING.
T  INDICATES TRACE AMOUNT.

$$

BOYNE
