583
CDUS43 KARX 200635
CLILSE


CLIMATE REPORT
NATIONAL WEATHER SERVICE LA CROSSE WI
1235 AM CST TUE FEB 20 2018


...................................

...THE LA CROSSE WI CLIMATE SUMMARY FOR FEBRUARY 19 2018...

CLIMATE NORMAL PERIOD 1981 TO 2010
CLIMATE RECORD PERIOD 1873 TO 2018


WEATHER ITEM   OBSERVED TIME   RECORD YEAR NORMAL DEPARTURE LAST
                VALUE   (LST)  VALUE       VALUE  FROM      YEAR
                                                  NORMAL
..................................................................
TEMPERATURE (F)
 YESTERDAY
  MAXIMUM         40    149 AM  65    2017  33      7       65
  MINIMUM         31    534 AM -20    1929  15     16       28
  AVERAGE         36                        24     12       47

PRECIPITATION (IN)
  YESTERDAY        0.01          0.96 2002   0.04  -0.03     0.00
  MONTH TO DATE    0.49                      0.67  -0.18     0.03
  SINCE DEC 1      2.40                      3.15  -0.75     4.91
  SINCE JAN 1      1.87                      1.79   0.08     2.72

SNOWFALL (IN)
  YESTERDAY        0.0           7.3  1917   0.3   -0.3      0.0
  MONTH TO DATE    7.7                       5.7    2.0      0.5
  SINCE JUL 1     22.9                      32.0   -9.1     30.8
  SNOW DEPTH       T

DEGREE DAYS
 HEATING
  YESTERDAY       29                        41    -12       18
  MONTH TO DATE  917                       838     79      655
  SINCE JUL 1   4902                      5157   -255     4052

 COOLING
  YESTERDAY        0                         0      0        0
  MONTH TO DATE    0                         0      0        0
  SINCE JAN 1      0                         0      0        0
..................................................................


WIND (MPH)
  HIGHEST WIND SPEED    16   HIGHEST WIND DIRECTION    NE (60)
  HIGHEST GUST SPEED    23   HIGHEST GUST DIRECTION     E (70)
  AVERAGE WIND SPEED     6.8


SKY COVER
  POSSIBLE SUNSHINE  MM
  AVERAGE SKY COVER 0.9


WEATHER CONDITIONS
 THE FOLLOWING WEATHER WAS RECORDED YESTERDAY.
  LIGHT RAIN
  FOG
  HAZE


RELATIVE HUMIDITY (PERCENT)
 HIGHEST    96           900 PM
 LOWEST     70          1200 AM
 AVERAGE    83

..........................................................


THE LA CROSSE WI CLIMATE NORMALS FOR TODAY
                         NORMAL    RECORD    YEAR
 MAXIMUM TEMPERATURE (F)   33        61      1930
 MINIMUM TEMPERATURE (F)   15       -27      1929


SUNRISE AND SUNSET
FEBRUARY 20 2018......SUNRISE   656 AM CST   SUNSET   542 PM CST
FEBRUARY 21 2018......SUNRISE   655 AM CST   SUNSET   543 PM CST


-  INDICATES NEGATIVE NUMBERS.
R  INDICATES RECORD WAS SET OR TIED.
MM INDICATES DATA IS MISSING.
T  INDICATES TRACE AMOUNT.




$$
