000
CDUS43 KARX 062231
CLILSE


CLIMATE REPORT
NATIONAL WEATHER SERVICE LA CROSSE WI
430 PM CST WED DEC 6 2017


...................................

...THE LA CROSSE WI CLIMATE SUMMARY FOR DECEMBER 6 2017...
VALID TODAY AS OF 0400 PM LOCAL TIME.

CLIMATE NORMAL PERIOD 1981 TO 2010
CLIMATE RECORD PERIOD 1873 TO 2017


WEATHER ITEM   OBSERVED TIME   RECORD YEAR NORMAL DEPARTURE LAST
                VALUE   (LST)  VALUE       VALUE  FROM      YEAR
                                                  NORMAL
..................................................................
TEMPERATURE (F)
 TODAY
  MAXIMUM         30    126 PM  55    1939  32     -2       37
  MINIMUM         20    758 AM -16    1972  18      2       23
  AVERAGE         25                        25      0       30

PRECIPITATION (IN)
  TODAY            0.00          0.78 1875   0.06  -0.06     0.05
  MONTH TO DATE    0.24                      0.33  -0.09     0.36
  SINCE DEC 1      0.24                      0.33  -0.09     0.36
  SINCE JAN 1     39.31                     32.03   7.28    42.93

SNOWFALL (IN)
  TODAY            0.0           2.2  1996   0.4   -0.4      0.6
                                      1950
  MONTH TO DATE    T                         2.2   -2.2      2.9
  SINCE JUL 1      T                         6.5   -6.5      2.9
  SNOW DEPTH       0

DEGREE DAYS
 HEATING
  TODAY           40                        40      0       35
  MONTH TO DATE  170                       234    -64      179
  SINCE JUL 1   1407                      1734   -327     1038

 COOLING
  TODAY            0                         0      0        0
  MONTH TO DATE    0                         0      0        0
  SINCE JAN 1   1001                       782    219     1033
..................................................................


WIND (MPH)
  HIGHEST WIND SPEED    23   HIGHEST WIND DIRECTION    NW (300)
  HIGHEST GUST SPEED    29   HIGHEST GUST DIRECTION     W (290)
  AVERAGE WIND SPEED    14.8


SKY COVER
  POSSIBLE SUNSHINE  MM
  AVERAGE SKY COVER 0.2


WEATHER CONDITIONS
 THE FOLLOWING WEATHER WAS RECORDED TODAY.
  NO SIGNIFICANT WEATHER WAS OBSERVED.


RELATIVE HUMIDITY (PERCENT)
 HIGHEST    67           600 AM
 LOWEST     53          1200 PM
 AVERAGE    60

..........................................................


THE LA CROSSE WI CLIMATE NORMALS FOR TOMORROW
                         NORMAL    RECORD    YEAR
 MAXIMUM TEMPERATURE (F)   32        57      1916
 MINIMUM TEMPERATURE (F)   17       -20      1882


SUNRISE AND SUNSET
DECEMBER  6 2017......SUNRISE   725 AM CST   SUNSET   427 PM CST
DECEMBER  7 2017......SUNRISE   726 AM CST   SUNSET   427 PM CST


-  INDICATES NEGATIVE NUMBERS.
R  INDICATES RECORD WAS SET OR TIED.
MM INDICATES DATA IS MISSING.
T  INDICATES TRACE AMOUNT.




$$
