000
CDUS43 KARX 250712
CLILSE


CLIMATE REPORT
NATIONAL WEATHER SERVICE LA CROSSE WI
206 AM CDT MON AUG 25 2014

...THE LA CROSSE WI CLIMATE SUMMARY FOR AUGUST 24 2014...

CLIMATE NORMAL PERIOD 1981 TO 2010
CLIMATE RECORD PERIOD 1873 TO 2014

WEATHER ITEM   OBSERVED TIME   RECORD YEAR NORMAL DEPARTURE LAST
                VALUE   (LST)  VALUE       VALUE  FROM      YEAR
                                                  NORMAL
..................................................................
TEMPERATURE (F)
 YESTERDAY
  MAXIMUM         90    409 PM 102    1948  81      9       88
  MINIMUM         72    613 AM  41    1934  61     11       65
                                      1891
  AVERAGE         81                        70     11       77

PRECIPITATION (IN)
  YESTERDAY        0.00          1.50 1905   0.12  -0.12     0.00
  MONTH TO DATE    2.39                      3.38  -0.99     1.04
  SINCE JUN 1     14.09                     11.98   2.11     8.22
  SINCE JAN 1     27.25                     23.05   4.20    27.15

SNOWFALL (IN)
  YESTERDAY        0.0           0.0  2002   0.0    0.0      0.0
                                      2001
  MONTH TO DATE    0.0                       0.0    0.0      0.0
  SINCE JUL 1      0.0                       0.0    0.0       T
  SNOW DEPTH       0

DEGREE DAYS
 HEATING
  YESTERDAY        0                         1     -1        0
  MONTH TO DATE    0                         4     -4        2
  SINCE JUL 1      3                         9     -6       14

 COOLING
  YESTERDAY       16                         6     10       12
  MONTH TO DATE  213                       176     37      130
  SINCE JAN 1    692                       663     29      655
..................................................................

WIND (MPH)
  HIGHEST WIND SPEED    18   HIGHEST WIND DIRECTION    SE (150)
  HIGHEST GUST SPEED    22   HIGHEST GUST DIRECTION    SE (140)
  AVERAGE WIND SPEED    11.1

SKY COVER
  POSSIBLE SUNSHINE  MM
  AVERAGE SKY COVER 0.3

WEATHER CONDITIONS
 THE FOLLOWING WEATHER WAS RECORDED YESTERDAY.
  NO SIGNIFICANT WEATHER WAS OBSERVED.

RELATIVE HUMIDITY (PERCENT)
 HIGHEST    90           600 AM
 LOWEST     59           300 PM
 AVERAGE    75
..........................................................

THE LA CROSSE WI CLIMATE NORMALS FOR TODAY
                         NORMAL    RECORD    YEAR
 MAXIMUM TEMPERATURE (F)   80        97      1948
 MINIMUM TEMPERATURE (F)   60        43      1958

SUNRISE AND SUNSET
AUGUST 25 2014........SUNRISE   620 AM CDT   SUNSET   753 PM CDT
AUGUST 26 2014........SUNRISE   622 AM CDT   SUNSET   751 PM CDT

-  INDICATES NEGATIVE NUMBERS.
R  INDICATES RECORD WAS SET OR TIED.
MM INDICATES DATA IS MISSING.
T  INDICATES TRACE AMOUNT.

$$

BOYNE
