000
CDUS43 KARX 240652
CLILSE


CLIMATE REPORT
NATIONAL WEATHER SERVICE LA CROSSE WI
150 AM CDT MON AUG 24 2015

...THE LA CROSSE WI CLIMATE SUMMARY FOR AUGUST 23 2015...

CLIMATE NORMAL PERIOD 1981 TO 2010
CLIMATE RECORD PERIOD 1873 TO 2015

WEATHER ITEM   OBSERVED TIME   RECORD YEAR NORMAL DEPARTURE LAST
                VALUE   (LST)  VALUE       VALUE  FROM      YEAR
                                                  NORMAL
..................................................................
TEMPERATURE (F)
 YESTERDAY
  MAXIMUM         73    409 PM 101    1948  81     -8       81
  MINIMUM         57    611 AM  43    1891  61     -4       72
                                      1890
  AVERAGE         65                        71     -6       77

PRECIPITATION (IN)
  YESTERDAY        0.14          1.73 1895   0.13   0.01     0.29
  MONTH TO DATE    1.31                      3.26  -1.95     2.39
  SINCE JUN 1      8.63                     11.86  -3.23    14.09
  SINCE JAN 1     21.22                     22.93  -1.71    27.25

SNOWFALL (IN)
  YESTERDAY        0.0           0.0  2002   0.0    0.0      0.0
                                      2001
  MONTH TO DATE    0.0                       0.0    0.0      0.0
  SINCE JUL 1      0.0                       0.0    0.0      0.0
  SNOW DEPTH       0

DEGREE DAYS
 HEATING
  YESTERDAY        0                         1     -1        0
  MONTH TO DATE    2                         3     -1        0
  SINCE JUL 1      5                         8     -3        3

 COOLING
  YESTERDAY        0                         6     -6       12
  MONTH TO DATE  195                       170     25      197
  SINCE JAN 1    677                       657     20      676
..................................................................

WIND (MPH)
  HIGHEST WIND SPEED    28   HIGHEST WIND DIRECTION     W (270)
  HIGHEST GUST SPEED    36   HIGHEST GUST DIRECTION     W (270)
  AVERAGE WIND SPEED    15.0

SKY COVER
  POSSIBLE SUNSHINE  MM
  AVERAGE SKY COVER 0.8

WEATHER CONDITIONS
 THE FOLLOWING WEATHER WAS RECORDED YESTERDAY.
  THUNDERSTORM
  HEAVY RAIN
  LIGHT RAIN
  FOG

RELATIVE HUMIDITY (PERCENT)
 HIGHEST    84           400 AM
 LOWEST     44           400 PM
 AVERAGE    64
..........................................................

THE LA CROSSE WI CLIMATE NORMALS FOR TODAY
                         NORMAL    RECORD    YEAR
 MAXIMUM TEMPERATURE (F)   81       102      1948
 MINIMUM TEMPERATURE (F)   61        41      1934
                                             1891

SUNRISE AND SUNSET
AUGUST 24 2015........SUNRISE   619 AM CDT   SUNSET   755 PM CDT
AUGUST 25 2015........SUNRISE   620 AM CDT   SUNSET   753 PM CDT

-  INDICATES NEGATIVE NUMBERS.
R  INDICATES RECORD WAS SET OR TIED.
MM INDICATES DATA IS MISSING.
T  INDICATES TRACE AMOUNT.

$$

BOYNE
