000
CDUS43 KARX 152229
CLILSE


CLIMATE REPORT
NATIONAL WEATHER SERVICE LA CROSSE WI
428 PM CST WED FEB 15 2017


...................................

...THE LA CROSSE WI CLIMATE SUMMARY FOR FEBRUARY 15 2017...
VALID TODAY AS OF 0400 PM LOCAL TIME.

CLIMATE NORMAL PERIOD 1981 TO 2010
CLIMATE RECORD PERIOD 1873 TO 2017


WEATHER ITEM   OBSERVED TIME   RECORD YEAR NORMAL DEPARTURE LAST
                VALUE   (LST)  VALUE       VALUE  FROM      YEAR
                                                  NORMAL
..................................................................
TEMPERATURE (F)
 TODAY
  MAXIMUM         37    245 PM  65    1921  31      6       28
  MINIMUM         22    716 AM -16    1905  14      8       17
                                      1875
  AVERAGE         30                        22      8       23

PRECIPITATION (IN)
  TODAY            0.00          0.69 1942   0.04  -0.04      T
  MONTH TO DATE    0.03                      0.52  -0.49     0.77
  SINCE DEC 1      4.91                      3.00   1.91     6.57
  SINCE JAN 1      2.72                      1.64   1.08     1.64

SNOWFALL (IN)
  TODAY            0.0           7.6  1942   0.3   -0.3       T
  MONTH TO DATE    0.5                       4.6   -4.1     10.8
  SINCE JUL 1     30.8                      30.9   -0.1     27.4
  SNOW DEPTH       T

DEGREE DAYS
 HEATING
  TODAY           35                        43     -8       42
  MONTH TO DATE  566                       671   -105      718
  SINCE JUL 1   3963                      4990  -1027     4157

 COOLING
  TODAY            0                         0      0        0
  MONTH TO DATE    0                         0      0        0
  SINCE JAN 1      0                         0      0        0
..................................................................


WIND (MPH)
  HIGHEST WIND SPEED    16   HIGHEST WIND DIRECTION    NW (310)
  HIGHEST GUST SPEED    20   HIGHEST GUST DIRECTION     N (340)
  AVERAGE WIND SPEED    11.0


SKY COVER
  POSSIBLE SUNSHINE  MM
  AVERAGE SKY COVER 0.1


WEATHER CONDITIONS
 THE FOLLOWING WEATHER WAS RECORDED TODAY.
  NO SIGNIFICANT WEATHER WAS OBSERVED.


RELATIVE HUMIDITY (PERCENT)
 HIGHEST    68           700 AM
 LOWEST     38           200 PM
 AVERAGE    53

..........................................................


THE LA CROSSE WI CLIMATE NORMALS FOR TOMORROW
                         NORMAL    RECORD    YEAR
 MAXIMUM TEMPERATURE (F)   32        60      1981
                                             1921
 MINIMUM TEMPERATURE (F)   14       -23      1936


SUNRISE AND SUNSET
FEBRUARY 15 2017......SUNRISE   703 AM CST   SUNSET   535 PM CST
FEBRUARY 16 2017......SUNRISE   702 AM CST   SUNSET   537 PM CST


-  INDICATES NEGATIVE NUMBERS.
R  INDICATES RECORD WAS SET OR TIED.
MM INDICATES DATA IS MISSING.
T  INDICATES TRACE AMOUNT.




$$
