084
CDUS43 KARX 260650
CLILSE


CLIMATE REPORT
NATIONAL WEATHER SERVICE LA CROSSE WI
149 AM CDT FRI MAY 26 2017

...THE LA CROSSE WI CLIMATE SUMMARY FOR MAY 25 2017...

CLIMATE NORMAL PERIOD 1981 TO 2010
CLIMATE RECORD PERIOD 1873 TO 2017


WEATHER ITEM   OBSERVED TIME   RECORD YEAR NORMAL DEPARTURE LAST
                VALUE   (LST)  VALUE       VALUE  FROM      YEAR
                                                  NORMAL
..................................................................
TEMPERATURE (F)
 YESTERDAY
  MAXIMUM         74    459 PM  91    1980  73      1       80
                                      1911
  MINIMUM         44    450 AM  34    1979  51     -7       60
                                      1925
  AVERAGE         59                        62     -3       70

PRECIPITATION (IN)
  YESTERDAY        0.05          1.59 1879   0.12  -0.07     0.10
  MONTH TO DATE    7.07                      2.80   4.27     1.54
  SINCE MAR 1     13.70                      8.18   5.52     6.23
  SINCE JAN 1     17.56                     10.35   7.21     7.88

SNOWFALL (IN)
  YESTERDAY        0.0           0.0  2002   0.0    0.0      0.0
                                      2001
  MONTH TO DATE    T                         0.1   -0.1      0.0
  SINCE JUL 1     42.2                      43.4   -1.2     40.3
  SNOW DEPTH       0

DEGREE DAYS
 HEATING
  YESTERDAY        6                         4      2        0
  MONTH TO DATE  203                       181     22      192
  SINCE JUL 1   5757                      7133  -1376     5949

 COOLING
  YESTERDAY        0                         2     -2        5
  MONTH TO DATE   27                        28     -1       31
  SINCE JAN 1     33                        35     -2       42
..................................................................


WIND (MPH)
  HIGHEST WIND SPEED    13   HIGHEST WIND DIRECTION    SW (230)
  HIGHEST GUST SPEED    15   HIGHEST GUST DIRECTION    SW (220)
  AVERAGE WIND SPEED     4.4


SKY COVER
  POSSIBLE SUNSHINE  MM
  AVERAGE SKY COVER 0.4


WEATHER CONDITIONS
 THE FOLLOWING WEATHER WAS RECORDED YESTERDAY.
  LIGHT RAIN
  FOG
  FOG W/VISIBILITY <= 1/4 MILE


RELATIVE HUMIDITY (PERCENT)
 HIGHEST   100           300 AM
 LOWEST     49           500 PM
 AVERAGE    75

..........................................................


THE LA CROSSE WI CLIMATE NORMALS FOR TODAY
                         NORMAL    RECORD    YEAR
 MAXIMUM TEMPERATURE (F)   74        94      1967
 MINIMUM TEMPERATURE (F)   52        34      1925

SUNRISE AND SUNSET
MAY 26 2017...........SUNRISE   529 AM CDT   SUNSET   836 PM CDT
MAY 27 2017...........SUNRISE   528 AM CDT   SUNSET   836 PM CDT

-  INDICATES NEGATIVE NUMBERS.
R  INDICATES RECORD WAS SET OR TIED.
MM INDICATES DATA IS MISSING.
T  INDICATES TRACE AMOUNT.

$$

BOYNE
