790
CDUS43 KARX 180643
CLILSE


CLIMATE REPORT
NATIONAL WEATHER SERVICE LA CROSSE WI
1241 AM CST THU JAN 18 2018


...................................

...THE LA CROSSE WI CLIMATE SUMMARY FOR JANUARY 17 2018...

CLIMATE NORMAL PERIOD 1981 TO 2010
CLIMATE RECORD PERIOD 1873 TO 2018


WEATHER ITEM   OBSERVED TIME   RECORD YEAR NORMAL DEPARTURE LAST
                VALUE   (LST)  VALUE       VALUE  FROM      YEAR
                                                  NORMAL
..................................................................
TEMPERATURE (F)
 YESTERDAY
  MAXIMUM         25    422 PM  56    1894  26     -1       36
  MINIMUM         -6    116 AM -30    1873   8    -14       34
  AVERAGE         10                        17     -7       35

PRECIPITATION (IN)
  YESTERDAY        0.00          0.42 1897   0.04  -0.04     0.13
  MONTH TO DATE    0.46                      0.60  -0.14     1.76
  SINCE DEC 1      0.99                      1.96  -0.97     3.95
  SINCE JAN 1      0.46                      0.60  -0.14     1.76

SNOWFALL (IN)
  YESTERDAY        0.0           4.4  2008   0.4   -0.4       T
  MONTH TO DATE    8.1                       5.3    2.8      4.6
  SINCE JUL 1     12.5                      20.9   -8.4     25.4
  SNOW DEPTH       5

DEGREE DAYS
 HEATING
  YESTERDAY       55                        48      7       30
  MONTH TO DATE  912                       812    100      816
  SINCE JUL 1   3476                      3656   -180     2951

 COOLING
  YESTERDAY        0                         0      0        0
  MONTH TO DATE    0                         0      0        0
  SINCE JAN 1      0                         0      0        0
..................................................................


WIND (MPH)
  HIGHEST WIND SPEED    24   HIGHEST WIND DIRECTION     S (200)
  HIGHEST GUST SPEED    34   HIGHEST GUST DIRECTION    SW (210)
  AVERAGE WIND SPEED    10.4


SKY COVER
  POSSIBLE SUNSHINE  MM
  AVERAGE SKY COVER 0.0


WEATHER CONDITIONS
 THE FOLLOWING WEATHER WAS RECORDED YESTERDAY.
  NO SIGNIFICANT WEATHER WAS OBSERVED.


RELATIVE HUMIDITY (PERCENT)
 HIGHEST    87           500 AM
 LOWEST     50           100 PM
 AVERAGE    69

..........................................................


THE LA CROSSE WI CLIMATE NORMALS FOR TODAY
                         NORMAL    RECORD    YEAR
 MAXIMUM TEMPERATURE (F)   26        53      1880
 MINIMUM TEMPERATURE (F)    8       -43      1873


SUNRISE AND SUNSET
JANUARY 18 2018.......SUNRISE   734 AM CST   SUNSET   457 PM CST
JANUARY 19 2018.......SUNRISE   734 AM CST   SUNSET   458 PM CST


-  INDICATES NEGATIVE NUMBERS.
R  INDICATES RECORD WAS SET OR TIED.
MM INDICATES DATA IS MISSING.
T  INDICATES TRACE AMOUNT.




$$
