000
CDUS43 KARX 130807
CLILSE


CLIMATE REPORT
NATIONAL WEATHER SERVICE LA CROSSE WI
305 AM CDT FRI OCT 13 2017

...THE LA CROSSE WI CLIMATE SUMMARY FOR OCTOBER 12 2017...

CLIMATE NORMAL PERIOD 1981 TO 2010
CLIMATE RECORD PERIOD 1873 TO 2017

WEATHER ITEM   OBSERVED TIME   RECORD YEAR NORMAL DEPARTURE LAST
                VALUE   (LST)  VALUE       VALUE  FROM      YEAR
                                                  NORMAL
..................................................................
TEMPERATURE (F)
 YESTERDAY
  MAXIMUM         62    137 PM  87    1995  62      0       62
  MINIMUM         55    646 AM  21    1988  42     13       45
  AVERAGE         59                        52      7       54

PRECIPITATION (IN)
  YESTERDAY        T             1.28 1882   0.07  -0.07     0.12
  MONTH TO DATE    4.05                      0.95   3.10     0.39
  SINCE SEP 1      5.00                      4.51   0.49    10.85
  SINCE JAN 1     36.76                     28.47   8.29    39.57

SNOWFALL (IN)
  YESTERDAY        0.0           0.6  1909   0.0    0.0      0.0
  MONTH TO DATE    0.0                       0.0    0.0      0.0
  SINCE JUL 1      0.0                       0.0    0.0      0.0
  SNOW DEPTH       0

DEGREE DAYS
 HEATING
  YESTERDAY        6                        14     -8       11
  MONTH TO DATE   61                       141    -80       63
  SINCE JUL 1    109                       301   -192       83

 COOLING
  YESTERDAY        0                         0      0        0
  MONTH TO DATE   11                         7      4        7
  SINCE JAN 1    998                       781    217     1027
..................................................................

WIND (MPH)
  HIGHEST WIND SPEED    13   HIGHEST WIND DIRECTION    SE (150)
  HIGHEST GUST SPEED    17   HIGHEST GUST DIRECTION    SE (150)
  AVERAGE WIND SPEED     8.0

SKY COVER
  POSSIBLE SUNSHINE  MM
  AVERAGE SKY COVER 1.0

WEATHER CONDITIONS
 THE FOLLOWING WEATHER WAS RECORDED YESTERDAY.
  LIGHT RAIN
  FOG

RELATIVE HUMIDITY (PERCENT)
 HIGHEST    93           200 AM
 LOWEST     78           200 PM
 AVERAGE    86

..........................................................

THE LA CROSSE WI CLIMATE NORMALS FOR TODAY
                         NORMAL    RECORD    YEAR
 MAXIMUM TEMPERATURE (F)   61        86      1975
 MINIMUM TEMPERATURE (F)   41        19      1917

SUNRISE AND SUNSET
OCTOBER 13 2017.......SUNRISE   717 AM CDT   SUNSET   624 PM CDT
OCTOBER 14 2017.......SUNRISE   719 AM CDT   SUNSET   623 PM CDT

-  INDICATES NEGATIVE NUMBERS.
R  INDICATES RECORD WAS SET OR TIED.
MM INDICATES DATA IS MISSING.
T  INDICATES TRACE AMOUNT.

$$

Boyne
