000
CDUS43 KARX 040653
CLILSE


CLIMATE REPORT
NATIONAL WEATHER SERVICE LA CROSSE WI
152 AM CDT SAT JUL 4 2015


...................................

...THE LA CROSSE WI CLIMATE SUMMARY FOR JULY 3 2015...

CLIMATE NORMAL PERIOD 1981 TO 2010
CLIMATE RECORD PERIOD 1873 TO 2015


WEATHER ITEM   OBSERVED TIME   RECORD YEAR NORMAL DEPARTURE LAST
                VALUE   (LST)  VALUE       VALUE  FROM      YEAR
                                                  NORMAL
..................................................................
TEMPERATURE (F)
 YESTERDAY
  MAXIMUM         79    350 PM 100    1990  84     -5       78
  MINIMUM         54    452 AM  49    1968  63     -9       51
  AVERAGE         67                        74     -7       65

PRECIPITATION (IN)
  YESTERDAY        0.00          2.45 1977   0.14  -0.14     0.00
  MONTH TO DATE    0.00                      0.41  -0.41     0.10
  SINCE JUN 1      3.70                      4.75  -1.05     6.80
  SINCE JAN 1     16.29                     15.82   0.47    19.96

SNOWFALL (IN)
  YESTERDAY        0.0           0.0  2002   0.0    0.0      0.0
                                      2001
  MONTH TO DATE    0.0                       0.0    0.0      0.0
  SINCE JUL 1      0.0                       0.0    0.0      0.0
  SNOW DEPTH       0

DEGREE DAYS
 HEATING
  YESTERDAY        0                         0      0        0
  MONTH TO DATE    3                         0      3        1
  SINCE JUL 1      3                         0      3        1

 COOLING
  YESTERDAY        2                         9     -7        0
  MONTH TO DATE    2                        26    -24        6
  SINCE JAN 1    234                       240     -6      287
..................................................................


WIND (MPH)
  HIGHEST WIND SPEED     9   HIGHEST WIND DIRECTION     W (250)
  HIGHEST GUST SPEED    12   HIGHEST GUST DIRECTION    SE (140)
  AVERAGE WIND SPEED     4.6


SKY COVER
  POSSIBLE SUNSHINE  MM
  AVERAGE SKY COVER 0.1


WEATHER CONDITIONS
 THE FOLLOWING WEATHER WAS RECORDED YESTERDAY.
  FOG


RELATIVE HUMIDITY (PERCENT)
 HIGHEST    93           100 AM
 LOWEST     48           300 PM
 AVERAGE    71

..........................................................


THE LA CROSSE WI CLIMATE NORMALS FOR TODAY
                         NORMAL    RECORD    YEAR
 MAXIMUM TEMPERATURE (F)   84       103      2012
 MINIMUM TEMPERATURE (F)   63        44      1967


SUNRISE AND SUNSET
JULY  4 2015..........SUNRISE   528 AM CDT   SUNSET   850 PM CDT
JULY  5 2015..........SUNRISE   529 AM CDT   SUNSET   850 PM CDT


-  INDICATES NEGATIVE NUMBERS.
R  INDICATES RECORD WAS SET OR TIED.
MM INDICATES DATA IS MISSING.
T  INDICATES TRACE AMOUNT.




$$
