000
CDUS43 KARX 240642
CLILSE


CLIMATE REPORT
NATIONAL WEATHER SERVICE LA CROSSE WI
1241 AM CST MON NOV 24 2014


...................................

...THE LA CROSSE WI CLIMATE SUMMARY FOR NOVEMBER 23 2014...

CLIMATE NORMAL PERIOD 1981 TO 2010
CLIMATE RECORD PERIOD 1873 TO 2014


WEATHER ITEM   OBSERVED TIME   RECORD YEAR NORMAL DEPARTURE LAST
                VALUE   (LST)  VALUE       VALUE  FROM      YEAR
                                                  NORMAL
..................................................................
TEMPERATURE (F)
 YESTERDAY
  MAXIMUM         53    222 AM  61    1931  39     14       26
  MINIMUM         39   1159 PM  -2    1950  24     15        9
                                      1898
  AVERAGE         46                        32     14       18

PRECIPITATION (IN)
  YESTERDAY        0.28          1.42 1999   0.06   0.22      T
  MONTH TO DATE    0.67                      1.55  -0.88     1.77
  SINCE SEP 1      6.82                      7.28  -0.46     7.22
  SINCE JAN 1     36.30                     31.24   5.06    34.37

SNOWFALL (IN)
  YESTERDAY        0.0          13.0  1991   0.2   -0.2       T
  MONTH TO DATE    4.6                       2.4    2.2      1.0
  SINCE JUL 1      4.6                       2.6    2.0      1.0
  SNOW DEPTH       0

DEGREE DAYS
 HEATING
  YESTERDAY       19                        33    -14       47
  MONTH TO DATE  757                       623    134      621
  SINCE JUL 1   1317                      1251     66     1135

 COOLING
  YESTERDAY        0                         0      0        0
  MONTH TO DATE    0                         0      0        0
  SINCE JAN 1    822                       782     40      917
..................................................................


WIND (MPH)
  HIGHEST WIND SPEED    20   HIGHEST WIND DIRECTION     S (180)
  HIGHEST GUST SPEED    25   HIGHEST GUST DIRECTION     S (200)
  AVERAGE WIND SPEED     9.0


SKY COVER
  POSSIBLE SUNSHINE  MM
  AVERAGE SKY COVER 1.0


WEATHER CONDITIONS
 THE FOLLOWING WEATHER WAS RECORDED YESTERDAY.
  RAIN
  LIGHT RAIN
  FOG
  FOG W/VISIBILITY <= 1/4 MILE


RELATIVE HUMIDITY (PERCENT)
 HIGHEST    93          1200 AM
 LOWEST     89           200 AM
 AVERAGE    91

..........................................................


THE LA CROSSE WI CLIMATE NORMALS FOR TODAY
                         NORMAL    RECORD    YEAR
 MAXIMUM TEMPERATURE (F)   39        62      1931
 MINIMUM TEMPERATURE (F)   24        -6      1898


SUNRISE AND SUNSET
NOVEMBER 24 2014......SUNRISE   711 AM CST   SUNSET   432 PM CST
NOVEMBER 25 2014......SUNRISE   712 AM CST   SUNSET   431 PM CST


-  INDICATES NEGATIVE NUMBERS.
R  INDICATES RECORD WAS SET OR TIED.
MM INDICATES DATA IS MISSING.
T  INDICATES TRACE AMOUNT.




$$
