000
CDUS43 KARX 012232
CLILSE


CLIMATE REPORT
NATIONAL WEATHER SERVICE LA CROSSE WI
432 PM CST SUN MAR 1 2015


...................................

...THE LA CROSSE WI CLIMATE SUMMARY FOR MARCH 1 2015...
VALID TODAY AS OF 0400 PM LOCAL TIME.

CLIMATE NORMAL PERIOD 1981 TO 2010
CLIMATE RECORD PERIOD 1873 TO 2015


WEATHER ITEM   OBSERVED TIME   RECORD YEAR NORMAL DEPARTURE LAST
                VALUE   (LST)  VALUE       VALUE  FROM      YEAR
                                                  NORMAL
..................................................................
TEMPERATURE (F)
 TODAY
  MAXIMUM         28    102 PM  62    1992  37     -9       15
  MINIMUM          9    542 AM -28    1962  19    -10       -2
  AVERAGE         19                        28     -9        7

PRECIPITATION (IN)
  TODAY            T             1.24 1888   0.05  -0.05     0.03
  MONTH TO DATE    T                         0.05  -0.05     0.03
  SINCE MAR 1      T                         0.05  -0.05     0.03
  SINCE JAN 1      1.21                      2.22  -1.01     2.39

SNOWFALL (IN)
  TODAY            0.0           6.7  1932   0.3   -0.3      0.8
  MONTH TO DATE    0.0                       0.3   -0.3      0.8
  SINCE JUL 1     28.4                      34.8   -6.4     41.7
  SNOW DEPTH       5

DEGREE DAYS
 HEATING
  TODAY           46                        37      9       58
  MONTH TO DATE   46                        37      9       58
  SINCE JUL 1   5652                      5546    106     6248

 COOLING
  TODAY            0                         0      0        0
  MONTH TO DATE    0                         0      0        0
  SINCE JAN 1      0                         0      0        0
..................................................................


WIND (MPH)
  HIGHEST WIND SPEED    20   HIGHEST WIND DIRECTION     W (260)
  HIGHEST GUST SPEED    24   HIGHEST GUST DIRECTION     W (270)
  AVERAGE WIND SPEED     8.7


SKY COVER
  POSSIBLE SUNSHINE  MM
  AVERAGE SKY COVER 0.6


WEATHER CONDITIONS
 THE FOLLOWING WEATHER WAS RECORDED TODAY.
  FOG
  HAZE


RELATIVE HUMIDITY (PERCENT)
 HIGHEST    84           800 AM
 LOWEST     42           300 PM
 AVERAGE    63

..........................................................


THE LA CROSSE WI CLIMATE NORMALS FOR TOMORROW
                         NORMAL    RECORD    YEAR
 MAXIMUM TEMPERATURE (F)   37        65      1923
 MINIMUM TEMPERATURE (F)   20       -16      1890


SUNRISE AND SUNSET
MARCH  1 2015.........SUNRISE   642 AM CST   SUNSET   553 PM CST
MARCH  2 2015.........SUNRISE   640 AM CST   SUNSET   555 PM CST


-  INDICATES NEGATIVE NUMBERS.
R  INDICATES RECORD WAS SET OR TIED.
MM INDICATES DATA IS MISSING.
T  INDICATES TRACE AMOUNT.




$$
