949
CDUS43 KARX 190654
CLILSE


CLIMATE REPORT
NATIONAL WEATHER SERVICE LA CROSSE WI
1253 AM CST SUN NOV 19 2017


...................................

...THE LA CROSSE WI CLIMATE SUMMARY FOR NOVEMBER 18 2017...

CLIMATE NORMAL PERIOD 1981 TO 2010
CLIMATE RECORD PERIOD 1873 TO 2017


WEATHER ITEM   OBSERVED TIME   RECORD YEAR NORMAL DEPARTURE LAST
                VALUE   (LST)  VALUE       VALUE  FROM      YEAR
                                                  NORMAL
..................................................................
TEMPERATURE (F)
 YESTERDAY
  MAXIMUM         45    133 PM  68    1999  42      3       67
                                      1953
                                      1941
  MINIMUM         28   1159 PM   0    1891  27      1       35
                                      1872
  AVERAGE         37                        35      2       51

PRECIPITATION (IN)
  YESTERDAY        0.00          1.12 1957   0.06  -0.06     0.03
  MONTH TO DATE    0.34                      1.21  -0.87     0.03
  SINCE SEP 1      7.30                      6.94   0.36    12.72
  SINCE JAN 1     39.06                     30.90   8.16    41.44

SNOWFALL (IN)
  YESTERDAY        0.0          11.0  1957   0.2   -0.2       T
  MONTH TO DATE    T                         1.5   -1.5       T
  SINCE JUL 1      T                         1.7   -1.7       T
  SNOW DEPTH       0

DEGREE DAYS
 HEATING
  YESTERDAY       28                        30     -2       14
  MONTH TO DATE  529                       462     67      232
  SINCE JUL 1    921                      1090   -169      535

 COOLING
  YESTERDAY        0                         0      0        0
  MONTH TO DATE    0                         0      0        0
  SINCE JAN 1   1001                       782    219     1033
..................................................................


WIND (MPH)
  HIGHEST WIND SPEED    26   HIGHEST WIND DIRECTION    NW (330)
  HIGHEST GUST SPEED    32   HIGHEST GUST DIRECTION    NW (330)
  AVERAGE WIND SPEED    14.6


SKY COVER
  POSSIBLE SUNSHINE  MM
  AVERAGE SKY COVER 0.7


WEATHER CONDITIONS
 THE FOLLOWING WEATHER WAS RECORDED YESTERDAY.
  FOG


RELATIVE HUMIDITY (PERCENT)
 HIGHEST    92           100 AM
 LOWEST     53           300 PM
 AVERAGE    73

..........................................................


THE LA CROSSE WI CLIMATE NORMALS FOR TODAY
                         NORMAL    RECORD    YEAR
 MAXIMUM TEMPERATURE (F)   42        73      1930
 MINIMUM TEMPERATURE (F)   26         2      1914


SUNRISE AND SUNSET
NOVEMBER 19 2017......SUNRISE   705 AM CST   SUNSET   435 PM CST
NOVEMBER 20 2017......SUNRISE   706 AM CST   SUNSET   435 PM CST


-  INDICATES NEGATIVE NUMBERS.
R  INDICATES RECORD WAS SET OR TIED.
MM INDICATES DATA IS MISSING.
T  INDICATES TRACE AMOUNT.




$$
