000
CDUS43 KARX 100709
CLILSE


CLIMATE REPORT
NATIONAL WEATHER SERVICE LA CROSSE WI
209 AM CDT THU JUL 10 2014


...................................

...THE LA CROSSE WI CLIMATE SUMMARY FOR JULY 9 2014...

CLIMATE NORMAL PERIOD 1981 TO 2010
CLIMATE RECORD PERIOD 1873 TO 2014


WEATHER ITEM   OBSERVED TIME   RECORD YEAR NORMAL DEPARTURE LAST
                VALUE   (LST)  VALUE       VALUE  FROM      YEAR
                                                  NORMAL
..................................................................
TEMPERATURE (F)
 YESTERDAY
  MAXIMUM         79    504 PM 102    1936  84     -5       91
  MINIMUM         59    503 AM  46    1895  63     -4       72
  AVERAGE         69                        74     -5       82

PRECIPITATION (IN)
  YESTERDAY        0.00          2.44 1912   0.14  -0.14     0.13
  MONTH TO DATE    0.56                      1.24  -0.68     0.27
  SINCE JUN 1      7.26                      5.58   1.68     6.09
  SINCE JAN 1     20.42                     16.65   3.77    25.02

SNOWFALL (IN)
  YESTERDAY        0.0           0.0  2002   0.0    0.0      0.0
                                      2001
  MONTH TO DATE    0.0                       0.0    0.0      0.0
  SINCE JUL 1      0.0                       0.0    0.0      0.0
  SNOW DEPTH       0

DEGREE DAYS
 HEATING
  YESTERDAY        0                         0      0        0
  MONTH TO DATE    1                         0      1        0
  SINCE JUL 1      1                         0      1        0

 COOLING
  YESTERDAY        4                         9     -5       17
  MONTH TO DATE   52                        80    -28      106
  SINCE JAN 1    333                       294     39      320
..................................................................


WIND (MPH)
  HIGHEST WIND SPEED    13   HIGHEST WIND DIRECTION    NW (320)
  HIGHEST GUST SPEED    17   HIGHEST GUST DIRECTION    NW (320)
  AVERAGE WIND SPEED     6.8


SKY COVER
  POSSIBLE SUNSHINE  MM
  AVERAGE SKY COVER 0.0


WEATHER CONDITIONS
 THE FOLLOWING WEATHER WAS RECORDED YESTERDAY.
  NO SIGNIFICANT WEATHER WAS OBSERVED.


RELATIVE HUMIDITY (PERCENT)
 HIGHEST    84           100 AM
 LOWEST     39           300 PM
 AVERAGE    62

..........................................................


THE LA CROSSE WI CLIMATE NORMALS FOR TODAY
                         NORMAL    RECORD    YEAR
 MAXIMUM TEMPERATURE (F)   85       100      1980
                                             1936
 MINIMUM TEMPERATURE (F)   64        48      1895


SUNRISE AND SUNSET
JULY 10 2014..........SUNRISE   532 AM CDT   SUNSET   848 PM CDT
JULY 11 2014..........SUNRISE   533 AM CDT   SUNSET   847 PM CDT


-  INDICATES NEGATIVE NUMBERS.
R  INDICATES RECORD WAS SET OR TIED.
MM INDICATES DATA IS MISSING.
T  INDICATES TRACE AMOUNT.




$$
