084
CDUS43 KARX 190638
CLILSE


CLIMATE REPORT
NATIONAL WEATHER SERVICE LA CROSSE WI
138 AM CDT TUE SEP 19 2017


...................................

...THE LA CROSSE WI CLIMATE SUMMARY FOR SEPTEMBER 18 2017...

CLIMATE NORMAL PERIOD 1981 TO 2010
CLIMATE RECORD PERIOD 1873 TO 2017


WEATHER ITEM   OBSERVED TIME   RECORD YEAR NORMAL DEPARTURE LAST
                VALUE   (LST)  VALUE       VALUE  FROM      YEAR
                                                  NORMAL
..................................................................
TEMPERATURE (F)
 YESTERDAY
  MAXIMUM         69    220 PM  95    1955  72     -3       83
  MINIMUM         52    431 AM  32    1929  51      1       54
  AVERAGE         61                        62     -1       69

PRECIPITATION (IN)
  YESTERDAY        0.17          1.60 1942   0.12   0.05     0.00
  MONTH TO DATE    0.36                      2.20  -1.84     5.62
  SINCE SEP 1      0.36                      2.20  -1.84     5.62
  SINCE JAN 1     32.12                     26.16   5.96    34.34

SNOWFALL (IN)
  YESTERDAY        0.0           9.0  2001   0.0    0.0      0.0
  MONTH TO DATE    0.0                       0.0    0.0      0.0
  SINCE JUL 1      0.0                       0.0    0.0      0.0
  SNOW DEPTH       0

DEGREE DAYS
 HEATING
  YESTERDAY        4                         5     -1        0
  MONTH TO DATE   27                        52    -25        1
  SINCE JUL 1     27                        72    -45        1

 COOLING
  YESTERDAY        0                         2     -2        4
  MONTH TO DATE   81                        60     21       75
  SINCE JAN 1    896                       760    136      984
..................................................................


WIND (MPH)
  HIGHEST WIND SPEED    12   HIGHEST WIND DIRECTION    SE (150)
  HIGHEST GUST SPEED    15   HIGHEST GUST DIRECTION    SE (150)
  AVERAGE WIND SPEED     3.7


SKY COVER
  POSSIBLE SUNSHINE  MM
  AVERAGE SKY COVER 0.7


WEATHER CONDITIONS
 THE FOLLOWING WEATHER WAS RECORDED YESTERDAY.
  RAIN
  LIGHT RAIN
  FOG


RELATIVE HUMIDITY (PERCENT)
 HIGHEST    97           900 PM
 LOWEST     47          1100 AM
 AVERAGE    72

..........................................................


THE LA CROSSE WI CLIMATE NORMALS FOR TODAY
                         NORMAL    RECORD    YEAR
 MAXIMUM TEMPERATURE (F)   72        94      1895
 MINIMUM TEMPERATURE (F)   51        34      1929


SUNRISE AND SUNSET
SEPTEMBER 19 2017.....SUNRISE   649 AM CDT   SUNSET   707 PM CDT
SEPTEMBER 20 2017.....SUNRISE   650 AM CDT   SUNSET   706 PM CDT


-  INDICATES NEGATIVE NUMBERS.
R  INDICATES RECORD WAS SET OR TIED.
MM INDICATES DATA IS MISSING.
T  INDICATES TRACE AMOUNT.




$$
