000
CDUS43 KARX 070708
CLILSE


CLIMATE REPORT
NATIONAL WEATHER SERVICE LA CROSSE WI
205 AM CDT MON APR 7 2014

...THE LA CROSSE WI CLIMATE SUMMARY FOR APRIL 6 2014...

CLIMATE NORMAL PERIOD 1981 TO 2010
CLIMATE RECORD PERIOD 1873 TO 2014

WEATHER ITEM   OBSERVED TIME   RECORD YEAR NORMAL DEPARTURE LAST
                VALUE   (LST)  VALUE       VALUE  FROM      YEAR
                                                  NORMAL
..................................................................
TEMPERATURE (F)
 YESTERDAY
  MAXIMUM         66    312 PM  91    1991  55     11       59
  MINIMUM         40    112 AM   7    1982  34      6       39
  AVERAGE         53                        44      9       49

PRECIPITATION (IN)
  YESTERDAY        T             1.56 1932   0.10  -0.10     0.17
  MONTH TO DATE    0.56                      0.55   0.01     0.20
  SINCE MAR 1      1.87                      2.59  -0.72     2.32
  SINCE JAN 1      4.23                      4.76  -0.53     4.72

SNOWFALL (IN)
  YESTERDAY        0.0           6.0  1911   0.0    0.0      0.0
                                      2001
  MONTH TO DATE    0.6                       0.5    0.1      0.0
  SINCE JUL 1     47.2                      42.1    5.1     55.6
  SNOW DEPTH       0

DEGREE DAYS
 HEATING
  YESTERDAY       12                        21     -9       16
  MONTH TO DATE  156                       132     24      168
  SINCE JUL 1   7501                      6585    916     6692

 COOLING
  YESTERDAY        0                         0      0        0
  MONTH TO DATE    0                         0      0        0
  SINCE JAN 1      0                         0      0        0
..................................................................

WIND (MPH)
  HIGHEST WIND SPEED    26   HIGHEST WIND DIRECTION    SW (210)
  HIGHEST GUST SPEED    31   HIGHEST GUST DIRECTION    SW (210)
  AVERAGE WIND SPEED    12.5

SKY COVER
  POSSIBLE SUNSHINE  MM
  AVERAGE SKY COVER 0.7

WEATHER CONDITIONS
 THE FOLLOWING WEATHER WAS RECORDED YESTERDAY.
  LIGHT RAIN

RELATIVE HUMIDITY (PERCENT)
 HIGHEST    71          1000 PM
 LOWEST     37           100 PM
 AVERAGE    54
..........................................................

THE LA CROSSE WI CLIMATE NORMALS FOR TODAY
                         NORMAL    RECORD    YEAR
 MAXIMUM TEMPERATURE (F)   55        84      1991
 MINIMUM TEMPERATURE (F)   34        13      1936

SUNRISE AND SUNSET
APRIL  7 2014.........SUNRISE   636 AM CDT   SUNSET   739 PM CDT
APRIL  8 2014.........SUNRISE   634 AM CDT   SUNSET   740 PM CDT

-  INDICATES NEGATIVE NUMBERS.
R  INDICATES RECORD WAS SET OR TIED.
MM INDICATES DATA IS MISSING.
T  INDICATES TRACE AMOUNT.

$$

BOYNE
