939
CDUS43 KARX 080644
CLILSE


CLIMATE REPORT
NATIONAL WEATHER SERVICE LA CROSSE WI
1243 AM CST MON FEB 8 2016


...................................

...THE LA CROSSE WI CLIMATE SUMMARY FOR FEBRUARY 7 2016...

CLIMATE NORMAL PERIOD 1981 TO 2010
CLIMATE RECORD PERIOD 1873 TO 2016


WEATHER ITEM   OBSERVED TIME   RECORD YEAR NORMAL DEPARTURE LAST
                VALUE   (LST)  VALUE       VALUE  FROM      YEAR
                                                  NORMAL
..................................................................
TEMPERATURE (F)
 YESTERDAY
  MAXIMUM         41    252 PM  54    1878  29     12       40
  MINIMUM         26   1159 PM -34    1875  11     15       16
  AVERAGE         34                        20     14       28

PRECIPITATION (IN)
  YESTERDAY        T             0.52 1892   0.03  -0.03     0.00
  MONTH TO DATE    0.58                      0.24   0.34     0.35
  SINCE DEC 1      6.38                      2.72   3.66     2.12
  SINCE JAN 1      1.45                      1.36   0.09     1.02

SNOWFALL (IN)
  YESTERDAY        T             2.1  1932   0.3   -0.3      0.0
  MONTH TO DATE    8.4                       2.3    6.1      6.6
  SINCE JUL 1     25.0                      28.6   -3.6     25.8
  SNOW DEPTH       9

DEGREE DAYS
 HEATING
  YESTERDAY       31                        45    -14       37
  MONTH TO DATE  287                       320    -33      362
  SINCE JUL 1   3726                      4639   -913     4469

 COOLING
  YESTERDAY        0                         0      0        0
  MONTH TO DATE    0                         0      0        0
  SINCE JAN 1      0                         0      0        0
..................................................................


WIND (MPH)
  HIGHEST WIND SPEED    29   HIGHEST WIND DIRECTION    NW (310)
  HIGHEST GUST SPEED    33   HIGHEST GUST DIRECTION    NW (310)
  AVERAGE WIND SPEED    13.4


SKY COVER
  POSSIBLE SUNSHINE  MM
  AVERAGE SKY COVER 0.6


WEATHER CONDITIONS
 THE FOLLOWING WEATHER WAS RECORDED YESTERDAY.
  LIGHT SNOW


RELATIVE HUMIDITY (PERCENT)
 HIGHEST    82           100 AM
 LOWEST     51           100 PM
 AVERAGE    67

..........................................................


THE LA CROSSE WI CLIMATE NORMALS FOR TODAY
                         NORMAL    RECORD    YEAR
 MAXIMUM TEMPERATURE (F)   29        51      2002
 MINIMUM TEMPERATURE (F)   11       -36      1971


SUNRISE AND SUNSET
FEBRUARY  8 2016......SUNRISE   714 AM CST   SUNSET   525 PM CST
FEBRUARY  9 2016......SUNRISE   713 AM CST   SUNSET   526 PM CST


-  INDICATES NEGATIVE NUMBERS.
R  INDICATES RECORD WAS SET OR TIED.
MM INDICATES DATA IS MISSING.
T  INDICATES TRACE AMOUNT.




$$
