000
CDUS43 KARX 230636
CLILSE


CLIMATE REPORT
NATIONAL WEATHER SERVICE LA CROSSE WI
135 AM CDT SAT MAY 23 2015


...................................

...THE LA CROSSE WI CLIMATE SUMMARY FOR MAY 22 2015...

CLIMATE NORMAL PERIOD 1981 TO 2010
CLIMATE RECORD PERIOD 1873 TO 2015


WEATHER ITEM   OBSERVED TIME   RECORD YEAR NORMAL DEPARTURE LAST
                VALUE   (LST)  VALUE       VALUE  FROM      YEAR
                                                  NORMAL
..................................................................
TEMPERATURE (F)
 YESTERDAY
  MAXIMUM         77    349 PM  98    1925  73      4       73
  MINIMUM         43    242 AM  33    1967  51     -8       48
  AVERAGE         60                        62     -2       61

PRECIPITATION (IN)
  YESTERDAY        0.00          1.23 1907   0.12  -0.12     0.00
  MONTH TO DATE    1.83                      2.46  -0.63     1.77
  SINCE MAR 1      6.80                      7.84  -1.04    10.11
  SINCE JAN 1      8.01                     10.01  -2.00    12.47

SNOWFALL (IN)
  YESTERDAY        0.0           0.0  2002   0.0    0.0      0.0
                                      2001
  MONTH TO DATE    0.0                       0.1   -0.1      0.0
  SINCE JUL 1     38.8                      43.4   -4.6     48.9
  SNOW DEPTH       0

DEGREE DAYS
 HEATING
  YESTERDAY        5                         5      0        4
  MONTH TO DATE  126                       167    -41      192
  SINCE JUL 1   7033                      7119    -86     8132

 COOLING
  YESTERDAY        0                         2     -2        0
  MONTH TO DATE   35                        22     13        5
  SINCE JAN 1     36                        29      7        5
..................................................................


WIND (MPH)
  HIGHEST WIND SPEED     9   HIGHEST WIND DIRECTION     N (10)
  HIGHEST GUST SPEED    15   HIGHEST GUST DIRECTION     N (20)
  AVERAGE WIND SPEED     3.4


SKY COVER
  POSSIBLE SUNSHINE  MM
  AVERAGE SKY COVER 0.0


WEATHER CONDITIONS
 THE FOLLOWING WEATHER WAS RECORDED YESTERDAY.
  NO SIGNIFICANT WEATHER WAS OBSERVED.


RELATIVE HUMIDITY (PERCENT)
 HIGHEST    89           500 AM
 LOWEST     21           300 PM
 AVERAGE    55

..........................................................


THE LA CROSSE WI CLIMATE NORMALS FOR TODAY
                         NORMAL    RECORD    YEAR
 MAXIMUM TEMPERATURE (F)   73        92      1975
                                             1972
 MINIMUM TEMPERATURE (F)   51        31      1931


SUNRISE AND SUNSET
MAY 23 2015...........SUNRISE   532 AM CDT   SUNSET   832 PM CDT
MAY 24 2015...........SUNRISE   531 AM CDT   SUNSET   833 PM CDT


-  INDICATES NEGATIVE NUMBERS.
R  INDICATES RECORD WAS SET OR TIED.
MM INDICATES DATA IS MISSING.
T  INDICATES TRACE AMOUNT.




$$
