000
CDUS43 KARX 070633
CLILSE


CLIMATE REPORT
NATIONAL WEATHER SERVICE LA CROSSE WI
133 AM CDT TUE JUL 7 2015


...................................

...THE LA CROSSE WI CLIMATE SUMMARY FOR JULY 6 2015...

CLIMATE NORMAL PERIOD 1981 TO 2010
CLIMATE RECORD PERIOD 1873 TO 2015


WEATHER ITEM   OBSERVED TIME   RECORD YEAR NORMAL DEPARTURE LAST
                VALUE   (LST)  VALUE       VALUE  FROM      YEAR
                                                  NORMAL
..................................................................
TEMPERATURE (F)
 YESTERDAY
  MAXIMUM         78    222 PM 103    2012  84     -6       87
  MINIMUM         59   1159 PM  48    1983  63     -4       68
  AVERAGE         69                        74     -5       78

PRECIPITATION (IN)
  YESTERDAY        0.40          2.58 1943   0.14   0.26     0.08
  MONTH TO DATE    0.40                      0.82  -0.42     0.18
  SINCE JUN 1      4.10                      5.16  -1.06     6.88
  SINCE JAN 1     16.69                     16.23   0.46    20.04

SNOWFALL (IN)
  YESTERDAY        0.0           0.0  2002   0.0    0.0      0.0
                                      2001
  MONTH TO DATE    0.0                       0.0    0.0      0.0
  SINCE JUL 1      0.0                       0.0    0.0      0.0
  SNOW DEPTH       0

DEGREE DAYS
 HEATING
  YESTERDAY        0                         0      0        0
  MONTH TO DATE    3                         0      3        1
  SINCE JUL 1      3                         0      3        1

 COOLING
  YESTERDAY        4                         9     -5       13
  MONTH TO DATE   24                        53    -29       31
  SINCE JAN 1    256                       267    -11      312
..................................................................


WIND (MPH)
  HIGHEST WIND SPEED    23   HIGHEST WIND DIRECTION     N (340)
  HIGHEST GUST SPEED    29   HIGHEST GUST DIRECTION     N (340)
  AVERAGE WIND SPEED    10.8


SKY COVER
  POSSIBLE SUNSHINE  MM
  AVERAGE SKY COVER 0.7


WEATHER CONDITIONS
 THE FOLLOWING WEATHER WAS RECORDED YESTERDAY.
  THUNDERSTORM
  HEAVY RAIN
  RAIN
  LIGHT RAIN
  FOG
  HAZE


RELATIVE HUMIDITY (PERCENT)
 HIGHEST    90          1100 PM
 LOWEST     73           700 PM
 AVERAGE    82

..........................................................


THE LA CROSSE WI CLIMATE NORMALS FOR TODAY
                         NORMAL    RECORD    YEAR
 MAXIMUM TEMPERATURE (F)   84       104      1980
                                             1936
 MINIMUM TEMPERATURE (F)   63        46      1997


SUNRISE AND SUNSET
JULY  7 2015..........SUNRISE   530 AM CDT   SUNSET   849 PM CDT
JULY  8 2015..........SUNRISE   531 AM CDT   SUNSET   849 PM CDT


-  INDICATES NEGATIVE NUMBERS.
R  INDICATES RECORD WAS SET OR TIED.
MM INDICATES DATA IS MISSING.
T  INDICATES TRACE AMOUNT.




$$
