000
CDUS43 KARX 050645
CLILSE


CLIMATE REPORT
NATIONAL WEATHER SERVICE LA CROSSE WI
1245 AM CST THU MAR 5 2015


...................................

...THE LA CROSSE WI CLIMATE SUMMARY FOR MARCH 4 2015...

CLIMATE NORMAL PERIOD 1981 TO 2010
CLIMATE RECORD PERIOD 1873 TO 2015


WEATHER ITEM   OBSERVED TIME   RECORD YEAR NORMAL DEPARTURE LAST
                VALUE   (LST)  VALUE       VALUE  FROM      YEAR
                                                  NORMAL
..................................................................
TEMPERATURE (F)
 YESTERDAY
  MAXIMUM         18    208 PM  64    1983  38    -20       21
  MINIMUM          2   1159 PM -23    1873  20    -18       10
  AVERAGE         10                        29    -19       16

PRECIPITATION (IN)
  YESTERDAY        0.00          0.90 1961   0.06  -0.06     0.13
  MONTH TO DATE    0.01                      0.22  -0.21     0.21
  SINCE MAR 1      0.01                      0.22  -0.21     0.21
  SINCE JAN 1      1.22                      2.39  -1.17     2.57

SNOWFALL (IN)
  YESTERDAY        0.0           7.5  1962   0.3   -0.3      1.5
  MONTH TO DATE    T                         1.2   -1.2      2.9
  SINCE JUL 1     28.4                      35.7   -7.3     43.8
  SNOW DEPTH       5

DEGREE DAYS
 HEATING
  YESTERDAY       55                        36     19       49
  MONTH TO DATE  191                       146     45      246
  SINCE JUL 1   5797                      5655    142     6436

 COOLING
  YESTERDAY        0                         0      0        0
  MONTH TO DATE    0                         0      0        0
  SINCE JAN 1      0                         0      0        0
..................................................................


WIND (MPH)
  HIGHEST WIND SPEED    24   HIGHEST WIND DIRECTION     W (290)
  HIGHEST GUST SPEED    28   HIGHEST GUST DIRECTION     W (290)
  AVERAGE WIND SPEED    12.2


SKY COVER
  POSSIBLE SUNSHINE  MM
  AVERAGE SKY COVER 0.0


WEATHER CONDITIONS
 THE FOLLOWING WEATHER WAS RECORDED YESTERDAY.
  NO SIGNIFICANT WEATHER WAS OBSERVED.


RELATIVE HUMIDITY (PERCENT)
 HIGHEST    69           400 AM
 LOWEST     46          1100 AM
 AVERAGE    58

..........................................................


THE LA CROSSE WI CLIMATE NORMALS FOR TODAY
                         NORMAL    RECORD    YEAR
 MAXIMUM TEMPERATURE (F)   39        70      2000
 MINIMUM TEMPERATURE (F)   21       -18      1890


SUNRISE AND SUNSET
MARCH  5 2015.........SUNRISE   635 AM CST   SUNSET   558 PM CST
MARCH  6 2015.........SUNRISE   634 AM CST   SUNSET   600 PM CST


-  INDICATES NEGATIVE NUMBERS.
R  INDICATES RECORD WAS SET OR TIED.
MM INDICATES DATA IS MISSING.
T  INDICATES TRACE AMOUNT.




$$
