000
CDUS43 KARX 300641
CLILSE


CLIMATE REPORT
NATIONAL WEATHER SERVICE LA CROSSE WI
141 AM CDT SUN AUG 30 2015


...................................

...THE LA CROSSE WI CLIMATE SUMMARY FOR AUGUST 29 2015...

CLIMATE NORMAL PERIOD 1981 TO 2010
CLIMATE RECORD PERIOD 1873 TO 2015


WEATHER ITEM   OBSERVED TIME   RECORD YEAR NORMAL DEPARTURE LAST
                VALUE   (LST)  VALUE       VALUE  FROM      YEAR
                                                  NORMAL
..................................................................
TEMPERATURE (F)
 YESTERDAY
  MAXIMUM         75    235 PM  95    1966  79     -4       88
  MINIMUM         60    441 AM  40    1965  59      1       66
                                      1934
                                      1893
  AVERAGE         68                        69     -1       77

PRECIPITATION (IN)
  YESTERDAY        0.00          1.24 1876   0.12  -0.12     0.45
  MONTH TO DATE    2.80                      4.02  -1.22     3.94
  SINCE JUN 1     10.12                     12.62  -2.50    15.64
  SINCE JAN 1     22.71                     23.69  -0.98    28.80

SNOWFALL (IN)
  YESTERDAY        0.0           0.0  2002   0.0    0.0      0.0
                                      2001
  MONTH TO DATE    0.0                       0.0    0.0      0.0
  SINCE JUL 1      0.0                       0.0    0.0      0.0
  SNOW DEPTH       0

DEGREE DAYS
 HEATING
  YESTERDAY        0                         1     -1        0
  MONTH TO DATE   11                         9      2        0
  SINCE JUL 1     14                        14      0        3

 COOLING
  YESTERDAY        3                         5     -2       12
  MONTH TO DATE  198                       204     -6      252
  SINCE JAN 1    680                       691    -11      731
..................................................................


WIND (MPH)
  HIGHEST WIND SPEED     8   HIGHEST WIND DIRECTION    SE (130)
  HIGHEST GUST SPEED    11   HIGHEST GUST DIRECTION     E (90)
  AVERAGE WIND SPEED     4.1


SKY COVER
  POSSIBLE SUNSHINE  MM
  AVERAGE SKY COVER 1.0


WEATHER CONDITIONS
 THE FOLLOWING WEATHER WAS RECORDED YESTERDAY.
  NO SIGNIFICANT WEATHER WAS OBSERVED.


RELATIVE HUMIDITY (PERCENT)
 HIGHEST    93          1100 PM
 LOWEST     68           300 PM
 AVERAGE    81

..........................................................


THE LA CROSSE WI CLIMATE NORMALS FOR TODAY
                         NORMAL    RECORD    YEAR
 MAXIMUM TEMPERATURE (F)   79        97      2012
 MINIMUM TEMPERATURE (F)   59        35      1915


SUNRISE AND SUNSET
AUGUST 30 2015........SUNRISE   626 AM CDT   SUNSET   745 PM CDT
AUGUST 31 2015........SUNRISE   627 AM CDT   SUNSET   743 PM CDT


-  INDICATES NEGATIVE NUMBERS.
R  INDICATES RECORD WAS SET OR TIED.
MM INDICATES DATA IS MISSING.
T  INDICATES TRACE AMOUNT.




$$
