095
CDUS43 KARX 190717
CLILSE


CLIMATE REPORT
NATIONAL WEATHER SERVICE LA CROSSE WI
217 AM CDT FRI MAY 19 2017


...................................

...THE LA CROSSE WI CLIMATE SUMMARY FOR MAY 18 2017...

CLIMATE NORMAL PERIOD 1981 TO 2010
CLIMATE RECORD PERIOD 1873 TO 2017


WEATHER ITEM   OBSERVED TIME   RECORD YEAR NORMAL DEPARTURE LAST
                VALUE   (LST)  VALUE       VALUE  FROM      YEAR
                                                  NORMAL
..................................................................
TEMPERATURE (F)
 YESTERDAY
  MAXIMUM         63    546 AM  92    1998  71     -8       70
                                      1934
  MINIMUM         47   1159 PM  35    2002  49     -2       39
                                      1915
  AVERAGE         55                        60     -5       55

PRECIPITATION (IN)
  YESTERDAY        T             1.55 1971   0.11  -0.11     0.00
  MONTH TO DATE    5.69                      2.00   3.69     1.44
  SINCE MAR 1     12.32                      7.38   4.94     6.13
  SINCE JAN 1     16.18                      9.55   6.63     7.78

SNOWFALL (IN)
  YESTERDAY        0.0           0.0  2002   0.0    0.0      0.0
                                      2001
  MONTH TO DATE    T                         0.1   -0.1      0.0
  SINCE JUL 1     42.2                      43.4   -1.2     40.3
  SNOW DEPTH       0

DEGREE DAYS
 HEATING
  YESTERDAY       10                         6      4       10
  MONTH TO DATE  134                       145    -11      183
  SINCE JUL 1   5688                      7097  -1409     5940

 COOLING
  YESTERDAY        0                         1     -1        0
  MONTH TO DATE   34                        16     18        7
  SINCE JAN 1     40                        23     17       18
..................................................................


WIND (MPH)
  HIGHEST WIND SPEED    22   HIGHEST WIND DIRECTION     N (340)
  HIGHEST GUST SPEED    27   HIGHEST GUST DIRECTION    NW (320)
  AVERAGE WIND SPEED    12.1


SKY COVER
  POSSIBLE SUNSHINE  MM
  AVERAGE SKY COVER 1.0


WEATHER CONDITIONS
 THE FOLLOWING WEATHER WAS RECORDED YESTERDAY.
  LIGHT RAIN


RELATIVE HUMIDITY (PERCENT)
 HIGHEST    86           700 AM
 LOWEST     55           100 PM
 AVERAGE    71

..........................................................


THE LA CROSSE WI CLIMATE NORMALS FOR TODAY
                         NORMAL    RECORD    YEAR
 MAXIMUM TEMPERATURE (F)   72        96      1934
 MINIMUM TEMPERATURE (F)   50        32      1929


SUNRISE AND SUNSET
MAY 19 2017...........SUNRISE   535 AM CDT   SUNSET   829 PM CDT
MAY 20 2017...........SUNRISE   534 AM CDT   SUNSET   830 PM CDT


-  INDICATES NEGATIVE NUMBERS.
R  INDICATES RECORD WAS SET OR TIED.
MM INDICATES DATA IS MISSING.
T  INDICATES TRACE AMOUNT.




$$
