179
CDUS43 KARX 220727
CLILSE


CLIMATE REPORT
NATIONAL WEATHER SERVICE LA CROSSE WI
226 AM CDT FRI JUL 22 2016

...THE LA CROSSE WI CLIMATE SUMMARY FOR JULY 21 2016...

CLIMATE NORMAL PERIOD 1981 TO 2010
CLIMATE RECORD PERIOD 1873 TO 2016

WEATHER ITEM   OBSERVED TIME   RECORD YEAR NORMAL DEPARTURE LAST
                VALUE   (LST)  VALUE       VALUE  FROM      YEAR
                                                  NORMAL
..................................................................
TEMPERATURE (F)
 YESTERDAY
  MAXIMUM         93    224 PM 104    1901  84      9       82
  MINIMUM         74   1159 PM  47    1992  63     11       58
  AVERAGE         84                        74     10       70

PRECIPITATION (IN)
  YESTERDAY        0.81          4.48 1907   0.13   0.68     0.00
  MONTH TO DATE    3.66                      2.89   0.77     2.57
  SINCE JUN 1     10.39                      7.23   3.16     6.27
  SINCE JAN 1     20.87                     18.30   2.57    18.86

SNOWFALL (IN)
  YESTERDAY        0.0           0.0  2002   0.0    0.0      0.0
                                      2001
  MONTH TO DATE    0.0                       0.0    0.0      0.0
  SINCE JUL 1      0.0                       0.0    0.0      0.0
  SNOW DEPTH       0

DEGREE DAYS
 HEATING
  YESTERDAY        0                         0      0        0
  MONTH TO DATE    0                         0      0        3
  SINCE JUL 1      0                         0      0        3

 COOLING
  YESTERDAY       19                         9     10        5
  MONTH TO DATE  208                       188     20      140
  SINCE JAN 1    506                       402    104      372
..................................................................

WIND (MPH)
  HIGHEST WIND SPEED    30   HIGHEST WIND DIRECTION    NE (60)
  HIGHEST GUST SPEED    37   HIGHEST GUST DIRECTION     E (80)
  AVERAGE WIND SPEED     8.5

SKY COVER
  POSSIBLE SUNSHINE  MM
  AVERAGE SKY COVER 0.4

WEATHER CONDITIONS
 THE FOLLOWING WEATHER WAS RECORDED YESTERDAY.
  THUNDERSTORM
  HEAVY RAIN
  LIGHT RAIN
  FOG

RELATIVE HUMIDITY (PERCENT)
 HIGHEST    91           200 AM
 LOWEST     64          1200 PM
 AVERAGE    78
..........................................................

THE LA CROSSE WI CLIMATE NORMALS FOR TODAY
                         NORMAL    RECORD    YEAR
 MAXIMUM TEMPERATURE (F)   84       102      1934
 MINIMUM TEMPERATURE (F)   63        47      1947

SUNRISE AND SUNSET
JULY 22 2016..........SUNRISE   544 AM CDT   SUNSET   839 PM CDT
JULY 23 2016..........SUNRISE   545 AM CDT   SUNSET   838 PM CDT

-  INDICATES NEGATIVE NUMBERS.
R  INDICATES RECORD WAS SET OR TIED.
MM INDICATES DATA IS MISSING.
T  INDICATES TRACE AMOUNT.

$$

BOYNE
