000
CDUS43 KARX 190635
CLILSE


CLIMATE REPORT
NATIONAL WEATHER SERVICE LA CROSSE WI
135 AM CDT WED APR 19 2017


...................................

...THE LA CROSSE WI CLIMATE SUMMARY FOR APRIL 18 2017...

CLIMATE NORMAL PERIOD 1981 TO 2010
CLIMATE RECORD PERIOD 1873 TO 2017


WEATHER ITEM   OBSERVED TIME   RECORD YEAR NORMAL DEPARTURE LAST
                VALUE   (LST)  VALUE       VALUE  FROM      YEAR
                                                  NORMAL
..................................................................
TEMPERATURE (F)
 YESTERDAY
  MAXIMUM         69    338 PM  89    1985  61      8       83
  MINIMUM         46    533 AM  20    1983  39      7       52
  AVERAGE         58                        50      8       68

PRECIPITATION (IN)
  YESTERDAY        T             1.58 2008   0.11  -0.11      T
  MONTH TO DATE    2.87                      1.89   0.98     0.21
  SINCE MAR 1      4.63                      3.93   0.70     3.82
  SINCE JAN 1      8.49                      6.10   2.39     5.47

SNOWFALL (IN)
  YESTERDAY        0.0           0.1  1910   0.0    0.0      0.0
                                      2001
  MONTH TO DATE    0.0                       1.3   -1.3      0.6
  SINCE JUL 1     42.2                      42.9   -0.7     40.3
  SNOW DEPTH       0

DEGREE DAYS
 HEATING
  YESTERDAY        7                        15     -8        0
  MONTH TO DATE  204                       345   -141      327
  SINCE JUL 1   5386                      6798  -1412     5626

 COOLING
  YESTERDAY        0                         0      0        3
  MONTH TO DATE    6                         0      6       11
  SINCE JAN 1      6                         0      6       11
..................................................................


WIND (MPH)
  HIGHEST WIND SPEED    29   HIGHEST WIND DIRECTION    SW (220)
  HIGHEST GUST SPEED    37   HIGHEST GUST DIRECTION    SW (210)
  AVERAGE WIND SPEED    12.5


SKY COVER
  POSSIBLE SUNSHINE  MM
  AVERAGE SKY COVER 0.4


WEATHER CONDITIONS
 THE FOLLOWING WEATHER WAS RECORDED YESTERDAY.
  LIGHT RAIN


RELATIVE HUMIDITY (PERCENT)
 HIGHEST    78           700 PM
 LOWEST     53           300 PM
 AVERAGE    66

..........................................................


THE LA CROSSE WI CLIMATE NORMALS FOR TODAY
                         NORMAL    RECORD    YEAR
 MAXIMUM TEMPERATURE (F)   61        87      1985
 MINIMUM TEMPERATURE (F)   40        20      1983


SUNRISE AND SUNSET
APRIL 19 2017.........SUNRISE   615 AM CDT   SUNSET   754 PM CDT
APRIL 20 2017.........SUNRISE   613 AM CDT   SUNSET   755 PM CDT


-  INDICATES NEGATIVE NUMBERS.
R  INDICATES RECORD WAS SET OR TIED.
MM INDICATES DATA IS MISSING.
T  INDICATES TRACE AMOUNT.




$$
