000
CDUS43 KARX 220637
CLILSE


CLIMATE REPORT
NATIONAL WEATHER SERVICE LA CROSSE WI
135 AM CDT FRI MAY 22 2015


...................................

...THE LA CROSSE WI CLIMATE SUMMARY FOR MAY 21 2015...

CLIMATE NORMAL PERIOD 1981 TO 2010
CLIMATE RECORD PERIOD 1873 TO 2015


WEATHER ITEM   OBSERVED TIME   RECORD YEAR NORMAL DEPARTURE LAST
                VALUE   (LST)  VALUE       VALUE  FROM      YEAR
                                                  NORMAL
..................................................................
TEMPERATURE (F)
 YESTERDAY
  MAXIMUM         78    246 PM  92    1970  72      6       73
  MINIMUM         45    520 AM  31    1883  50     -5       52
  AVERAGE         62                        61      1       63

PRECIPITATION (IN)
  YESTERDAY        0.00          2.83 1945   0.11  -0.11     0.00
  MONTH TO DATE    1.83                      2.34  -0.51     1.77
  SINCE MAR 1      6.80                      7.72  -0.92    10.11
  SINCE JAN 1      8.01                      9.89  -1.88    12.47

SNOWFALL (IN)
  YESTERDAY        0.0           0.0  2002   0.0    0.0      0.0
                                      2001
  MONTH TO DATE    0.0                       0.1   -0.1      0.0
  SINCE JUL 1     38.8                      43.4   -4.6     48.9
  SNOW DEPTH       0

DEGREE DAYS
 HEATING
  YESTERDAY        3                         5     -2        2
  MONTH TO DATE  121                       162    -41      188
  SINCE JUL 1   7028                      7114    -86     8128

 COOLING
  YESTERDAY        0                         2     -2        0
  MONTH TO DATE   35                        20     15        5
  SINCE JAN 1     36                        27      9        5
..................................................................


WIND (MPH)
  HIGHEST WIND SPEED    21   HIGHEST WIND DIRECTION     W (250)
  HIGHEST GUST SPEED    24   HIGHEST GUST DIRECTION     W (290)
  AVERAGE WIND SPEED     7.7


SKY COVER
  POSSIBLE SUNSHINE  MM
  AVERAGE SKY COVER 0.1


WEATHER CONDITIONS
 THE FOLLOWING WEATHER WAS RECORDED YESTERDAY.
  NO SIGNIFICANT WEATHER WAS OBSERVED.


RELATIVE HUMIDITY (PERCENT)
 HIGHEST    83           500 AM
 LOWEST     23           100 PM
 AVERAGE    53

..........................................................


THE LA CROSSE WI CLIMATE NORMALS FOR TODAY
                         NORMAL    RECORD    YEAR
 MAXIMUM TEMPERATURE (F)   73        98      1925
 MINIMUM TEMPERATURE (F)   51        33      1967


SUNRISE AND SUNSET
MAY 22 2015...........SUNRISE   533 AM CDT   SUNSET   831 PM CDT
MAY 23 2015...........SUNRISE   532 AM CDT   SUNSET   832 PM CDT


-  INDICATES NEGATIVE NUMBERS.
R  INDICATES RECORD WAS SET OR TIED.
MM INDICATES DATA IS MISSING.
T  INDICATES TRACE AMOUNT.




$$
