000
CDUS43 KARX 150659
CLILSE


CLIMATE REPORT
NATIONAL WEATHER SERVICE LA CROSSE WI
155 AM CDT FRI JUL 15 2016


...................................

...THE LA CROSSE WI CLIMATE SUMMARY FOR JULY 14 2016...

CLIMATE NORMAL PERIOD 1981 TO 2010
CLIMATE RECORD PERIOD 1873 TO 2016


WEATHER ITEM   OBSERVED TIME   RECORD YEAR NORMAL DEPARTURE LAST
                VALUE   (LST)  VALUE       VALUE  FROM      YEAR
                                                  NORMAL
..................................................................
TEMPERATURE (F)
 YESTERDAY
  MAXIMUM         81   1154 AM 108    1936  85     -4       85
  MINIMUM         66   1159 PM  48    1926  64      2       65
  AVERAGE         74                        74      0       75

PRECIPITATION (IN)
  YESTERDAY        T             3.92 1900   0.14  -0.14     0.00
  MONTH TO DATE    1.92                      1.93  -0.01     1.38
  SINCE JUN 1      8.65                      6.27   2.38     5.08
  SINCE JAN 1     19.13                     17.34   1.79    17.67

SNOWFALL (IN)
  YESTERDAY        0.0           0.0  2002   0.0    0.0      0.0
                                      2001
  MONTH TO DATE    0.0                       0.0    0.0      0.0
  SINCE JUL 1      0.0                       0.0    0.0      0.0
  SNOW DEPTH       0

DEGREE DAYS
 HEATING
  YESTERDAY        0                         0      0        0
  MONTH TO DATE    0                         0      0        3
  SINCE JUL 1      0                         0      0        3

 COOLING
  YESTERDAY        9                         9      0       10
  MONTH TO DATE  128                       125      3       77
  SINCE JAN 1    426                       339     87      309
..................................................................


WIND (MPH)
  HIGHEST WIND SPEED    26   HIGHEST WIND DIRECTION    NW (300)
  HIGHEST GUST SPEED    32   HIGHEST GUST DIRECTION    NW (300)
  AVERAGE WIND SPEED    13.6


SKY COVER
  POSSIBLE SUNSHINE  MM
  AVERAGE SKY COVER 0.6


WEATHER CONDITIONS
 THE FOLLOWING WEATHER WAS RECORDED YESTERDAY.
  LIGHT RAIN


RELATIVE HUMIDITY (PERCENT)
 HIGHEST    78          1000 PM
 LOWEST     45          1200 PM
 AVERAGE    62

..........................................................


THE LA CROSSE WI CLIMATE NORMALS FOR TODAY
                         NORMAL    RECORD    YEAR
 MAXIMUM TEMPERATURE (F)   84       102      1988
 MINIMUM TEMPERATURE (F)   64        49      1967
                                             1930


SUNRISE AND SUNSET
JULY 15 2016..........SUNRISE   537 AM CDT   SUNSET   845 PM CDT
JULY 16 2016..........SUNRISE   538 AM CDT   SUNSET   844 PM CDT


-  INDICATES NEGATIVE NUMBERS.
R  INDICATES RECORD WAS SET OR TIED.
MM INDICATES DATA IS MISSING.
T  INDICATES TRACE AMOUNT.




$$
