000
CDUS43 KARX 110635
CLILSE


CLIMATE REPORT
NATIONAL WEATHER SERVICE LA CROSSE WI
134 AM CDT WED OCT 11 2017


...................................

...THE LA CROSSE WI CLIMATE SUMMARY FOR OCTOBER 10 2017...

CLIMATE NORMAL PERIOD 1981 TO 2010
CLIMATE RECORD PERIOD 1873 TO 2017


WEATHER ITEM   OBSERVED TIME   RECORD YEAR NORMAL DEPARTURE LAST
                VALUE   (LST)  VALUE       VALUE  FROM      YEAR
                                                  NORMAL
..................................................................
TEMPERATURE (F)
 YESTERDAY
  MAXIMUM         57   1129 AM  86    1928  63     -6       75
  MINIMUM         43    505 AM  23    1964  42      1       50
  AVERAGE         50                        52     -2       63

PRECIPITATION (IN)
  YESTERDAY        0.25          0.83 1879   0.07   0.18      T
  MONTH TO DATE    4.03                      0.81   3.22     0.16
  SINCE SEP 1      4.98                      4.37   0.61    10.62
  SINCE JAN 1     36.74                     28.33   8.41    39.34

SNOWFALL (IN)
  YESTERDAY        0.0           0.2  1932   0.0    0.0      0.0
  MONTH TO DATE    0.0                       0.0    0.0      0.0
  SINCE JUL 1      0.0                       0.0    0.0      0.0
  SNOW DEPTH       0

DEGREE DAYS
 HEATING
  YESTERDAY       15                        13      2        2
  MONTH TO DATE   43                       114    -71       52
  SINCE JUL 1     91                       274   -183       72

 COOLING
  YESTERDAY        0                         0      0        0
  MONTH TO DATE   11                         7      4        4
  SINCE JAN 1    998                       781    217     1024
..................................................................


WIND (MPH)
  HIGHEST WIND SPEED    15   HIGHEST WIND DIRECTION    NE (40)
  HIGHEST GUST SPEED    18   HIGHEST GUST DIRECTION    NE (50)
  AVERAGE WIND SPEED     7.3


SKY COVER
  POSSIBLE SUNSHINE  MM
  AVERAGE SKY COVER 0.5


WEATHER CONDITIONS
 THE FOLLOWING WEATHER WAS RECORDED YESTERDAY.
  LIGHT RAIN


RELATIVE HUMIDITY (PERCENT)
 HIGHEST    86           600 PM
 LOWEST     47           200 PM
 AVERAGE    67

..........................................................


THE LA CROSSE WI CLIMATE NORMALS FOR TODAY
                         NORMAL    RECORD    YEAR
 MAXIMUM TEMPERATURE (F)   62        86      1928
 MINIMUM TEMPERATURE (F)   42        22      1987


SUNRISE AND SUNSET
OCTOBER 11 2017.......SUNRISE   715 AM CDT   SUNSET   628 PM CDT
OCTOBER 12 2017.......SUNRISE   716 AM CDT   SUNSET   626 PM CDT


-  INDICATES NEGATIVE NUMBERS.
R  INDICATES RECORD WAS SET OR TIED.
MM INDICATES DATA IS MISSING.
T  INDICATES TRACE AMOUNT.




$$
