000
CDUS43 KARX 030634
CLILSE


CLIMATE REPORT
NATIONAL WEATHER SERVICE LA CROSSE WI
1233 AM CST SUN DEC 3 2017


...................................

...THE LA CROSSE WI CLIMATE SUMMARY FOR DECEMBER 2 2017...

CLIMATE NORMAL PERIOD 1981 TO 2010
CLIMATE RECORD PERIOD 1873 TO 2017


WEATHER ITEM   OBSERVED TIME   RECORD YEAR NORMAL DEPARTURE LAST
                VALUE   (LST)  VALUE       VALUE  FROM      YEAR
                                                  NORMAL
..................................................................
TEMPERATURE (F)
 YESTERDAY
  MAXIMUM         48    318 PM  64    1982  34     14       38
  MINIMUM         28   1136 PM -10    1940  19      9       33
                                      1886
  AVERAGE         38                        27     11       36

PRECIPITATION (IN)
  YESTERDAY        0.00          0.80 1873   0.05  -0.05     0.00
  MONTH TO DATE    0.00                      0.11  -0.11      T
  SINCE DEC 1      0.00                      0.11  -0.11      T
  SINCE JAN 1     39.07                     31.81   7.26    42.57

SNOWFALL (IN)
  YESTERDAY        0.0           4.9  1984   0.4   -0.4      0.0
  MONTH TO DATE    0.0                       0.7   -0.7      0.0
  SINCE JUL 1      T                         5.0   -5.0       T
  SNOW DEPTH       0

DEGREE DAYS
 HEATING
  YESTERDAY       27                        38    -11       29
  MONTH TO DATE   53                        76    -23       54
  SINCE JUL 1   1290                      1576   -286      913

 COOLING
  YESTERDAY        0                         0      0        0
  MONTH TO DATE    0                         0      0        0
  SINCE JAN 1   1001                       782    219     1033
..................................................................


WIND (MPH)
  HIGHEST WIND SPEED    12   HIGHEST WIND DIRECTION     S (160)
  HIGHEST GUST SPEED    14   HIGHEST GUST DIRECTION     S (170)
  AVERAGE WIND SPEED     4.9


SKY COVER
  POSSIBLE SUNSHINE  MM
  AVERAGE SKY COVER 0.0


WEATHER CONDITIONS
 THE FOLLOWING WEATHER WAS RECORDED YESTERDAY.
  NO SIGNIFICANT WEATHER WAS OBSERVED.


RELATIVE HUMIDITY (PERCENT)
 HIGHEST    85           800 PM
 LOWEST     46           200 PM
 AVERAGE    66

..........................................................


THE LA CROSSE WI CLIMATE NORMALS FOR TODAY
                         NORMAL    RECORD    YEAR
 MAXIMUM TEMPERATURE (F)   34        64      2012
 MINIMUM TEMPERATURE (F)   19       -19      1940


SUNRISE AND SUNSET
DECEMBER  3 2017......SUNRISE   722 AM CST   SUNSET   428 PM CST
DECEMBER  4 2017......SUNRISE   723 AM CST   SUNSET   428 PM CST


-  INDICATES NEGATIVE NUMBERS.
R  INDICATES RECORD WAS SET OR TIED.
MM INDICATES DATA IS MISSING.
T  INDICATES TRACE AMOUNT.




$$
