000
CDUS43 KARX 302131
CLILSE


CLIMATE REPORT
NATIONAL WEATHER SERVICE LA CROSSE WI
428 PM CDT SUN AUG 30 2015


...................................

...THE LA CROSSE WI CLIMATE SUMMARY FOR AUGUST 30 2015...
VALID TODAY AS OF 0400 PM LOCAL TIME.

CLIMATE NORMAL PERIOD 1981 TO 2010
CLIMATE RECORD PERIOD 1873 TO 2015


WEATHER ITEM   OBSERVED TIME   RECORD YEAR NORMAL DEPARTURE LAST
                VALUE   (LST)  VALUE       VALUE  FROM      YEAR
                                                  NORMAL
..................................................................
TEMPERATURE (F)
 TODAY
  MAXIMUM         76    259 PM  97    2012  79     -3       79
  MINIMUM         58    415 AM  35    1915  59     -1       65
  AVERAGE         67                        69     -2       72

PRECIPITATION (IN)
  TODAY            0.00          2.56 1962   0.13  -0.13     0.52
  MONTH TO DATE    2.80                      4.15  -1.35     4.46
  SINCE JUN 1     10.12                     12.75  -2.63    16.16
  SINCE JAN 1     22.71                     23.82  -1.11    29.32

SNOWFALL (IN)
  TODAY            0.0           0.0  2002   0.0    0.0      0.0
                                      2001
  MONTH TO DATE    0.0                       0.0    0.0      0.0
  SINCE JUL 1      0.0                       0.0    0.0      0.0
  SNOW DEPTH       0

DEGREE DAYS
 HEATING
  TODAY            0                         1     -1        0
  MONTH TO DATE   11                        10      1        0
  SINCE JUL 1     14                        15     -1        3

 COOLING
  TODAY            2                         5     -3        7
  MONTH TO DATE  200                       209     -9      259
  SINCE JAN 1    682                       696    -14      738
..................................................................


WIND (MPH)
  HIGHEST WIND SPEED    13   HIGHEST WIND DIRECTION     S (170)
  HIGHEST GUST SPEED    16   HIGHEST GUST DIRECTION     S (160)
  AVERAGE WIND SPEED     6.3


SKY COVER
  POSSIBLE SUNSHINE  MM
  AVERAGE SKY COVER 0.7


WEATHER CONDITIONS
 THE FOLLOWING WEATHER WAS RECORDED TODAY.
  FOG
  FOG W/VISIBILITY <= 1/4 MILE


RELATIVE HUMIDITY (PERCENT)
 HIGHEST   100          1200 AM
 LOWEST     69           300 PM
 AVERAGE    85

..........................................................


THE LA CROSSE WI CLIMATE NORMALS FOR TOMORROW
                         NORMAL    RECORD    YEAR
 MAXIMUM TEMPERATURE (F)   79        95      1953
 MINIMUM TEMPERATURE (F)   59        42      1967


SUNRISE AND SUNSET
AUGUST 30 2015........SUNRISE   626 AM CDT   SUNSET   745 PM CDT
AUGUST 31 2015........SUNRISE   627 AM CDT   SUNSET   743 PM CDT


-  INDICATES NEGATIVE NUMBERS.
R  INDICATES RECORD WAS SET OR TIED.
MM INDICATES DATA IS MISSING.
T  INDICATES TRACE AMOUNT.




$$
