000
CDUS43 KARX 060717
CLILSE


CLIMATE REPORT
NATIONAL WEATHER SERVICE LA CROSSE WI
112 AM CST FRI JAN 6 2017

...THE LA CROSSE WI CLIMATE SUMMARY FOR JANUARY 5 2017...

CLIMATE NORMAL PERIOD 1981 TO 2010
CLIMATE RECORD PERIOD 1873 TO 2017

WEATHER ITEM   OBSERVED TIME   RECORD YEAR NORMAL DEPARTURE LAST
                VALUE   (LST)  VALUE       VALUE  FROM      YEAR
                                                  NORMAL
..................................................................
TEMPERATURE (F)
 YESTERDAY
  MAXIMUM          5    312 PM  53    2012  26    -21       32
  MINIMUM          0   1159 PM -29    1884   9     -9       14
  AVERAGE          3                        17    -14       23

PRECIPITATION (IN)
  YESTERDAY        T             1.67 1946   0.03  -0.03     0.00
  MONTH TO DATE    0.23                      0.17   0.06      T
  SINCE DEC 1      2.42                      1.53   0.89     4.93
  SINCE JAN 1      0.23                      0.17   0.06      T

SNOWFALL (IN)
  YESTERDAY        T             8.8  1929   0.3   -0.3      0.0
  MONTH TO DATE    0.3                       1.4   -1.1       T
  SINCE JUL 1     21.1                      17.0    4.1     12.5
  SNOW DEPTH       3

DEGREE DAYS
 HEATING
  YESTERDAY       62                        48     14       42
  MONTH TO DATE  231                       236     -5      206
  SINCE JUL 1   2366                      3080   -714     2241

 COOLING
  YESTERDAY        0                         0      0        0
  MONTH TO DATE    0                         0      0        0
  SINCE JAN 1      0                         0      0        0
..................................................................

WIND (MPH)
  HIGHEST WIND SPEED    16   HIGHEST WIND DIRECTION    NW (310)
  HIGHEST GUST SPEED    19   HIGHEST GUST DIRECTION    NW (330)
  AVERAGE WIND SPEED    10.2

SKY COVER
  POSSIBLE SUNSHINE  MM
  AVERAGE SKY COVER 0.5

WEATHER CONDITIONS
 THE FOLLOWING WEATHER WAS RECORDED YESTERDAY.
  LIGHT SNOW
  HAZE

RELATIVE HUMIDITY (PERCENT)
 HIGHEST    68          1200 AM
 LOWEST     54           300 PM
 AVERAGE    61

..........................................................

THE LA CROSSE WI CLIMATE NORMALS FOR TODAY
                         NORMAL    RECORD    YEAR
 MAXIMUM TEMPERATURE (F)   25        52      1933
 MINIMUM TEMPERATURE (F)    9       -26      1912
                                             1873

SUNRISE AND SUNSET
JANUARY  6 2017.......SUNRISE   739 AM CST   SUNSET   443 PM CST
JANUARY  7 2017.......SUNRISE   739 AM CST   SUNSET   444 PM CST

-  INDICATES NEGATIVE NUMBERS.
R  INDICATES RECORD WAS SET OR TIED.
MM INDICATES DATA IS MISSING.
T  INDICATES TRACE AMOUNT.

$$

BOYNE
