000
CDUS43 KARX 160638
CLILSE


CLIMATE REPORT
NATIONAL WEATHER SERVICE LA CROSSE WI
132 AM CDT MON MAY 16 2016


...................................

...THE LA CROSSE WI CLIMATE SUMMARY FOR MAY 15 2016...

CLIMATE NORMAL PERIOD 1981 TO 2010
CLIMATE RECORD PERIOD 1873 TO 2016


WEATHER ITEM   OBSERVED TIME   RECORD YEAR NORMAL DEPARTURE LAST
                VALUE   (LST)  VALUE       VALUE  FROM      YEAR
                                                  NORMAL
..................................................................
TEMPERATURE (F)
 YESTERDAY
  MAXIMUM         64    422 PM  91    2001  70     -6       74
  MINIMUM         30R   500 AM  30    1983  48    -18       58
  AVERAGE         47                        59    -12       66

PRECIPITATION (IN)
  YESTERDAY        0.00          2.08 1876   0.10  -0.10     0.02
  MONTH TO DATE    1.43                      1.66  -0.23     1.70
  SINCE MAR 1      6.12                      7.04  -0.92     6.67
  SINCE JAN 1      7.77                      9.21  -1.44     7.88

SNOWFALL (IN)
  YESTERDAY        0.0           0.0  2002   0.0    0.0      0.0
                                      2001
  MONTH TO DATE    0.0                       0.1   -0.1      0.0
  SINCE JUL 1     40.3                      43.4   -3.1     38.8
  SNOW DEPTH       0

DEGREE DAYS
 HEATING
  YESTERDAY       18                         7     11        0
  MONTH TO DATE  157                       126     31       77
  SINCE JUL 1   5914                      7078  -1164     6984

 COOLING
  YESTERDAY        0                         1     -1        1
  MONTH TO DATE    7                        13     -6       24
  SINCE JAN 1     18                        20     -2       25
..................................................................


WIND (MPH)
  HIGHEST WIND SPEED    23   HIGHEST WIND DIRECTION     W (270)
  HIGHEST GUST SPEED    29   HIGHEST GUST DIRECTION     W (270)
  AVERAGE WIND SPEED     7.1


SKY COVER
  POSSIBLE SUNSHINE  MM
  AVERAGE SKY COVER 0.2


WEATHER CONDITIONS
 THE FOLLOWING WEATHER WAS RECORDED YESTERDAY.
  NO SIGNIFICANT WEATHER WAS OBSERVED.


RELATIVE HUMIDITY (PERCENT)
 HIGHEST    85           400 AM
 LOWEST     27           300 PM
 AVERAGE    56

..........................................................


THE LA CROSSE WI CLIMATE NORMALS FOR TODAY
                         NORMAL    RECORD    YEAR
 MAXIMUM TEMPERATURE (F)   71        90      1936
 MINIMUM TEMPERATURE (F)   49        31      1921


SUNRISE AND SUNSET
MAY 16 2016...........SUNRISE   538 AM CDT   SUNSET   826 PM CDT
MAY 17 2016...........SUNRISE   537 AM CDT   SUNSET   827 PM CDT


-  INDICATES NEGATIVE NUMBERS.
R  INDICATES RECORD WAS SET OR TIED.
MM INDICATES DATA IS MISSING.
T  INDICATES TRACE AMOUNT.




$$
