000
CDUS43 KARX 140637
CLILSE


CLIMATE REPORT
NATIONAL WEATHER SERVICE LA CROSSE WI
137 AM CDT SUN SEP 14 2014


...................................

...THE LA CROSSE WI CLIMATE SUMMARY FOR SEPTEMBER 13 2014...

CLIMATE NORMAL PERIOD 1981 TO 2010
CLIMATE RECORD PERIOD 1873 TO 2014


WEATHER ITEM   OBSERVED TIME   RECORD YEAR NORMAL DEPARTURE LAST
                VALUE   (LST)  VALUE       VALUE  FROM      YEAR
                                                  NORMAL
..................................................................
TEMPERATURE (F)
 YESTERDAY
  MAXIMUM         60    439 PM  95    1998  75    -15       70
  MINIMUM         40    616 AM  32    1902  54    -14       45
  AVERAGE         50                        64    -14       58

PRECIPITATION (IN)
  YESTERDAY        0.00          2.61 2005   0.12  -0.12     0.00
  MONTH TO DATE    1.52                      1.61  -0.09      T
  SINCE SEP 1      1.52                      1.61  -0.09      T
  SINCE JAN 1     31.00                     25.57   5.43    27.15

SNOWFALL (IN)
  YESTERDAY        0.0           0.0  2002   0.0    0.0      0.0
                                      2001
  MONTH TO DATE    0.0                       0.0    0.0      0.0
  SINCE JUL 1      0.0                       0.0    0.0       T
  SNOW DEPTH       0

DEGREE DAYS
 HEATING
  YESTERDAY       15                         4     11        7
  MONTH TO DATE   54                        30     24       13
  SINCE JUL 1     57                        50      7       27

 COOLING
  YESTERDAY        0                         3     -3        0
  MONTH TO DATE   45                        49     -4      103
  SINCE JAN 1    793                       749     44      888
..................................................................


WIND (MPH)
  HIGHEST WIND SPEED    14   HIGHEST WIND DIRECTION     S (170)
  HIGHEST GUST SPEED    17   HIGHEST GUST DIRECTION     S (170)
  AVERAGE WIND SPEED     5.3


SKY COVER
  POSSIBLE SUNSHINE  MM
  AVERAGE SKY COVER 0.5


WEATHER CONDITIONS
 THE FOLLOWING WEATHER WAS RECORDED YESTERDAY.
  FOG


RELATIVE HUMIDITY (PERCENT)
 HIGHEST    96          1200 AM
 LOWEST     40           200 PM
 AVERAGE    68

..........................................................


THE LA CROSSE WI CLIMATE NORMALS FOR TODAY
                         NORMAL    RECORD    YEAR
 MAXIMUM TEMPERATURE (F)   74        96      1939
 MINIMUM TEMPERATURE (F)   53        31      1923


SUNRISE AND SUNSET
SEPTEMBER 14 2014.....SUNRISE   643 AM CDT   SUNSET   717 PM CDT
SEPTEMBER 15 2014.....SUNRISE   644 AM CDT   SUNSET   715 PM CDT


-  INDICATES NEGATIVE NUMBERS.
R  INDICATES RECORD WAS SET OR TIED.
MM INDICATES DATA IS MISSING.
T  INDICATES TRACE AMOUNT.




$$
