000
CDUS43 KARX 120642
CLILSE


CLIMATE REPORT
NATIONAL WEATHER SERVICE LA CROSSE WI
1240 AM CST MON FEB 12 2018


...................................

...THE LA CROSSE WI CLIMATE SUMMARY FOR FEBRUARY 11 2018...

CLIMATE NORMAL PERIOD 1981 TO 2010
CLIMATE RECORD PERIOD 1873 TO 2018


WEATHER ITEM   OBSERVED TIME   RECORD YEAR NORMAL DEPARTURE LAST
                VALUE   (LST)  VALUE       VALUE  FROM      YEAR
                                                  NORMAL
..................................................................
TEMPERATURE (F)
 YESTERDAY
  MAXIMUM         25    211 PM  60    1882  30     -5       47
  MINIMUM          3   1118 PM -24    1899  12     -9       35
  AVERAGE         14                        21     -7       41

PRECIPITATION (IN)
  YESTERDAY        0.00          0.48 1999   0.04  -0.04      T
  MONTH TO DATE    0.40                      0.38   0.02     0.03
  SINCE DEC 1      2.31                      2.86  -0.55     4.91
  SINCE JAN 1      1.78                      1.50   0.28     2.72

SNOWFALL (IN)
  YESTERDAY        0.0           5.3  1965   0.3   -0.3      0.0
  MONTH TO DATE    6.9                       3.5    3.4      0.5
  SINCE JUL 1     22.1                      29.8   -7.7     30.8
  SNOW DEPTH       5

DEGREE DAYS
 HEATING
  YESTERDAY       51                        44      7       24
  MONTH TO DATE  606                       498    108      445
  SINCE JUL 1   4591                      4817   -226     3842

 COOLING
  YESTERDAY        0                         0      0        0
  MONTH TO DATE    0                         0      0        0
  SINCE JAN 1      0                         0      0        0
..................................................................


WIND (MPH)
  HIGHEST WIND SPEED    21   HIGHEST WIND DIRECTION    NW (300)
  HIGHEST GUST SPEED    28   HIGHEST GUST DIRECTION    NW (300)
  AVERAGE WIND SPEED     5.0


SKY COVER
  POSSIBLE SUNSHINE  MM
  AVERAGE SKY COVER 0.2


WEATHER CONDITIONS
 THE FOLLOWING WEATHER WAS RECORDED YESTERDAY.
  NO SIGNIFICANT WEATHER WAS OBSERVED.


RELATIVE HUMIDITY (PERCENT)
 HIGHEST    80          1100 PM
 LOWEST     42           200 PM
 AVERAGE    61

..........................................................


THE LA CROSSE WI CLIMATE NORMALS FOR TODAY
                         NORMAL    RECORD    YEAR
 MAXIMUM TEMPERATURE (F)   30        65      1882
 MINIMUM TEMPERATURE (F)   13       -27      1875


SUNRISE AND SUNSET
FEBRUARY 12 2018......SUNRISE   708 AM CST   SUNSET   531 PM CST
FEBRUARY 13 2018......SUNRISE   707 AM CST   SUNSET   532 PM CST


-  INDICATES NEGATIVE NUMBERS.
R  INDICATES RECORD WAS SET OR TIED.
MM INDICATES DATA IS MISSING.
T  INDICATES TRACE AMOUNT.




$$
