000
CDUS43 KARX 250649
CLILSE


CLIMATE REPORT
NATIONAL WEATHER SERVICE LA CROSSE WI
1248 AM CST SUN JAN 25 2015


...................................

...THE LA CROSSE WI CLIMATE SUMMARY FOR JANUARY 24 2015...

CLIMATE NORMAL PERIOD 1981 TO 2010
CLIMATE RECORD PERIOD 1873 TO 2015


WEATHER ITEM   OBSERVED TIME   RECORD YEAR NORMAL DEPARTURE LAST
                VALUE   (LST)  VALUE       VALUE  FROM      YEAR
                                                  NORMAL
..................................................................
TEMPERATURE (F)
 YESTERDAY
  MAXIMUM         44    323 PM  54    1981  26     18       35
  MINIMUM         23    241 AM -26    1936   9     14       -9
                                      1904
  AVERAGE         34                        17     17       13

PRECIPITATION (IN)
  YESTERDAY        0.00          1.31 1967   0.04  -0.04     0.03
  MONTH TO DATE    0.58                      0.86  -0.28     0.72
  SINCE DEC 1      1.68                      2.22  -0.54     2.24
  SINCE JAN 1      0.58                      0.86  -0.28     0.72

SNOWFALL (IN)
  YESTERDAY        0.0           8.0  1999   0.4   -0.4      0.4
  MONTH TO DATE    8.1                       8.0    0.1     11.5
  SINCE JUL 1     17.9                      23.6   -5.7     25.2
  SNOW DEPTH       4

DEGREE DAYS
 HEATING
  YESTERDAY       31                        48    -17       52
  MONTH TO DATE 1108                      1148    -40     1309
  SINCE JUL 1   3847                      3992   -145     4237

 COOLING
  YESTERDAY        0                         0      0        0
  MONTH TO DATE    0                         0      0        0
  SINCE JAN 1      0                         0      0        0
..................................................................


WIND (MPH)
  HIGHEST WIND SPEED     9   HIGHEST WIND DIRECTION    NW (330)
  HIGHEST GUST SPEED    12   HIGHEST GUST DIRECTION    NW (310)
  AVERAGE WIND SPEED     2.9


SKY COVER
  POSSIBLE SUNSHINE  MM
  AVERAGE SKY COVER 0.6


WEATHER CONDITIONS
 THE FOLLOWING WEATHER WAS RECORDED YESTERDAY.
  FOG


RELATIVE HUMIDITY (PERCENT)
 HIGHEST    92           300 AM
 LOWEST     58           300 PM
 AVERAGE    75

..........................................................


THE LA CROSSE WI CLIMATE NORMALS FOR TODAY
                         NORMAL    RECORD    YEAR
 MAXIMUM TEMPERATURE (F)   26        57      1981
 MINIMUM TEMPERATURE (F)    9       -27      1904


SUNRISE AND SUNSET
JANUARY 25 2015.......SUNRISE   729 AM CST   SUNSET   506 PM CST
JANUARY 26 2015.......SUNRISE   728 AM CST   SUNSET   507 PM CST


-  INDICATES NEGATIVE NUMBERS.
R  INDICATES RECORD WAS SET OR TIED.
MM INDICATES DATA IS MISSING.
T  INDICATES TRACE AMOUNT.




$$
