000
CDUS43 KARX 110726
CLILSE


CLIMATE REPORT
NATIONAL WEATHER SERVICE LA CROSSE WI
125 AM CST SAT NOV 11 2017


...................................

...THE LA CROSSE WI CLIMATE SUMMARY FOR NOVEMBER 10 2017...

CLIMATE NORMAL PERIOD 1981 TO 2010
CLIMATE RECORD PERIOD 1873 TO 2017


WEATHER ITEM   OBSERVED TIME   RECORD YEAR NORMAL DEPARTURE LAST
                VALUE   (LST)  VALUE       VALUE  FROM      YEAR
                                                  NORMAL
..................................................................
TEMPERATURE (F)
 YESTERDAY
  MAXIMUM         31   1159 PM  69    2016  47    -16       69
  MINIMUM         12    513 AM  10    1979  31    -19       42
  AVERAGE         22                        39    -17       56

PRECIPITATION (IN)
  YESTERDAY        0.00          1.74 1880   0.07  -0.07     0.00
  MONTH TO DATE    0.21                      0.67  -0.46      T
  SINCE SEP 1      7.17                      6.40   0.77    12.69
  SINCE JAN 1     38.93                     30.36   8.57    41.41

SNOWFALL (IN)
  YESTERDAY        0.0           2.9  2006   0.1   -0.1      0.0
  MONTH TO DATE    T                         0.6   -0.6      0.0
  SINCE JUL 1      T                         0.8   -0.8      0.0
  SNOW DEPTH       0

DEGREE DAYS
 HEATING
  YESTERDAY       43                        26     17        9
  MONTH TO DATE  302                       235     67      105
  SINCE JUL 1    694                       863   -169      408

 COOLING
  YESTERDAY        0                         0      0        0
  MONTH TO DATE    0                         0      0        0
  SINCE JAN 1   1001                       782    219     1033
..................................................................


WIND (MPH)
  HIGHEST WIND SPEED    18   HIGHEST WIND DIRECTION     S (160)
  HIGHEST GUST SPEED    26   HIGHEST GUST DIRECTION    SE (150)
  AVERAGE WIND SPEED     8.6


SKY COVER
  POSSIBLE SUNSHINE  MM
  AVERAGE SKY COVER 0.3


WEATHER CONDITIONS
 THE FOLLOWING WEATHER WAS RECORDED YESTERDAY.
  NO SIGNIFICANT WEATHER WAS OBSERVED.


RELATIVE HUMIDITY (PERCENT)
 HIGHEST    64           700 AM
 LOWEST     32           300 PM
 AVERAGE    48

..........................................................


THE LA CROSSE WI CLIMATE NORMALS FOR TODAY
                         NORMAL    RECORD    YEAR
 MAXIMUM TEMPERATURE (F)   47        70      1964
 MINIMUM TEMPERATURE (F)   31         4      1986


SUNRISE AND SUNSET
NOVEMBER 11 2017......SUNRISE   655 AM CST   SUNSET   443 PM CST
NOVEMBER 12 2017......SUNRISE   656 AM CST   SUNSET   442 PM CST


-  INDICATES NEGATIVE NUMBERS.
R  INDICATES RECORD WAS SET OR TIED.
MM INDICATES DATA IS MISSING.
T  INDICATES TRACE AMOUNT.




$$
