000
CDUS43 KARX 142140
CLILSE


CLIMATE REPORT
NATIONAL WEATHER SERVICE LA CROSSE WI
438 PM CDT WED SEP 14 2016


...................................

...THE LA CROSSE WI CLIMATE SUMMARY FOR SEPTEMBER 14 2016...
VALID TODAY AS OF 0400 PM LOCAL TIME.

CLIMATE NORMAL PERIOD 1981 TO 2010
CLIMATE RECORD PERIOD 1873 TO 2016


WEATHER ITEM   OBSERVED TIME   RECORD YEAR NORMAL DEPARTURE LAST
                VALUE   (LST)  VALUE       VALUE  FROM      YEAR
                                                  NORMAL
..................................................................
TEMPERATURE (F)
 TODAY
  MAXIMUM         74    259 PM  96    1939  74      0       81
  MINIMUM         54    556 AM  31    1923  53      1       59
  AVERAGE         64                        64      0       70

PRECIPITATION (IN)
  TODAY            0.01          2.50 2004   0.12  -0.11     0.00
  MONTH TO DATE    4.84                      1.73   3.11     1.65
  SINCE SEP 1      4.84                      1.73   3.11     1.65
  SINCE JAN 1     33.56                     25.69   7.87    24.36

SNOWFALL (IN)
  TODAY            0.0           0.0  2002   0.0    0.0      0.0
                                      2001
  MONTH TO DATE    0.0                       0.0    0.0      0.0
  SINCE JUL 1      0.0                       0.0    0.0      0.0
  SNOW DEPTH       0

DEGREE DAYS
 HEATING
  TODAY            1                         4     -3        0
  MONTH TO DATE    1                        34    -33       18
  SINCE JUL 1      1                        54    -53       32

 COOLING
  TODAY            0                         3     -3        5
  MONTH TO DATE   60                        52      8      119
  SINCE JAN 1    969                       752    217      810
..................................................................


WIND (MPH)
  HIGHEST WIND SPEED     9   HIGHEST WIND DIRECTION    NW (330)
  HIGHEST GUST SPEED    12   HIGHEST GUST DIRECTION    NW (320)
  AVERAGE WIND SPEED     4.5


SKY COVER
  POSSIBLE SUNSHINE  MM
  AVERAGE SKY COVER 0.2


WEATHER CONDITIONS
 THE FOLLOWING WEATHER WAS RECORDED TODAY.
  LIGHT RAIN


RELATIVE HUMIDITY (PERCENT)
 HIGHEST   100           500 AM
 LOWEST     44           200 PM
 AVERAGE    72

..........................................................


THE LA CROSSE WI CLIMATE NORMALS FOR TOMORROW
                         NORMAL    RECORD    YEAR
 MAXIMUM TEMPERATURE (F)   74        96      1939
 MINIMUM TEMPERATURE (F)   53        34      2007
                                             1916


SUNRISE AND SUNSET
SEPTEMBER 14 2016.....SUNRISE   644 AM CDT   SUNSET   716 PM CDT
SEPTEMBER 15 2016.....SUNRISE   645 AM CDT   SUNSET   714 PM CDT


-  INDICATES NEGATIVE NUMBERS.
R  INDICATES RECORD WAS SET OR TIED.
MM INDICATES DATA IS MISSING.
T  INDICATES TRACE AMOUNT.




$$
