000
CDUS43 KARX 170645
CLILSE


CLIMATE REPORT
NATIONAL WEATHER SERVICE LA CROSSE WI
145 AM CDT SUN MAY 17 2015


...................................

...THE LA CROSSE WI CLIMATE SUMMARY FOR MAY 16 2015...

CLIMATE NORMAL PERIOD 1981 TO 2010
CLIMATE RECORD PERIOD 1873 TO 2015


WEATHER ITEM   OBSERVED TIME   RECORD YEAR NORMAL DEPARTURE LAST
                VALUE   (LST)  VALUE       VALUE  FROM      YEAR
                                                  NORMAL
..................................................................
TEMPERATURE (F)
 YESTERDAY
  MAXIMUM         81    530 PM  90    1936  71     10       54
  MINIMUM         56    431 AM  31    1921  49      7       39
  AVERAGE         69                        60      9       47

PRECIPITATION (IN)
  YESTERDAY        T             2.71 1960   0.12  -0.12     0.00
  MONTH TO DATE    1.70                      1.78  -0.08     1.60
  SINCE MAR 1      6.67                      7.16  -0.49     9.94
  SINCE JAN 1      7.88                      9.33  -1.45    12.30

SNOWFALL (IN)
  YESTERDAY        0.0           0.0  2002   0.0    0.0      0.0
                                      2001
  MONTH TO DATE    0.0                       0.1   -0.1      0.0
  SINCE JUL 1     38.8                      43.4   -4.6     48.9
  SNOW DEPTH       0

DEGREE DAYS
 HEATING
  YESTERDAY        0                         7     -7       18
  MONTH TO DATE   77                       133    -56      164
  SINCE JUL 1   6984                      7085   -101     8104

 COOLING
  YESTERDAY        4                         1      3        0
  MONTH TO DATE   28                        14     14        2
  SINCE JAN 1     29                        21      8        2
..................................................................


WIND (MPH)
  HIGHEST WIND SPEED    16   HIGHEST WIND DIRECTION    SE (150)
  HIGHEST GUST SPEED    21   HIGHEST GUST DIRECTION    SE (150)
  AVERAGE WIND SPEED     7.4


SKY COVER
  POSSIBLE SUNSHINE  MM
  AVERAGE SKY COVER 0.6


WEATHER CONDITIONS
 THE FOLLOWING WEATHER WAS RECORDED YESTERDAY.
  LIGHT RAIN


RELATIVE HUMIDITY (PERCENT)
 HIGHEST    87           400 AM
 LOWEST     58           400 PM
 AVERAGE    73

..........................................................


THE LA CROSSE WI CLIMATE NORMALS FOR TODAY
                         NORMAL    RECORD    YEAR
 MAXIMUM TEMPERATURE (F)   71        92      1998
 MINIMUM TEMPERATURE (F)   49        29      1925


SUNRISE AND SUNSET
MAY 17 2015...........SUNRISE   537 AM CDT   SUNSET   826 PM CDT
MAY 18 2015...........SUNRISE   536 AM CDT   SUNSET   827 PM CDT


-  INDICATES NEGATIVE NUMBERS.
R  INDICATES RECORD WAS SET OR TIED.
MM INDICATES DATA IS MISSING.
T  INDICATES TRACE AMOUNT.




$$
