000
CDUS43 KARX 122137
CLILSE


CLIMATE REPORT
NATIONAL WEATHER SERVICE LA CROSSE WI
436 PM CDT TUE SEP 12 2017


...................................

...THE LA CROSSE WI CLIMATE SUMMARY FOR SEPTEMBER 12 2017...
VALID TODAY AS OF 0400 PM LOCAL TIME.

CLIMATE NORMAL PERIOD 1981 TO 2010
CLIMATE RECORD PERIOD 1873 TO 2017


WEATHER ITEM   OBSERVED TIME   RECORD YEAR NORMAL DEPARTURE LAST
                VALUE   (LST)  VALUE       VALUE  FROM      YEAR
                                                  NORMAL
..................................................................
TEMPERATURE (F)
 TODAY
  MAXIMUM         86    248 PM  92    1998  75     11       82
                                      1931
                                      1908
  MINIMUM         57    431 AM  35    1955  54      3       60
  AVERAGE         72                        64      8       71

PRECIPITATION (IN)
  TODAY            0.00          2.12 1972   0.13  -0.13      T
  MONTH TO DATE    0.18                      1.49  -1.31     4.62
  SINCE SEP 1      0.18                      1.49  -1.31     4.62
  SINCE JAN 1     31.94                     25.45   6.49    33.34

SNOWFALL (IN)
  TODAY            0.0           0.0  2002   0.0    0.0      0.0
                                      2001
  MONTH TO DATE    0.0                       0.0    0.0      0.0
  SINCE JUL 1      0.0                       0.0    0.0      0.0
  SNOW DEPTH       0

DEGREE DAYS
 HEATING
  TODAY            0                         3     -3        0
  MONTH TO DATE   21                        26     -5        0
  SINCE JUL 1     21                        46    -25        0

 COOLING
  TODAY            7                         3      4        6
  MONTH TO DATE   32                        46    -14       60
  SINCE JAN 1    847                       746    101      969
..................................................................


WIND (MPH)
  HIGHEST WIND SPEED     9   HIGHEST WIND DIRECTION     S (160)
  HIGHEST GUST SPEED    12   HIGHEST GUST DIRECTION     S (160)
  AVERAGE WIND SPEED     4.6


SKY COVER
  POSSIBLE SUNSHINE  MM
  AVERAGE SKY COVER 0.1


WEATHER CONDITIONS
 THE FOLLOWING WEATHER WAS RECORDED TODAY.
  FOG


RELATIVE HUMIDITY (PERCENT)
 HIGHEST   100           500 AM
 LOWEST     46           300 PM
 AVERAGE    73

..........................................................


THE LA CROSSE WI CLIMATE NORMALS FOR TOMORROW
                         NORMAL    RECORD    YEAR
 MAXIMUM TEMPERATURE (F)   75        95      1998
 MINIMUM TEMPERATURE (F)   54        32      1902


SUNRISE AND SUNSET
SEPTEMBER 12 2017.....SUNRISE   641 AM CDT   SUNSET   720 PM CDT
SEPTEMBER 13 2017.....SUNRISE   642 AM CDT   SUNSET   718 PM CDT


-  INDICATES NEGATIVE NUMBERS.
R  INDICATES RECORD WAS SET OR TIED.
MM INDICATES DATA IS MISSING.
T  INDICATES TRACE AMOUNT.




$$
