401
CDUS43 KARX 190648
CLILSE


CLIMATE REPORT
NATIONAL WEATHER SERVICE LA CROSSE WI
1247 AM CST SUN FEB 19 2017


...................................

...THE LA CROSSE WI CLIMATE SUMMARY FOR FEBRUARY 18 2017...

CLIMATE NORMAL PERIOD 1981 TO 2010
CLIMATE RECORD PERIOD 1873 TO 2017


WEATHER ITEM   OBSERVED TIME   RECORD YEAR NORMAL DEPARTURE LAST
                VALUE   (LST)  VALUE       VALUE  FROM      YEAR
                                                  NORMAL
..................................................................
TEMPERATURE (F)
 YESTERDAY
  MAXIMUM         61    350 PM  64    1981  32     29       41
  MINIMUM         31    606 AM -21    2006  15     16       22
  AVERAGE         46                        24     22       32

PRECIPITATION (IN)
  YESTERDAY        0.00          0.90 1961   0.04  -0.04     0.00
  MONTH TO DATE    0.03                      0.63  -0.60     0.78
  SINCE DEC 1      4.91                      3.11   1.80     6.58
  SINCE JAN 1      2.72                      1.75   0.97     1.65

SNOWFALL (IN)
  YESTERDAY        0.0           5.6  1962   0.2   -0.2      0.0
  MONTH TO DATE    0.5                       5.4   -4.9     10.8
  SINCE JUL 1     30.8                      31.7   -0.9     27.4
  SNOW DEPTH       0

DEGREE DAYS
 HEATING
  YESTERDAY       19                        42    -23       33
  MONTH TO DATE  637                       797   -160      834
  SINCE JUL 1   4034                      5116  -1082     4273

 COOLING
  YESTERDAY        0                         0      0        0
  MONTH TO DATE    0                         0      0        0
  SINCE JAN 1      0                         0      0        0
..................................................................


WIND (MPH)
  HIGHEST WIND SPEED     9   HIGHEST WIND DIRECTION     W (260)
  HIGHEST GUST SPEED    12   HIGHEST GUST DIRECTION     W (260)
  AVERAGE WIND SPEED     3.5


SKY COVER
  POSSIBLE SUNSHINE  MM
  AVERAGE SKY COVER 0.0


WEATHER CONDITIONS
 THE FOLLOWING WEATHER WAS RECORDED YESTERDAY.
  NO SIGNIFICANT WEATHER WAS OBSERVED.


RELATIVE HUMIDITY (PERCENT)
 HIGHEST    92           500 AM
 LOWEST     39           300 PM
 AVERAGE    66

..........................................................


THE LA CROSSE WI CLIMATE NORMALS FOR TODAY
                         NORMAL    RECORD    YEAR
 MAXIMUM TEMPERATURE (F)   33        59      1930
 MINIMUM TEMPERATURE (F)   15       -20      1929


SUNRISE AND SUNSET
FEBRUARY 19 2017......SUNRISE   657 AM CST   SUNSET   541 PM CST
FEBRUARY 20 2017......SUNRISE   656 AM CST   SUNSET   542 PM CST


-  INDICATES NEGATIVE NUMBERS.
R  INDICATES RECORD WAS SET OR TIED.
MM INDICATES DATA IS MISSING.
T  INDICATES TRACE AMOUNT.




$$
