000
CDUS43 KARX 200716
CLILSE


CLIMATE REPORT
NATIONAL WEATHER SERVICE LA CROSSE WI
214 AM CDT MON OCT 20 2014

...THE LA CROSSE WI CLIMATE SUMMARY FOR OCTOBER 19 2014...

CLIMATE NORMAL PERIOD 1981 TO 2010
CLIMATE RECORD PERIOD 1873 TO 2014

WEATHER ITEM   OBSERVED TIME   RECORD YEAR NORMAL DEPARTURE LAST
                VALUE   (LST)  VALUE       VALUE  FROM      YEAR
                                                  NORMAL
..................................................................
TEMPERATURE (F)
 YESTERDAY
  MAXIMUM         64    408 PM  82    2000  59      5       51
  MINIMUM         35    233 AM  15    1972  39     -4       34
  AVERAGE         50                        49      1       43

PRECIPITATION (IN)
  YESTERDAY        0.00          1.00 1937   0.07  -0.07     0.04
  MONTH TO DATE    3.28                      1.42   1.86     3.64
  SINCE SEP 1      5.90                      4.98   0.92     5.25
  SINCE JAN 1     35.38                     28.94   6.44    32.40

SNOWFALL (IN)
  YESTERDAY        0.0           1.8  1992   0.0    0.0      0.0
  MONTH TO DATE    0.0                       0.0    0.0      0.0
  SINCE JUL 1      0.0                       0.0    0.0       T
  SNOW DEPTH       0

DEGREE DAYS
 HEATING
  YESTERDAY       15                        16     -1       22
  MONTH TO DATE  256                       246     10      163
  SINCE JUL 1    378                       406    -28      243

 COOLING
  YESTERDAY        0                         0      0        0
  MONTH TO DATE    0                         7     -7        1
  SINCE JAN 1    822                       781     41      917
..................................................................

WIND (MPH)
  HIGHEST WIND SPEED    23   HIGHEST WIND DIRECTION     S (200)
  HIGHEST GUST SPEED    29   HIGHEST GUST DIRECTION    SW (210)
  AVERAGE WIND SPEED     9.2

SKY COVER
  POSSIBLE SUNSHINE  MM
  AVERAGE SKY COVER 0.0

WEATHER CONDITIONS
 THE FOLLOWING WEATHER WAS RECORDED YESTERDAY.
  NO SIGNIFICANT WEATHER WAS OBSERVED.

RELATIVE HUMIDITY (PERCENT)
 HIGHEST    92           200 AM
 LOWEST     48           400 PM
 AVERAGE    70
..........................................................

THE LA CROSSE WI CLIMATE NORMALS FOR TODAY
                         NORMAL    RECORD    YEAR
 MAXIMUM TEMPERATURE (F)   58        84      1872
 MINIMUM TEMPERATURE (F)   39        19      1952

SUNRISE AND SUNSET
OCTOBER 20 2014.......SUNRISE   726 AM CDT   SUNSET   613 PM CDT
OCTOBER 21 2014.......SUNRISE   727 AM CDT   SUNSET   612 PM CDT

-  INDICATES NEGATIVE NUMBERS.
R  INDICATES RECORD WAS SET OR TIED.
MM INDICATES DATA IS MISSING.
T  INDICATES TRACE AMOUNT.

$$

BOYNE
