000
CDUS43 KARX 082143
CLILSE


CLIMATE REPORT
NATIONAL WEATHER SERVICE LA CROSSE WI
443 PM CDT SAT JUL 8 2017


...................................

...THE LA CROSSE WI CLIMATE SUMMARY FOR JULY 8 2017...
VALID TODAY AS OF 0430 PM LOCAL TIME.

CLIMATE NORMAL PERIOD 1981 TO 2010
CLIMATE RECORD PERIOD 1873 TO 2017


WEATHER ITEM   OBSERVED TIME   RECORD YEAR NORMAL DEPARTURE LAST
                VALUE   (LST)  VALUE       VALUE  FROM      YEAR
                                                  NORMAL
..................................................................
TEMPERATURE (F)
 TODAY
  MAXIMUM         84    336 PM 102    1936  84      0       80
  MINIMUM         60    444 AM  47    1891  63     -3       65
  AVERAGE         72                        74     -2       73

PRECIPITATION (IN)
  TODAY            0.00          2.69 1877   0.14  -0.14      T
  MONTH TO DATE    0.22                      1.10  -0.88     1.76
  SINCE JUN 1      5.60                      5.44   0.16     8.49
  SINCE JAN 1     23.29                     16.51   6.78    18.97

SNOWFALL (IN)
  TODAY            0.0           0.0  2002   0.0    0.0      0.0
                                      2001
  MONTH TO DATE    0.0                       0.0    0.0      0.0
  SINCE JUL 1      0.0                       0.0    0.0      0.0
  SNOW DEPTH       0

DEGREE DAYS
 HEATING
  TODAY            0                         0      0        0
  MONTH TO DATE    0                         0      0        0
  SINCE JUL 1      0                         0      0        0

 COOLING
  TODAY            7                         9     -2        8
  MONTH TO DATE   89                        71     18       58
  SINCE JAN 1    360                       285     75      356
..................................................................


WIND (MPH)
  HIGHEST WIND SPEED    13   HIGHEST WIND DIRECTION    NW (320)
  HIGHEST GUST SPEED    18   HIGHEST GUST DIRECTION    NW (320)
  AVERAGE WIND SPEED     5.0


SKY COVER
  POSSIBLE SUNSHINE  MM
  AVERAGE SKY COVER 0.0


WEATHER CONDITIONS
 THE FOLLOWING WEATHER WAS RECORDED TODAY.
  NO SIGNIFICANT WEATHER WAS OBSERVED.


RELATIVE HUMIDITY (PERCENT)
 HIGHEST    90           200 AM
 LOWEST     34           200 PM
 AVERAGE    62

..........................................................


THE LA CROSSE WI CLIMATE NORMALS FOR TOMORROW
                         NORMAL    RECORD    YEAR
 MAXIMUM TEMPERATURE (F)   84       102      1936
 MINIMUM TEMPERATURE (F)   63        46      1895


SUNRISE AND SUNSET
JULY  8 2017..........SUNRISE   531 AM CDT   SUNSET   849 PM CDT
JULY  9 2017..........SUNRISE   532 AM CDT   SUNSET   848 PM CDT


-  INDICATES NEGATIVE NUMBERS.
R  INDICATES RECORD WAS SET OR TIED.
MM INDICATES DATA IS MISSING.
T  INDICATES TRACE AMOUNT.




$$
