000
CDUS43 KARX 070645
CLILSE


CLIMATE REPORT
NATIONAL WEATHER SERVICE LA CROSSE WI
144 AM CDT THU SEP 7 2017


...................................

...THE LA CROSSE WI CLIMATE SUMMARY FOR SEPTEMBER 6 2017...

CLIMATE NORMAL PERIOD 1981 TO 2010
CLIMATE RECORD PERIOD 1873 TO 2017


WEATHER ITEM   OBSERVED TIME   RECORD YEAR NORMAL DEPARTURE LAST
                VALUE   (LST)  VALUE       VALUE  FROM      YEAR
                                                  NORMAL
..................................................................
TEMPERATURE (F)
 YESTERDAY
  MAXIMUM         66    408 PM 101    1922  77    -11       87
  MINIMUM         48    518 AM  41    1988  57     -9       71
                                      1892
  AVERAGE         57                        67    -10       79

PRECIPITATION (IN)
  YESTERDAY        0.00          5.55 1884   0.12  -0.12     1.42
  MONTH TO DATE    0.18                      0.73  -0.55     1.92
  SINCE SEP 1      0.18                      0.73  -0.55     1.92
  SINCE JAN 1     31.94                     24.69   7.25    30.64

SNOWFALL (IN)
  YESTERDAY        0.0           0.0  2002   0.0    0.0      0.0
                                      2001
  MONTH TO DATE    0.0                       0.0    0.0      0.0
  SINCE JUL 1      0.0                       0.0    0.0      0.0
  SNOW DEPTH       0

DEGREE DAYS
 HEATING
  YESTERDAY        8                         2      6        0
  MONTH TO DATE   13                        10      3        0
  SINCE JUL 1     13                        30    -17        0

 COOLING
  YESTERDAY        0                         4     -4       14
  MONTH TO DATE   15                        26    -11       37
  SINCE JAN 1    830                       726    104      946
..................................................................


WIND (MPH)
  HIGHEST WIND SPEED    13   HIGHEST WIND DIRECTION    NW (320)
  HIGHEST GUST SPEED    15   HIGHEST GUST DIRECTION     W (280)
  AVERAGE WIND SPEED     5.4


SKY COVER
  POSSIBLE SUNSHINE  MM
  AVERAGE SKY COVER 0.4


WEATHER CONDITIONS
 THE FOLLOWING WEATHER WAS RECORDED YESTERDAY.
  NO SIGNIFICANT WEATHER WAS OBSERVED.


RELATIVE HUMIDITY (PERCENT)
 HIGHEST    93          1000 PM
 LOWEST     48          1200 PM
 AVERAGE    71

..........................................................


THE LA CROSSE WI CLIMATE NORMALS FOR TODAY
                         NORMAL    RECORD    YEAR
 MAXIMUM TEMPERATURE (F)   77       100      1978
 MINIMUM TEMPERATURE (F)   56        40      1986
                                             1956


SUNRISE AND SUNSET
SEPTEMBER  7 2017.....SUNRISE   635 AM CDT   SUNSET   729 PM CDT
SEPTEMBER  8 2017.....SUNRISE   637 AM CDT   SUNSET   728 PM CDT


-  INDICATES NEGATIVE NUMBERS.
R  INDICATES RECORD WAS SET OR TIED.
MM INDICATES DATA IS MISSING.
T  INDICATES TRACE AMOUNT.




$$
