000
CDUS43 KARX 212228
CLILSE


CLIMATE REPORT
NATIONAL WEATHER SERVICE LA CROSSE WI
427 PM CST SUN DEC 21 2014


...................................

...THE LA CROSSE WI CLIMATE SUMMARY FOR DECEMBER 21 2014...
VALID TODAY AS OF 0400 PM LOCAL TIME.

CLIMATE NORMAL PERIOD 1981 TO 2010
CLIMATE RECORD PERIOD 1873 TO 2014


WEATHER ITEM   OBSERVED TIME   RECORD YEAR NORMAL DEPARTURE LAST
                VALUE   (LST)  VALUE       VALUE  FROM      YEAR
                                                  NORMAL
..................................................................
TEMPERATURE (F)
 TODAY
  MAXIMUM         39    359 PM  60    1877  27     12       28
  MINIMUM         33    413 AM -29    1872  12     21       22
  AVERAGE         36                        20     16       25

PRECIPITATION (IN)
  TODAY            T             0.80 1920   0.04  -0.04      T
  MONTH TO DATE    0.49                      1.00  -0.51     0.98
  SINCE DEC 1      0.49                      1.00  -0.51     0.98
  SINCE JAN 1     37.08                     32.70   4.38    35.35

SNOWFALL (IN)
  TODAY            T             9.0  1920   0.3   -0.3       T
  MONTH TO DATE    0.1                       8.1   -8.0      5.6
  SINCE JUL 1      7.9                      12.4   -4.5      6.6
  SNOW DEPTH       0

DEGREE DAYS
 HEATING
  TODAY           29                        45    -16       40
  MONTH TO DATE  738                       881   -143      992
  SINCE JUL 1   2338                      2381    -43     2396

 COOLING
  TODAY            0                         0      0        0
  MONTH TO DATE    0                         0      0        0
  SINCE JAN 1    822                       782     40      917
..................................................................


WIND (MPH)
  HIGHEST WIND SPEED    18   HIGHEST WIND DIRECTION     S (180)
  HIGHEST GUST SPEED    23   HIGHEST GUST DIRECTION     S (190)
  AVERAGE WIND SPEED    10.5


SKY COVER
  POSSIBLE SUNSHINE  MM
  AVERAGE SKY COVER 1.0


WEATHER CONDITIONS
 THE FOLLOWING WEATHER WAS RECORDED TODAY.
  FOG
  HAZE


RELATIVE HUMIDITY (PERCENT)
 HIGHEST    92           900 AM
 LOWEST     79           100 PM
 AVERAGE    86

..........................................................


THE LA CROSSE WI CLIMATE NORMALS FOR TOMORROW
                         NORMAL    RECORD    YEAR
 MAXIMUM TEMPERATURE (F)   27        59      1877
 MINIMUM TEMPERATURE (F)   12       -23      1983


SUNRISE AND SUNSET
DECEMBER 21 2014......SUNRISE   736 AM CST   SUNSET   430 PM CST
DECEMBER 22 2014......SUNRISE   737 AM CST   SUNSET   431 PM CST


-  INDICATES NEGATIVE NUMBERS.
R  INDICATES RECORD WAS SET OR TIED.
MM INDICATES DATA IS MISSING.
T  INDICATES TRACE AMOUNT.




$$
