000
CDUS43 KARX 280631
CLILSE


CLIMATE REPORT
NATIONAL WEATHER SERVICE LA CROSSE WI
129 AM CDT THU APR 28 2016


...................................

...THE LA CROSSE WI CLIMATE SUMMARY FOR APRIL 27 2016...

CLIMATE NORMAL PERIOD 1981 TO 2010
CLIMATE RECORD PERIOD 1873 TO 2016


WEATHER ITEM   OBSERVED TIME   RECORD YEAR NORMAL DEPARTURE LAST
                VALUE   (LST)  VALUE       VALUE  FROM      YEAR
                                                  NORMAL
..................................................................
TEMPERATURE (F)
 YESTERDAY
  MAXIMUM         57   1238 PM  88    1977  65     -8       70
  MINIMUM         40   1122 PM  28    1982  43     -3       36
                                      1933
  AVERAGE         49                        54     -5       53

PRECIPITATION (IN)
  YESTERDAY        0.20          3.91 1975   0.12   0.08     0.00
  MONTH TO DATE    0.57                      2.97  -2.40     4.16
  SINCE MAR 1      4.18                      5.01  -0.83     4.97
  SINCE JAN 1      5.83                      7.18  -1.35     6.18

SNOWFALL (IN)
  YESTERDAY        0.0           2.3  2002   0.0    0.0      0.0
  MONTH TO DATE    0.6                       1.6   -1.0      0.5
  SINCE JUL 1     40.3                      43.2   -2.9     38.8
  SNOW DEPTH       0

DEGREE DAYS
 HEATING
  YESTERDAY       16                        12      4       12
  MONTH TO DATE  400                       466    -66      393
  SINCE JUL 1   5699                      6919  -1220     6885

 COOLING
  YESTERDAY        0                         0      0        0
  MONTH TO DATE   11                         0     11        1
  SINCE JAN 1     11                         0     11        1
..................................................................


WIND (MPH)
  HIGHEST WIND SPEED    22   HIGHEST WIND DIRECTION     E (80)
  HIGHEST GUST SPEED    31   HIGHEST GUST DIRECTION     E (80)
  AVERAGE WIND SPEED    10.1


SKY COVER
  POSSIBLE SUNSHINE  MM
  AVERAGE SKY COVER 0.5


WEATHER CONDITIONS
 THE FOLLOWING WEATHER WAS RECORDED YESTERDAY.
  RAIN
  LIGHT RAIN


RELATIVE HUMIDITY (PERCENT)
 HIGHEST    83           500 PM
 LOWEST     27          1200 PM
 AVERAGE    55

..........................................................


THE LA CROSSE WI CLIMATE NORMALS FOR TODAY
                         NORMAL    RECORD    YEAR
 MAXIMUM TEMPERATURE (F)   65        89      2004
                                             1952
 MINIMUM TEMPERATURE (F)   43        27      1973


SUNRISE AND SUNSET
APRIL 28 2016.........SUNRISE   600 AM CDT   SUNSET   805 PM CDT
APRIL 29 2016.........SUNRISE   559 AM CDT   SUNSET   806 PM CDT


-  INDICATES NEGATIVE NUMBERS.
R  INDICATES RECORD WAS SET OR TIED.
MM INDICATES DATA IS MISSING.
T  INDICATES TRACE AMOUNT.




$$
