000
CDUS43 KARX 112142
CLILSE


CLIMATE REPORT
NATIONAL WEATHER SERVICE LA CROSSE WI
441 PM CDT MON JUL 11 2016


...................................

...THE LA CROSSE WI CLIMATE SUMMARY FOR JULY 11 2016...
VALID TODAY AS OF 0430 PM LOCAL TIME.

CLIMATE NORMAL PERIOD 1981 TO 2010
CLIMATE RECORD PERIOD 1873 TO 2016


WEATHER ITEM   OBSERVED TIME   RECORD YEAR NORMAL DEPARTURE LAST
                VALUE   (LST)  VALUE       VALUE  FROM      YEAR
                                                  NORMAL
..................................................................
TEMPERATURE (F)
 TODAY
  MAXIMUM         93    312 PM 104    1936  85      8       81
  MINIMUM         72    352 AM  50    1978  64      8       65
                                      1945
  AVERAGE         83                        74      9       73

PRECIPITATION (IN)
  TODAY            0.00          3.10 1981   0.14  -0.14      T
  MONTH TO DATE    1.82                      1.52   0.30     0.40
  SINCE JUN 1      8.55                      5.86   2.69     4.10
  SINCE JAN 1     19.03                     16.93   2.10    16.69

SNOWFALL (IN)
  TODAY            0.0           0.0  2002   0.0    0.0      0.0
                                      2001
  MONTH TO DATE    0.0                       0.0    0.0      0.0
  SINCE JUL 1      0.0                       0.0    0.0      0.0
  SNOW DEPTH       0

DEGREE DAYS
 HEATING
  TODAY            0                         0      0        0
  MONTH TO DATE    0                         0      0        3
  SINCE JUL 1      0                         0      0        3

 COOLING
  TODAY           18                         9      9        8
  MONTH TO DATE   90                        98     -8       41
  SINCE JAN 1    388                       312     76      273
..................................................................


WIND (MPH)
  HIGHEST WIND SPEED    23   HIGHEST WIND DIRECTION     S (170)
  HIGHEST GUST SPEED    43   HIGHEST GUST DIRECTION     S (200)
  AVERAGE WIND SPEED    13.3


SKY COVER
  POSSIBLE SUNSHINE  MM
  AVERAGE SKY COVER 0.1


WEATHER CONDITIONS
 THE FOLLOWING WEATHER WAS RECORDED TODAY.
  HAZE


RELATIVE HUMIDITY (PERCENT)
 HIGHEST    87           200 AM
 LOWEST     52           100 PM
 AVERAGE    70

..........................................................


THE LA CROSSE WI CLIMATE NORMALS FOR TOMORROW
                         NORMAL    RECORD    YEAR
 MAXIMUM TEMPERATURE (F)   85       105      1936
 MINIMUM TEMPERATURE (F)   64        49      1975


SUNRISE AND SUNSET
JULY 11 2016..........SUNRISE   534 AM CDT   SUNSET   847 PM CDT
JULY 12 2016..........SUNRISE   534 AM CDT   SUNSET   847 PM CDT


-  INDICATES NEGATIVE NUMBERS.
R  INDICATES RECORD WAS SET OR TIED.
MM INDICATES DATA IS MISSING.
T  INDICATES TRACE AMOUNT.




$$
