447
CDUS43 KARX 232235
CLILSE


CLIMATE REPORT
NATIONAL WEATHER SERVICE LA CROSSE WI
434 PM CST TUE JAN 23 2018


...................................

...THE LA CROSSE WI CLIMATE SUMMARY FOR JANUARY 23 2018...
VALID TODAY AS OF 0430 PM LOCAL TIME.

CLIMATE NORMAL PERIOD 1981 TO 2010
CLIMATE RECORD PERIOD 1873 TO 2018


WEATHER ITEM   OBSERVED TIME   RECORD YEAR NORMAL DEPARTURE LAST
                VALUE   (LST)  VALUE       VALUE  FROM      YEAR
                                                  NORMAL
..................................................................
TEMPERATURE (F)
 TODAY
  MAXIMUM         31   1209 AM  50    1916  26      5       41
  MINIMUM         24    343 PM -26    1963   9     15       35
                                      1936
                                      1935
  AVERAGE         28                        17     11       38

PRECIPITATION (IN)
  TODAY            0.03          0.57 1979   0.04  -0.01     0.01
  MONTH TO DATE    1.34                      0.82   0.52     2.03
  SINCE DEC 1      1.87                      2.18  -0.31     4.22
  SINCE JAN 1      1.34                      0.82   0.52     2.03

SNOWFALL (IN)
  TODAY            1.0           5.3  1979   0.4    0.6      0.0
                                      1965
  MONTH TO DATE    9.8                       7.6    2.2      4.6
  SINCE JUL 1     14.2                      23.2   -9.0     25.4
  SNOW DEPTH       2

DEGREE DAYS
 HEATING
  TODAY           37                        48    -11       27
  MONTH TO DATE 1114                      1100     14      975
  SINCE JUL 1   3678                      3944   -266     3110

 COOLING
  TODAY            0                         0      0        0
  MONTH TO DATE    0                         0      0        0
  SINCE JAN 1      0                         0      0        0
..................................................................


WIND (MPH)
  HIGHEST WIND SPEED    23   HIGHEST WIND DIRECTION    NW (330)
  HIGHEST GUST SPEED    31   HIGHEST GUST DIRECTION    NW (330)
  AVERAGE WIND SPEED    15.2


SKY COVER
  POSSIBLE SUNSHINE  MM
  AVERAGE SKY COVER 0.9


WEATHER CONDITIONS
 THE FOLLOWING WEATHER WAS RECORDED TODAY.
  LIGHT SNOW
  FOG


RELATIVE HUMIDITY (PERCENT)
 HIGHEST    92           100 AM
 LOWEST     74           100 PM
 AVERAGE    83

..........................................................


THE LA CROSSE WI CLIMATE NORMALS FOR TOMORROW
                         NORMAL    RECORD    YEAR
 MAXIMUM TEMPERATURE (F)   26        54      1981
 MINIMUM TEMPERATURE (F)    9       -26      1936
                                             1904


SUNRISE AND SUNSET
JANUARY 23 2018.......SUNRISE   731 AM CST   SUNSET   504 PM CST
JANUARY 24 2018.......SUNRISE   730 AM CST   SUNSET   505 PM CST


-  INDICATES NEGATIVE NUMBERS.
R  INDICATES RECORD WAS SET OR TIED.
MM INDICATES DATA IS MISSING.
T  INDICATES TRACE AMOUNT.




$$
