000
CDUS43 KARX 192231
CLILSE


CLIMATE REPORT
NATIONAL WEATHER SERVICE LA CROSSE WI
429 PM CST FRI DEC 19 2014


...................................

...THE LA CROSSE WI CLIMATE SUMMARY FOR DECEMBER 19 2014...
VALID TODAY AS OF 0400 PM LOCAL TIME.

CLIMATE NORMAL PERIOD 1981 TO 2010
CLIMATE RECORD PERIOD 1873 TO 2014


WEATHER ITEM   OBSERVED TIME   RECORD YEAR NORMAL DEPARTURE LAST
                VALUE   (LST)  VALUE       VALUE  FROM      YEAR
                                                  NORMAL
..................................................................
TEMPERATURE (F)
 TODAY
  MAXIMUM         31    359 PM  51    1923  28      3       28
                                      1894
  MINIMUM         23    734 AM -30    1983  13     10       17
  AVERAGE         27                        20      7       23

PRECIPITATION (IN)
  TODAY            0.00          0.48 1952   0.04  -0.04     0.01
  MONTH TO DATE    0.49                      0.92  -0.43     0.87
  SINCE DEC 1      0.49                      0.92  -0.43     0.87
  SINCE JAN 1     37.08                     32.62   4.46    35.24

SNOWFALL (IN)
  TODAY            0.0           5.4  1952   0.3   -0.3       T
  MONTH TO DATE    0.1                       7.4   -7.3      4.6
  SINCE JUL 1      7.9                      11.7   -3.8      5.6
  SNOW DEPTH       0

DEGREE DAYS
 HEATING
  TODAY           38                        45     -7       42
  MONTH TO DATE  676                       791   -115      910
  SINCE JUL 1   2276                      2291    -15     2314

 COOLING
  TODAY            0                         0      0        0
  MONTH TO DATE    0                         0      0        0
  SINCE JAN 1    822                       782     40      917
..................................................................


WIND (MPH)
  HIGHEST WIND SPEED    10   HIGHEST WIND DIRECTION     S (190)
  HIGHEST GUST SPEED    12   HIGHEST GUST DIRECTION     S (190)
  AVERAGE WIND SPEED     3.4


SKY COVER
  POSSIBLE SUNSHINE  MM
  AVERAGE SKY COVER 1.0


WEATHER CONDITIONS
 THE FOLLOWING WEATHER WAS RECORDED TODAY.
  NO SIGNIFICANT WEATHER WAS OBSERVED.


RELATIVE HUMIDITY (PERCENT)
 HIGHEST    74           400 AM
 LOWEST     63          1100 AM
 AVERAGE    69

..........................................................


THE LA CROSSE WI CLIMATE NORMALS FOR TOMORROW
                         NORMAL    RECORD    YEAR
 MAXIMUM TEMPERATURE (F)   27        54      1894
 MINIMUM TEMPERATURE (F)   13       -24      1983


SUNRISE AND SUNSET
DECEMBER 19 2014......SUNRISE   735 AM CST   SUNSET   429 PM CST
DECEMBER 20 2014......SUNRISE   736 AM CST   SUNSET   430 PM CST


-  INDICATES NEGATIVE NUMBERS.
R  INDICATES RECORD WAS SET OR TIED.
MM INDICATES DATA IS MISSING.
T  INDICATES TRACE AMOUNT.




$$
