000
CDUS43 KARX 150637
CLILSE


CLIMATE REPORT
NATIONAL WEATHER SERVICE LA CROSSE WI
137 AM CDT FRI AUG 15 2014


...................................

...THE LA CROSSE WI CLIMATE SUMMARY FOR AUGUST 14 2014...

CLIMATE NORMAL PERIOD 1981 TO 2010
CLIMATE RECORD PERIOD 1873 TO 2014


WEATHER ITEM   OBSERVED TIME   RECORD YEAR NORMAL DEPARTURE LAST
                VALUE   (LST)  VALUE       VALUE  FROM      YEAR
                                                  NORMAL
..................................................................
TEMPERATURE (F)
 YESTERDAY
  MAXIMUM         79    256 PM  95    1978  82     -3       78
  MINIMUM         51    521 AM  43    1964  62    -11       52
  AVERAGE         65                        72     -7       65

PRECIPITATION (IN)
  YESTERDAY        0.00          2.98 1909   0.15  -0.15     0.00
  MONTH TO DATE    0.68                      2.01  -1.33     0.93
  SINCE JUN 1     12.38                     10.61   1.77     8.11
  SINCE JAN 1     25.54                     21.68   3.86    27.04

SNOWFALL (IN)
  YESTERDAY        0.0           0.0  2002   0.0    0.0      0.0
                                      2000
                                      2001
  MONTH TO DATE    0.0                       0.0    0.0      0.0
  SINCE JUL 1      0.0                       0.0    0.0       T
  SNOW DEPTH       0

DEGREE DAYS
 HEATING
  YESTERDAY        0                         0      0        0
  MONTH TO DATE    0                         0      0        2
  SINCE JUL 1      3                         5     -2       14

 COOLING
  YESTERDAY        0                         7     -7        0
  MONTH TO DATE  101                       109     -8       44
  SINCE JAN 1    580                       596    -16      569
..................................................................


WIND (MPH)
  HIGHEST WIND SPEED    10   HIGHEST WIND DIRECTION     E (110)
  HIGHEST GUST SPEED    16   HIGHEST GUST DIRECTION    NE (30)
  AVERAGE WIND SPEED     3.6


SKY COVER
  POSSIBLE SUNSHINE  MM
  AVERAGE SKY COVER 0.0


WEATHER CONDITIONS
 THE FOLLOWING WEATHER WAS RECORDED YESTERDAY.
  NO SIGNIFICANT WEATHER WAS OBSERVED.


RELATIVE HUMIDITY (PERCENT)
 HIGHEST    84          1100 PM
 LOWEST     32           300 PM
 AVERAGE    58

..........................................................


THE LA CROSSE WI CLIMATE NORMALS FOR TODAY
                         NORMAL    RECORD    YEAR
 MAXIMUM TEMPERATURE (F)   82       100      1936
 MINIMUM TEMPERATURE (F)   62        43      1979


SUNRISE AND SUNSET
AUGUST 15 2014........SUNRISE   609 AM CDT   SUNSET   809 PM CDT
AUGUST 16 2014........SUNRISE   610 AM CDT   SUNSET   807 PM CDT


-  INDICATES NEGATIVE NUMBERS.
R  INDICATES RECORD WAS SET OR TIED.
MM INDICATES DATA IS MISSING.
T  INDICATES TRACE AMOUNT.




$$
