000
CDUS43 KARX 090638
CLILSE


CLIMATE REPORT
NATIONAL WEATHER SERVICE LA CROSSE WI
138 AM CDT TUE SEP 9 2014


...................................

...THE LA CROSSE WI CLIMATE SUMMARY FOR SEPTEMBER 8 2014...

CLIMATE NORMAL PERIOD 1981 TO 2010
CLIMATE RECORD PERIOD 1873 TO 2014


WEATHER ITEM   OBSERVED TIME   RECORD YEAR NORMAL DEPARTURE LAST
                VALUE   (LST)  VALUE       VALUE  FROM      YEAR
                                                  NORMAL
..................................................................
TEMPERATURE (F)
 YESTERDAY
  MAXIMUM         74    416 PM  99    1978  76     -2       77
  MINIMUM         55    552 AM  35    1883  56     -1       67
  AVERAGE         65                        66     -1       72

PRECIPITATION (IN)
  YESTERDAY        0.17          2.24 1901   0.13   0.04     0.00
  MONTH TO DATE    0.63                      0.99  -0.36      T
  SINCE SEP 1      0.63                      0.99  -0.36      T
  SINCE JAN 1     30.11                     24.95   5.16    27.15

SNOWFALL (IN)
  YESTERDAY        0.0           0.0  2002   0.0    0.0      0.0
                                      2001
  MONTH TO DATE    0.0                       0.0    0.0      0.0
  SINCE JUL 1      0.0                       0.0    0.0       T
  SNOW DEPTH       0

DEGREE DAYS
 HEATING
  YESTERDAY        0                         2     -2        0
  MONTH TO DATE    1                        14    -13        6
  SINCE JUL 1      4                        34    -30       20

 COOLING
  YESTERDAY        0                         4     -4        7
  MONTH TO DATE   38                        34      4       59
  SINCE JAN 1    786                       734     52      844
..................................................................


WIND (MPH)
  HIGHEST WIND SPEED    21   HIGHEST WIND DIRECTION     S (170)
  HIGHEST GUST SPEED    27   HIGHEST GUST DIRECTION     S (180)
  AVERAGE WIND SPEED     8.4


SKY COVER
  POSSIBLE SUNSHINE  MM
  AVERAGE SKY COVER 0.2


WEATHER CONDITIONS
 THE FOLLOWING WEATHER WAS RECORDED YESTERDAY.
  THUNDERSTORM
  HEAVY RAIN
  LIGHT RAIN


RELATIVE HUMIDITY (PERCENT)
 HIGHEST    93           200 AM
 LOWEST     49           500 PM
 AVERAGE    71

..........................................................


THE LA CROSSE WI CLIMATE NORMALS FOR TODAY
                         NORMAL    RECORD    YEAR
 MAXIMUM TEMPERATURE (F)   76       100      1955
 MINIMUM TEMPERATURE (F)   55        38      1924
                                             1883


SUNRISE AND SUNSET
SEPTEMBER  9 2014.....SUNRISE   637 AM CDT   SUNSET   726 PM CDT
SEPTEMBER 10 2014.....SUNRISE   639 AM CDT   SUNSET   724 PM CDT


-  INDICATES NEGATIVE NUMBERS.
R  INDICATES RECORD WAS SET OR TIED.
MM INDICATES DATA IS MISSING.
T  INDICATES TRACE AMOUNT.




$$
