000
CDUS43 KARX 062139
CLILSE


CLIMATE REPORT
NATIONAL WEATHER SERVICE LA CROSSE WI
438 PM CDT FRI OCT 6 2017


...................................

...THE LA CROSSE WI CLIMATE SUMMARY FOR OCTOBER 6 2017...
VALID TODAY AS OF 0400 PM LOCAL TIME.

CLIMATE NORMAL PERIOD 1981 TO 2010
CLIMATE RECORD PERIOD 1873 TO 2017


WEATHER ITEM   OBSERVED TIME   RECORD YEAR NORMAL DEPARTURE LAST
                VALUE   (LST)  VALUE       VALUE  FROM      YEAR
                                                  NORMAL
..................................................................
TEMPERATURE (F)
 TODAY
  MAXIMUM         60    259 PM  93    1963  64     -4       70
  MINIMUM         56    726 AM  22    1935  44     12       50
  AVERAGE         58                        54      4       60

PRECIPITATION (IN)
  TODAY            0.10          1.78 1941   0.08   0.02      T
  MONTH TO DATE    0.83                      0.52   0.31     0.01
  SINCE SEP 1      1.78                      4.08  -2.30    10.47
  SINCE JAN 1     33.54                     28.04   5.50    39.19

SNOWFALL (IN)
  TODAY            0.0           T    2001   0.0    0.0      0.0
  MONTH TO DATE    0.0                       0.0    0.0      0.0
  SINCE JUL 1      0.0                       0.0    0.0      0.0
  SNOW DEPTH       0

DEGREE DAYS
 HEATING
  TODAY            7                        12     -5        5
  MONTH TO DATE   24                        64    -40       10
  SINCE JUL 1     72                       224   -152       30

 COOLING
  TODAY            0                         1     -1        0
  MONTH TO DATE   10                         6      4        4
  SINCE JAN 1    997                       780    217     1024
..................................................................


WIND (MPH)
  HIGHEST WIND SPEED     9   HIGHEST WIND DIRECTION     E (90)
  HIGHEST GUST SPEED    12   HIGHEST GUST DIRECTION    NE (60)
  AVERAGE WIND SPEED     3.5


SKY COVER
  POSSIBLE SUNSHINE  MM
  AVERAGE SKY COVER 0.8


WEATHER CONDITIONS
 THE FOLLOWING WEATHER WAS RECORDED TODAY.
  RAIN
  LIGHT RAIN
  FOG


RELATIVE HUMIDITY (PERCENT)
 HIGHEST    93           300 AM
 LOWEST     84          1100 AM
 AVERAGE    89

..........................................................


THE LA CROSSE WI CLIMATE NORMALS FOR TOMORROW
                         NORMAL    RECORD    YEAR
 MAXIMUM TEMPERATURE (F)   64        86      2007
                                             1997
                                             1993
 MINIMUM TEMPERATURE (F)   43        26      2001
                                             1889


SUNRISE AND SUNSET
OCTOBER  6 2017.......SUNRISE   709 AM CDT   SUNSET   636 PM CDT
OCTOBER  7 2017.......SUNRISE   710 AM CDT   SUNSET   635 PM CDT


-  INDICATES NEGATIVE NUMBERS.
R  INDICATES RECORD WAS SET OR TIED.
MM INDICATES DATA IS MISSING.
T  INDICATES TRACE AMOUNT.




$$
