000
CDUS43 KARX 090717
CLILSE


CLIMATE REPORT
NATIONAL WEATHER SERVICE LA CROSSE WI
115 AM CST MON JAN 9 2017

...THE LA CROSSE WI CLIMATE SUMMARY FOR JANUARY 8 2017...

CLIMATE NORMAL PERIOD 1981 TO 2010
CLIMATE RECORD PERIOD 1873 TO 2017

WEATHER ITEM   OBSERVED TIME   RECORD YEAR NORMAL DEPARTURE LAST
                VALUE   (LST)  VALUE       VALUE  FROM      YEAR
                                                  NORMAL
..................................................................
TEMPERATURE (F)
 YESTERDAY
  MAXIMUM         21   1159 PM  55    2003  25     -4       34
  MINIMUM         -2    758 AM -25    1881   9    -11       33
                                      1875
  AVERAGE         10                        17     -7       34

PRECIPITATION (IN)
  YESTERDAY        T             0.39 1937   0.03  -0.03     0.19
  MONTH TO DATE    0.23                      0.27  -0.04     0.52
  SINCE DEC 1      2.42                      1.63   0.79     5.45
  SINCE JAN 1      0.23                      0.27  -0.04     0.52

SNOWFALL (IN)
  YESTERDAY        T             4.2  1952   0.3   -0.3      0.2
  MONTH TO DATE    0.3                       2.3   -2.0      1.4
  SINCE JUL 1     21.1                      17.9    3.2     13.9
  SNOW DEPTH       3

DEGREE DAYS
 HEATING
  YESTERDAY       55                        48      7       31
  MONTH TO DATE  410                       380     30      304
  SINCE JUL 1   2545                      3224   -679     2339

 COOLING
  YESTERDAY        0                         0      0        0
  MONTH TO DATE    0                         0      0        0
  SINCE JAN 1      0                         0      0        0
..................................................................

WIND (MPH)
  HIGHEST WIND SPEED    22   HIGHEST WIND DIRECTION    SE (150)
  HIGHEST GUST SPEED    25   HIGHEST GUST DIRECTION    SE (150)
  AVERAGE WIND SPEED     8.9

SKY COVER
  POSSIBLE SUNSHINE  MM
  AVERAGE SKY COVER 0.2

WEATHER CONDITIONS
 THE FOLLOWING WEATHER WAS RECORDED YESTERDAY.
  LIGHT SNOW

RELATIVE HUMIDITY (PERCENT)
 HIGHEST    79           800 AM
 LOWEST     47           400 PM
 AVERAGE    63
..........................................................

THE LA CROSSE WI CLIMATE NORMALS FOR TODAY
                         NORMAL    RECORD    YEAR
 MAXIMUM TEMPERATURE (F)   25        53      2002
 MINIMUM TEMPERATURE (F)    9       -31      1875

SUNRISE AND SUNSET
JANUARY  9 2017.......SUNRISE   738 AM CST   SUNSET   447 PM CST
JANUARY 10 2017.......SUNRISE   738 AM CST   SUNSET   448 PM CST

-  INDICATES NEGATIVE NUMBERS.
R  INDICATES RECORD WAS SET OR TIED.
MM INDICATES DATA IS MISSING.
T  INDICATES TRACE AMOUNT.

$$

BOYNE
