000
CDUS43 KARX 132130
CLILSE


CLIMATE REPORT
NATIONAL WEATHER SERVICE LA CROSSE WI
430 PM CDT WED AUG 13 2014


...................................

...THE LA CROSSE WI CLIMATE SUMMARY FOR AUGUST 13 2014...
VALID TODAY AS OF 0400 PM LOCAL TIME.

CLIMATE NORMAL PERIOD 1981 TO 2010
CLIMATE RECORD PERIOD 1873 TO 2014


WEATHER ITEM   OBSERVED TIME   RECORD YEAR NORMAL DEPARTURE LAST
                VALUE   (LST)  VALUE       VALUE  FROM      YEAR
                                                  NORMAL
..................................................................
TEMPERATURE (F)
 TODAY
  MAXIMUM         84    259 PM  95    1995  82      2       75
                                      1978
  MINIMUM         59    304 AM  48    2004  62     -3       53
                                      1964
                                      1916
  AVERAGE         72                        72      0       64

PRECIPITATION (IN)
  TODAY            0.00          1.84 2010   0.14  -0.14     0.00
  MONTH TO DATE    0.68                      1.86  -1.18     0.93
  SINCE JUN 1     12.38                     10.46   1.92     8.11
  SINCE JAN 1     25.54                     21.53   4.01    27.04

SNOWFALL (IN)
  TODAY            0.0           0.0  2002   0.0    0.0      0.0
                                      2001
  MONTH TO DATE    0.0                       0.0    0.0      0.0
  SINCE JUL 1      0.0                       0.0    0.0       T
  SNOW DEPTH       0

DEGREE DAYS
 HEATING
  TODAY            0                         0      0        1
  MONTH TO DATE    0                         0      0        2
  SINCE JUL 1      3                         5     -2       14

 COOLING
  TODAY            7                         7      0        0
  MONTH TO DATE  101                       102     -1       44
  SINCE JAN 1    580                       589     -9      569
..................................................................


WIND (MPH)
  HIGHEST WIND SPEED    14   HIGHEST WIND DIRECTION    NW (320)
  HIGHEST GUST SPEED    20   HIGHEST GUST DIRECTION     W (290)
  AVERAGE WIND SPEED     6.6


SKY COVER
  POSSIBLE SUNSHINE  MM
  AVERAGE SKY COVER 0.3


WEATHER CONDITIONS
 THE FOLLOWING WEATHER WAS RECORDED TODAY.
  NO SIGNIFICANT WEATHER WAS OBSERVED.


RELATIVE HUMIDITY (PERCENT)
 HIGHEST    87           300 AM
 LOWEST     40           300 PM
 AVERAGE    64

..........................................................


THE LA CROSSE WI CLIMATE NORMALS FOR TOMORROW
                         NORMAL    RECORD    YEAR
 MAXIMUM TEMPERATURE (F)   82        95      1978
 MINIMUM TEMPERATURE (F)   62        43      1964


SUNRISE AND SUNSET
AUGUST 13 2014........SUNRISE   607 AM CDT   SUNSET   812 PM CDT
AUGUST 14 2014........SUNRISE   608 AM CDT   SUNSET   811 PM CDT


-  INDICATES NEGATIVE NUMBERS.
R  INDICATES RECORD WAS SET OR TIED.
MM INDICATES DATA IS MISSING.
T  INDICATES TRACE AMOUNT.




$$
