000
CDUS43 KARX 120649
CLILSE


CLIMATE REPORT
NATIONAL WEATHER SERVICE LA CROSSE WI
147 AM CDT THU MAY 12 2016


...................................

...THE LA CROSSE WI CLIMATE SUMMARY FOR MAY 11 2016...

CLIMATE NORMAL PERIOD 1981 TO 2010
CLIMATE RECORD PERIOD 1873 TO 2016


WEATHER ITEM   OBSERVED TIME   RECORD YEAR NORMAL DEPARTURE LAST
                VALUE   (LST)  VALUE       VALUE  FROM      YEAR
                                                  NORMAL
..................................................................
TEMPERATURE (F)
 YESTERDAY
  MAXIMUM         65    111 PM  89    1922  69     -4       62
  MINIMUM         50    413 AM  30    1925  47      3       48
  AVERAGE         58                        58      0       55

PRECIPITATION (IN)
  YESTERDAY        0.39          1.32 1875   0.11   0.28     0.24
  MONTH TO DATE    1.17                      1.24  -0.07     1.31
  SINCE MAR 1      5.86                      6.62  -0.76     6.28
  SINCE JAN 1      7.51                      8.79  -1.28     7.49

SNOWFALL (IN)
  YESTERDAY        0.0           T    2013   0.0    0.0      0.0
  MONTH TO DATE    0.0                       0.1   -0.1      0.0
  SINCE JUL 1     40.3                      43.4   -3.1     38.8
  SNOW DEPTH       0

DEGREE DAYS
 HEATING
  YESTERDAY        7                         8     -1       10
  MONTH TO DATE   93                        98     -5       42
  SINCE JUL 1   5850                      7050  -1200     6949

 COOLING
  YESTERDAY        0                         1     -1        0
  MONTH TO DATE    7                         9     -2       23
  SINCE JAN 1     18                        16      2       24
..................................................................


WIND (MPH)
  HIGHEST WIND SPEED    12   HIGHEST WIND DIRECTION     E (80)
  HIGHEST GUST SPEED    14   HIGHEST GUST DIRECTION     E (80)
  AVERAGE WIND SPEED     3.7


SKY COVER
  POSSIBLE SUNSHINE  MM
  AVERAGE SKY COVER 1.0


WEATHER CONDITIONS
 THE FOLLOWING WEATHER WAS RECORDED YESTERDAY.
  HEAVY RAIN
  RAIN
  LIGHT RAIN
  FOG


RELATIVE HUMIDITY (PERCENT)
 HIGHEST    93          1000 PM
 LOWEST     72          1200 PM
 AVERAGE    83

..........................................................


THE LA CROSSE WI CLIMATE NORMALS FOR TODAY
                         NORMAL    RECORD    YEAR
 MAXIMUM TEMPERATURE (F)   70        90      1940
 MINIMUM TEMPERATURE (F)   48        31      1967


SUNRISE AND SUNSET
MAY 12 2016...........SUNRISE   542 AM CDT   SUNSET   821 PM CDT
MAY 13 2016...........SUNRISE   541 AM CDT   SUNSET   822 PM CDT


-  INDICATES NEGATIVE NUMBERS.
R  INDICATES RECORD WAS SET OR TIED.
MM INDICATES DATA IS MISSING.
T  INDICATES TRACE AMOUNT.




$$
