000
CDUS43 KARX 270646
CLILSE


CLIMATE REPORT
NATIONAL WEATHER SERVICE LA CROSSE WI
145 AM CDT MON JUL 27 2015


...................................

...THE LA CROSSE WI CLIMATE SUMMARY FOR JULY 26 2015...

CLIMATE NORMAL PERIOD 1981 TO 2010
CLIMATE RECORD PERIOD 1873 TO 2015


WEATHER ITEM   OBSERVED TIME   RECORD YEAR NORMAL DEPARTURE LAST
                VALUE   (LST)  VALUE       VALUE  FROM      YEAR
                                                  NORMAL
..................................................................
TEMPERATURE (F)
 YESTERDAY
  MAXIMUM         85    333 PM 101    1955  84      1       83
  MINIMUM         67    438 AM  48    1911  63      4       68
  AVERAGE         76                        73      3       76

PRECIPITATION (IN)
  YESTERDAY        T             2.20 1901   0.14  -0.14     0.17
  MONTH TO DATE    2.90                      3.58  -0.68     4.43
  SINCE JUN 1      6.60                      7.92  -1.32    11.13
  SINCE JAN 1     19.19                     18.99   0.20    24.29

SNOWFALL (IN)
  YESTERDAY        0.0           0.0  2002   0.0    0.0      0.0
                                      2001
  MONTH TO DATE    0.0                       0.0    0.0      0.0
  SINCE JUL 1      0.0                       0.0    0.0      0.0
  SNOW DEPTH       0

DEGREE DAYS
 HEATING
  YESTERDAY        0                         0      0        0
  MONTH TO DATE    3                         0      3        3
  SINCE JUL 1      3                         0      3        3

 COOLING
  YESTERDAY       11                         9      2       11
  MONTH TO DATE  193                       233    -40      176
  SINCE JAN 1    425                       447    -22      457
..................................................................


WIND (MPH)
  HIGHEST WIND SPEED    14   HIGHEST WIND DIRECTION    SE (140)
  HIGHEST GUST SPEED    16   HIGHEST GUST DIRECTION    SE (150)
  AVERAGE WIND SPEED     6.0


SKY COVER
  POSSIBLE SUNSHINE  MM
  AVERAGE SKY COVER 0.1


WEATHER CONDITIONS
 THE FOLLOWING WEATHER WAS RECORDED YESTERDAY.
  LIGHT RAIN


RELATIVE HUMIDITY (PERCENT)
 HIGHEST    93           300 AM
 LOWEST     51           200 PM
 AVERAGE    72

..........................................................


THE LA CROSSE WI CLIMATE NORMALS FOR TODAY
                         NORMAL    RECORD    YEAR
 MAXIMUM TEMPERATURE (F)   84       100      1931
                                             1894
 MINIMUM TEMPERATURE (F)   63        48      1891


SUNRISE AND SUNSET
JULY 27 2015..........SUNRISE   548 AM CDT   SUNSET   834 PM CDT
JULY 28 2015..........SUNRISE   549 AM CDT   SUNSET   833 PM CDT


-  INDICATES NEGATIVE NUMBERS.
R  INDICATES RECORD WAS SET OR TIED.
MM INDICATES DATA IS MISSING.
T  INDICATES TRACE AMOUNT.




$$
