000
CDUS43 KARX 130635
CLILSE


CLIMATE REPORT
NATIONAL WEATHER SERVICE LA CROSSE WI
1234 AM CST MON FEB 13 2017


...................................

...THE LA CROSSE WI CLIMATE SUMMARY FOR FEBRUARY 12 2017...

CLIMATE NORMAL PERIOD 1981 TO 2010
CLIMATE RECORD PERIOD 1873 TO 2017


WEATHER ITEM   OBSERVED TIME   RECORD YEAR NORMAL DEPARTURE LAST
                VALUE   (LST)  VALUE       VALUE  FROM      YEAR
                                                  NORMAL
..................................................................
TEMPERATURE (F)
 YESTERDAY
  MAXIMUM         42    457 AM  65    1882  30     12       16
  MINIMUM         27   1158 PM -27    1875  13     14       -1
  AVERAGE         35                        21     14        8

PRECIPITATION (IN)
  YESTERDAY        T             0.32 1984   0.03  -0.03      T
  MONTH TO DATE    0.03                      0.41  -0.38     0.74
  SINCE DEC 1      4.91                      2.89   2.02     6.54
  SINCE JAN 1      2.72                      1.53   1.19     1.61

SNOWFALL (IN)
  YESTERDAY        0.0           3.1  1923   0.3   -0.3      0.2
  MONTH TO DATE    0.5                       3.8   -3.3     10.0
  SINCE JUL 1     30.8                      30.1    0.7     26.6
  SNOW DEPTH       2

DEGREE DAYS
 HEATING
  YESTERDAY       30                        44    -14       57
  MONTH TO DATE  475                       542    -67      561
  SINCE JUL 1   3872                      4861   -989     4000

 COOLING
  YESTERDAY        0                         0      0        0
  MONTH TO DATE    0                         0      0        0
  SINCE JAN 1      0                         0      0        0
..................................................................


WIND (MPH)
  HIGHEST WIND SPEED    28   HIGHEST WIND DIRECTION    NW (300)
  HIGHEST GUST SPEED    37   HIGHEST GUST DIRECTION     W (290)
  AVERAGE WIND SPEED    13.6


SKY COVER
  POSSIBLE SUNSHINE  MM
  AVERAGE SKY COVER 0.3


WEATHER CONDITIONS
 THE FOLLOWING WEATHER WAS RECORDED YESTERDAY.
  LIGHT RAIN


RELATIVE HUMIDITY (PERCENT)
 HIGHEST    89          1200 AM
 LOWEST     44           200 PM
 AVERAGE    67

..........................................................


THE LA CROSSE WI CLIMATE NORMALS FOR TODAY
                         NORMAL    RECORD    YEAR
 MAXIMUM TEMPERATURE (F)   31        53      1921
 MINIMUM TEMPERATURE (F)   13       -21      1965
                                             1905


SUNRISE AND SUNSET
FEBRUARY 13 2017......SUNRISE   706 AM CST   SUNSET   533 PM CST
FEBRUARY 14 2017......SUNRISE   705 AM CST   SUNSET   534 PM CST


-  INDICATES NEGATIVE NUMBERS.
R  INDICATES RECORD WAS SET OR TIED.
MM INDICATES DATA IS MISSING.
T  INDICATES TRACE AMOUNT.




$$
