000
CDUS43 KARX 030636
CLILSE


CLIMATE REPORT
NATIONAL WEATHER SERVICE LA CROSSE WI
135 AM CDT FRI NOV 3 2017


...................................

...THE LA CROSSE WI CLIMATE SUMMARY FOR NOVEMBER 2 2017...

CLIMATE NORMAL PERIOD 1981 TO 2010
CLIMATE RECORD PERIOD 1873 TO 2017


WEATHER ITEM   OBSERVED TIME   RECORD YEAR NORMAL DEPARTURE LAST
                VALUE   (LST)  VALUE       VALUE  FROM      YEAR
                                                  NORMAL
..................................................................
TEMPERATURE (F)
 YESTERDAY
  MAXIMUM         48    235 PM  75    1938  52     -4       66
  MINIMUM         39   1159 PM  11    1951  35      4       46
  AVERAGE         44                        43      1       56

PRECIPITATION (IN)
  YESTERDAY        0.03          0.93 1961   0.06  -0.03     0.00
  MONTH TO DATE    0.15                      0.13   0.02     0.00
  SINCE SEP 1      7.11                      5.86   1.25    12.69
  SINCE JAN 1     38.87                     29.82   9.05    41.41

SNOWFALL (IN)
  YESTERDAY        0.0           1.4  1920   0.1   -0.1      0.0
  MONTH TO DATE    T                         0.1   -0.1      0.0
  SINCE JUL 1      T                         0.3   -0.3      0.0
  SNOW DEPTH       0

DEGREE DAYS
 HEATING
  YESTERDAY       21                        22     -1        9
  MONTH TO DATE   52                        43      9       14
  SINCE JUL 1    444                       671   -227      317

 COOLING
  YESTERDAY        0                         0      0        0
  MONTH TO DATE    0                         0      0        0
  SINCE JAN 1   1001                       782    219     1033
..................................................................


WIND (MPH)
  HIGHEST WIND SPEED    18   HIGHEST WIND DIRECTION    NW (310)
  HIGHEST GUST SPEED    22   HIGHEST GUST DIRECTION    NW (300)
  AVERAGE WIND SPEED     9.5


SKY COVER
  POSSIBLE SUNSHINE  MM
  AVERAGE SKY COVER 1.0


WEATHER CONDITIONS
 THE FOLLOWING WEATHER WAS RECORDED YESTERDAY.
  LIGHT RAIN
  FOG


RELATIVE HUMIDITY (PERCENT)
 HIGHEST   100           600 AM
 LOWEST     70           600 PM
 AVERAGE    85

..........................................................


THE LA CROSSE WI CLIMATE NORMALS FOR TODAY
                         NORMAL    RECORD    YEAR
 MAXIMUM TEMPERATURE (F)   51        75      2008
                                             1978
 MINIMUM TEMPERATURE (F)   34        11      1991


SUNRISE AND SUNSET
NOVEMBER  3 2017......SUNRISE   744 AM CDT   SUNSET   552 PM CDT
NOVEMBER  4 2017......SUNRISE   746 AM CDT   SUNSET   551 PM CDT


-  INDICATES NEGATIVE NUMBERS.
R  INDICATES RECORD WAS SET OR TIED.
MM INDICATES DATA IS MISSING.
T  INDICATES TRACE AMOUNT.




$$
