000
CDUS43 KARX 230646
CLILSE


CLIMATE REPORT
NATIONAL WEATHER SERVICE LA CROSSE WI
145 AM CDT SUN AUG 23 2015

...THE LA CROSSE WI CLIMATE SUMMARY FOR AUGUST 22 2015...

CLIMATE NORMAL PERIOD 1981 TO 2010
CLIMATE RECORD PERIOD 1873 TO 2015

WEATHER ITEM   OBSERVED TIME   RECORD YEAR NORMAL DEPARTURE LAST
                VALUE   (LST)  VALUE       VALUE  FROM      YEAR
                                                  NORMAL
..................................................................
TEMPERATURE (F)
 YESTERDAY
  MAXIMUM         83    256 PM  96    1968  81      2       89
  MINIMUM         67    610 AM  43    1923  61      6       74
  AVERAGE         75                        71      4       82

PRECIPITATION (IN)
  YESTERDAY        0.00          2.84 1973   0.13  -0.13     0.00
  MONTH TO DATE    1.17                      3.13  -1.96     2.10
  SINCE JUN 1      8.49                     11.73  -3.24    13.80
  SINCE JAN 1     21.08                     22.80  -1.72    26.96

SNOWFALL (IN)
  YESTERDAY        0.0           0.0  2002   0.0    0.0      0.0
                                      2001
  MONTH TO DATE    0.0                       0.0    0.0      0.0
  SINCE JUL 1      0.0                       0.0    0.0      0.0
  SNOW DEPTH       0

DEGREE DAYS
 HEATING
  YESTERDAY        0                         1     -1        0
  MONTH TO DATE    2                         2      0        0
  SINCE JUL 1      5                         7     -2        3

 COOLING
  YESTERDAY       10                         6      4       17
  MONTH TO DATE  195                       164     31      185
  SINCE JAN 1    677                       651     26      664
..................................................................

WIND (MPH)
  HIGHEST WIND SPEED    29   HIGHEST WIND DIRECTION     S (180)
  HIGHEST GUST SPEED    37   HIGHEST GUST DIRECTION     S (180)
  AVERAGE WIND SPEED    15.4

SKY COVER
  POSSIBLE SUNSHINE  MM
  AVERAGE SKY COVER 0.2

WEATHER CONDITIONS
 THE FOLLOWING WEATHER WAS RECORDED YESTERDAY.
  NO SIGNIFICANT WEATHER WAS OBSERVED.

RELATIVE HUMIDITY (PERCENT)
 HIGHEST    73           400 AM
 LOWEST     47          1200 PM
 AVERAGE    60
..........................................................

THE LA CROSSE WI CLIMATE NORMALS FOR TODAY
                         NORMAL    RECORD    YEAR
 MAXIMUM TEMPERATURE (F)   81       101      1948
 MINIMUM TEMPERATURE (F)   61        43      1891
                                             1890

SUNRISE AND SUNSET
AUGUST 23 2015........SUNRISE   618 AM CDT   SUNSET   757 PM CDT
AUGUST 24 2015........SUNRISE   619 AM CDT   SUNSET   755 PM CDT

-  INDICATES NEGATIVE NUMBERS.
R  INDICATES RECORD WAS SET OR TIED.
MM INDICATES DATA IS MISSING.
T  INDICATES TRACE AMOUNT.

$$

BOYNE
