000
CDUS43 KARX 100635
CLILSE


CLIMATE REPORT
NATIONAL WEATHER SERVICE LA CROSSE WI
134 AM CDT MON JUL 10 2017


...................................

...THE LA CROSSE WI CLIMATE SUMMARY FOR JULY 9 2017...

CLIMATE NORMAL PERIOD 1981 TO 2010
CLIMATE RECORD PERIOD 1873 TO 2017


WEATHER ITEM   OBSERVED TIME   RECORD YEAR NORMAL DEPARTURE LAST
                VALUE   (LST)  VALUE       VALUE  FROM      YEAR
                                                  NORMAL
..................................................................
TEMPERATURE (F)
 YESTERDAY
  MAXIMUM         84    122 PM 102    1936  84      0       83
  MINIMUM         66    525 AM  46    1895  63      3       60
  AVERAGE         75                        74      1       72

PRECIPITATION (IN)
  YESTERDAY        0.49          2.44 1912   0.14   0.35     0.00
  MONTH TO DATE    0.71                      1.24  -0.53     1.76
  SINCE JUN 1      6.09                      5.58   0.51     8.49
  SINCE JAN 1     23.78                     16.65   7.13    18.97

SNOWFALL (IN)
  YESTERDAY        0.0           0.0  2002   0.0    0.0      0.0
                                      2001
  MONTH TO DATE    0.0                       0.0    0.0      0.0
  SINCE JUL 1      0.0                       0.0    0.0      0.0
  SNOW DEPTH       0

DEGREE DAYS
 HEATING
  YESTERDAY        0                         0      0        0
  MONTH TO DATE    0                         0      0        0
  SINCE JUL 1      0                         0      0        0

 COOLING
  YESTERDAY       10                         9      1        7
  MONTH TO DATE  100                        80     20       65
  SINCE JAN 1    371                       294     77      363
..................................................................


WIND (MPH)
  HIGHEST WIND SPEED    20   HIGHEST WIND DIRECTION    NW (330)
  HIGHEST GUST SPEED    24   HIGHEST GUST DIRECTION     E (70)
  AVERAGE WIND SPEED     8.0


SKY COVER
  POSSIBLE SUNSHINE  MM
  AVERAGE SKY COVER 0.1


WEATHER CONDITIONS
 THE FOLLOWING WEATHER WAS RECORDED YESTERDAY.
  THUNDERSTORM
  HEAVY RAIN
  RAIN
  LIGHT RAIN
  FOG


RELATIVE HUMIDITY (PERCENT)
 HIGHEST    87           300 AM
 LOWEST     51          1000 AM
 AVERAGE    69

..........................................................


THE LA CROSSE WI CLIMATE NORMALS FOR TODAY
                         NORMAL    RECORD    YEAR
 MAXIMUM TEMPERATURE (F)   85       100      1980
                                             1936
 MINIMUM TEMPERATURE (F)   64        48      1895


SUNRISE AND SUNSET
JULY 10 2017..........SUNRISE   533 AM CDT   SUNSET   848 PM CDT
JULY 11 2017..........SUNRISE   533 AM CDT   SUNSET   847 PM CDT


-  INDICATES NEGATIVE NUMBERS.
R  INDICATES RECORD WAS SET OR TIED.
MM INDICATES DATA IS MISSING.
T  INDICATES TRACE AMOUNT.




$$
