000
CDUS43 KARX 090652
CLILSE


CLIMATE REPORT
NATIONAL WEATHER SERVICE LA CROSSE WI
1251 AM CST TUE DEC 9 2014


...................................

...THE LA CROSSE WI CLIMATE SUMMARY FOR DECEMBER 8 2014...

CLIMATE NORMAL PERIOD 1981 TO 2010
CLIMATE RECORD PERIOD 1873 TO 2014


WEATHER ITEM   OBSERVED TIME   RECORD YEAR NORMAL DEPARTURE LAST
                VALUE   (LST)  VALUE       VALUE  FROM      YEAR
                                                  NORMAL
..................................................................
TEMPERATURE (F)
 YESTERDAY
  MAXIMUM         37   1155 AM  60    1946  31      6       15
  MINIMUM         30   1159 PM -16    1876  17     13        8
  AVERAGE         34                        24     10       12

PRECIPITATION (IN)
  YESTERDAY        T             0.65 2009   0.05  -0.05     0.16
  MONTH TO DATE    0.14                      0.43  -0.29     0.66
  SINCE DEC 1      0.14                      0.43  -0.29     0.66
  SINCE JAN 1     36.73                     32.13   4.60    35.03

SNOWFALL (IN)
  YESTERDAY        T             9.0  2009   0.4   -0.4      2.0
  MONTH TO DATE    0.1                       3.0   -2.9      2.1
  SINCE JUL 1      7.9                       7.3    0.6      3.1
  SNOW DEPTH       T

DEGREE DAYS
 HEATING
  YESTERDAY       31                        41    -10       53
  MONTH TO DATE  316                       316      0      343
  SINCE JUL 1   1916                      1816    100     1747

 COOLING
  YESTERDAY        0                         0      0        0
  MONTH TO DATE    0                         0      0        0
  SINCE JAN 1    822                       782     40      917
..................................................................


WIND (MPH)
  HIGHEST WIND SPEED    20   HIGHEST WIND DIRECTION    NW (320)
  HIGHEST GUST SPEED    24   HIGHEST GUST DIRECTION    NW (320)
  AVERAGE WIND SPEED    11.2


SKY COVER
  POSSIBLE SUNSHINE  MM
  AVERAGE SKY COVER 1.0


WEATHER CONDITIONS
 THE FOLLOWING WEATHER WAS RECORDED YESTERDAY.
  LIGHT RAIN
  FOG


RELATIVE HUMIDITY (PERCENT)
 HIGHEST   100           800 AM
 LOWEST     72           700 PM
 AVERAGE    86

..........................................................


THE LA CROSSE WI CLIMATE NORMALS FOR TODAY
                         NORMAL    RECORD    YEAR
 MAXIMUM TEMPERATURE (F)   31        54      1946
 MINIMUM TEMPERATURE (F)   16       -24      1876


SUNRISE AND SUNSET
DECEMBER  9 2014......SUNRISE   727 AM CST   SUNSET   427 PM CST
DECEMBER 10 2014......SUNRISE   728 AM CST   SUNSET   427 PM CST


-  INDICATES NEGATIVE NUMBERS.
R  INDICATES RECORD WAS SET OR TIED.
MM INDICATES DATA IS MISSING.
T  INDICATES TRACE AMOUNT.




$$
