000
CDUS43 KARX 292233
CLILSE


CLIMATE REPORT
NATIONAL WEATHER SERVICE LA CROSSE WI
433 PM CST WED NOV 29 2017


...................................

...THE LA CROSSE WI CLIMATE SUMMARY FOR NOVEMBER 29 2017...
VALID TODAY AS OF 0430 PM LOCAL TIME.

CLIMATE NORMAL PERIOD 1981 TO 2010
CLIMATE RECORD PERIOD 1873 TO 2017


WEATHER ITEM   OBSERVED TIME   RECORD YEAR NORMAL DEPARTURE LAST
                VALUE   (LST)  VALUE       VALUE  FROM      YEAR
                                                  NORMAL
..................................................................
TEMPERATURE (F)
 TODAY
  MAXIMUM         46    336 PM  65    1998  36     10       46
  MINIMUM         22    620 AM -21    1875  21      1       40
  AVERAGE         34                        28      6       43

PRECIPITATION (IN)
  TODAY            0.00          0.52 1913   0.07  -0.07     0.00
  MONTH TO DATE    0.35                      1.95  -1.60     1.10
  SINCE SEP 1      7.31                      7.68  -0.37    13.79
  SINCE JAN 1     39.07                     31.64   7.43    42.51

SNOWFALL (IN)
  TODAY            0.0           6.0  1988   0.2   -0.2      0.0
  MONTH TO DATE    T                         3.8   -3.8       T
  SINCE JUL 1      T                         4.0   -4.0       T
  SNOW DEPTH       0

DEGREE DAYS
 HEATING
  TODAY           31                        37     -6       22
  MONTH TO DATE  820                       835    -15      531
  SINCE JUL 1   1212                      1463   -251      834

 COOLING
  TODAY            0                         0      0        0
  MONTH TO DATE    0                         0      0        0
  SINCE JAN 1   1001                       782    219     1033
..................................................................


WIND (MPH)
  HIGHEST WIND SPEED    17   HIGHEST WIND DIRECTION    NW (320)
  HIGHEST GUST SPEED    22   HIGHEST GUST DIRECTION    NW (320)
  AVERAGE WIND SPEED     6.4


SKY COVER
  POSSIBLE SUNSHINE  MM
  AVERAGE SKY COVER 0.0


WEATHER CONDITIONS
 THE FOLLOWING WEATHER WAS RECORDED TODAY.
  NO SIGNIFICANT WEATHER WAS OBSERVED.


RELATIVE HUMIDITY (PERCENT)
 HIGHEST    81           500 AM
 LOWEST     31           300 PM
 AVERAGE    56

..........................................................


THE LA CROSSE WI CLIMATE NORMALS FOR TOMORROW
                         NORMAL    RECORD    YEAR
 MAXIMUM TEMPERATURE (F)   35        63      1998
 MINIMUM TEMPERATURE (F)   21       -11      1872


SUNRISE AND SUNSET
NOVEMBER 29 2017......SUNRISE   717 AM CST   SUNSET   429 PM CST
NOVEMBER 30 2017......SUNRISE   718 AM CST   SUNSET   429 PM CST


-  INDICATES NEGATIVE NUMBERS.
R  INDICATES RECORD WAS SET OR TIED.
MM INDICATES DATA IS MISSING.
T  INDICATES TRACE AMOUNT.




$$
