000
CDUS43 KARX 190639
CLILSE


CLIMATE REPORT
NATIONAL WEATHER SERVICE LA CROSSE WI
139 AM CDT SUN MAR 19 2017


...................................

...THE LA CROSSE WI CLIMATE SUMMARY FOR MARCH 18 2017...

CLIMATE NORMAL PERIOD 1981 TO 2010
CLIMATE RECORD PERIOD 1873 TO 2017


WEATHER ITEM   OBSERVED TIME   RECORD YEAR NORMAL DEPARTURE LAST
                VALUE   (LST)  VALUE       VALUE  FROM      YEAR
                                                  NORMAL
..................................................................
TEMPERATURE (F)
 YESTERDAY
  MAXIMUM         44    310 PM  80    2012  45     -1       40
  MINIMUM         28   1150 PM  -3    1923  26      2       32
                                      1875
  AVERAGE         36                        35      1       36

PRECIPITATION (IN)
  YESTERDAY        0.00          1.45 1986   0.07  -0.07     0.13
  MONTH TO DATE    0.97                      1.06  -0.09     1.73
  SINCE MAR 1      0.97                      1.06  -0.09     1.73
  SINCE JAN 1      4.83                      3.23   1.60     3.38

SNOWFALL (IN)
  YESTERDAY        0.0          13.9  2005   0.2   -0.2      0.6
  MONTH TO DATE    8.0                       5.0    3.0      5.4
  SINCE JUL 1     42.2                      39.5    2.7     32.8
  SNOW DEPTH       0

DEGREE DAYS
 HEATING
  YESTERDAY       29                        30     -1       29
  MONTH TO DATE  604                       602      2      422
  SINCE JUL 1   4884                      6111  -1227     4997

 COOLING
  YESTERDAY        0                         0      0        0
  MONTH TO DATE    0                         0      0        0
  SINCE JAN 1      0                         0      0        0
..................................................................


WIND (MPH)
  HIGHEST WIND SPEED    22   HIGHEST WIND DIRECTION    NW (320)
  HIGHEST GUST SPEED    27   HIGHEST GUST DIRECTION    NW (330)
  AVERAGE WIND SPEED    11.1


SKY COVER
  POSSIBLE SUNSHINE  MM
  AVERAGE SKY COVER 0.2


WEATHER CONDITIONS
 THE FOLLOWING WEATHER WAS RECORDED YESTERDAY.
  NO SIGNIFICANT WEATHER WAS OBSERVED.


RELATIVE HUMIDITY (PERCENT)
 HIGHEST    72           900 PM
 LOWEST     53           400 PM
 AVERAGE    63

..........................................................


THE LA CROSSE WI CLIMATE NORMALS FOR TODAY
                         NORMAL    RECORD    YEAR
 MAXIMUM TEMPERATURE (F)   45        76      1921
 MINIMUM TEMPERATURE (F)   26       -12      1923


SUNRISE AND SUNSET
MARCH 19 2017.........SUNRISE   709 AM CDT   SUNSET   717 PM CDT
MARCH 20 2017.........SUNRISE   708 AM CDT   SUNSET   718 PM CDT


-  INDICATES NEGATIVE NUMBERS.
R  INDICATES RECORD WAS SET OR TIED.
MM INDICATES DATA IS MISSING.
T  INDICATES TRACE AMOUNT.




$$
