000
CDUS43 KARX 160642
CLILSE


CLIMATE REPORT
NATIONAL WEATHER SERVICE LA CROSSE WI
140 AM CDT SAT MAY 16 2015

...THE LA CROSSE WI CLIMATE SUMMARY FOR MAY 15 2015...

CLIMATE NORMAL PERIOD 1981 TO 2010
CLIMATE RECORD PERIOD 1873 TO 2015

WEATHER ITEM   OBSERVED TIME   RECORD YEAR NORMAL DEPARTURE LAST
                VALUE   (LST)  VALUE       VALUE  FROM      YEAR
                                                  NORMAL
..................................................................
TEMPERATURE (F)
 YESTERDAY
  MAXIMUM         74    448 PM  91    2001  70      4       58
  MINIMUM         58    212 AM  30    1983  48     10       44
  AVERAGE         66                        59      7       51

PRECIPITATION (IN)
  YESTERDAY        0.02          2.08 1876   0.10  -0.08     0.00
  MONTH TO DATE    1.70                      1.66   0.04     1.60
  SINCE MAR 1      6.67                      7.04  -0.37     9.94
  SINCE JAN 1      7.88                      9.21  -1.33    12.30

SNOWFALL (IN)
  YESTERDAY        0.0           0.0  2002   0.0    0.0      0.0
                                      2001
  MONTH TO DATE    0.0                       0.1   -0.1      0.0
  SINCE JUL 1     38.8                      43.4   -4.6     48.9
  SNOW DEPTH       0

DEGREE DAYS
 HEATING
  YESTERDAY        0                         7     -7       14
  MONTH TO DATE   77                       126    -49      146
  SINCE JUL 1   6984                      7078    -94     8086

 COOLING
  YESTERDAY        1                         1      0        0
  MONTH TO DATE   24                        13     11        2
  SINCE JAN 1     25                        20      5        2
..................................................................

WIND (MPH)
  HIGHEST WIND SPEED    12   HIGHEST WIND DIRECTION    NW (320)
  HIGHEST GUST SPEED    16   HIGHEST GUST DIRECTION    NW (310)
  AVERAGE WIND SPEED     4.6

SKY COVER
  POSSIBLE SUNSHINE  MM
  AVERAGE SKY COVER 0.7

WEATHER CONDITIONS
 THE FOLLOWING WEATHER WAS RECORDED YESTERDAY.
  LIGHT RAIN
  FOG

RELATIVE HUMIDITY (PERCENT)
 HIGHEST    93           100 AM
 LOWEST     49           400 PM
 AVERAGE    71
..........................................................

THE LA CROSSE WI CLIMATE NORMALS FOR TODAY
                         NORMAL    RECORD    YEAR
 MAXIMUM TEMPERATURE (F)   71        90      1936
 MINIMUM TEMPERATURE (F)   49        31      1921

SUNRISE AND SUNSET
MAY 16 2015...........SUNRISE   538 AM CDT   SUNSET   825 PM CDT
MAY 17 2015...........SUNRISE   537 AM CDT   SUNSET   826 PM CDT

-  INDICATES NEGATIVE NUMBERS.
R  INDICATES RECORD WAS SET OR TIED.
MM INDICATES DATA IS MISSING.
T  INDICATES TRACE AMOUNT.

$$

BOYNE
