000
CDUS43 KARX 040645
CLILSE


CLIMATE REPORT
NATIONAL WEATHER SERVICE LA CROSSE WI
1245 AM CST THU FEB 4 2016


...................................

...THE LA CROSSE WI CLIMATE SUMMARY FOR FEBRUARY 3 2016...

CLIMATE NORMAL PERIOD 1981 TO 2010
CLIMATE RECORD PERIOD 1873 TO 2016


WEATHER ITEM   OBSERVED TIME   RECORD YEAR NORMAL DEPARTURE LAST
                VALUE   (LST)  VALUE       VALUE  FROM      YEAR
                                                  NORMAL
..................................................................
TEMPERATURE (F)
 YESTERDAY
  MAXIMUM         31   1224 AM  51    1928  28      3       16
  MINIMUM          7   1156 PM -35    1996  10     -3       -1
  AVERAGE         19                        19      0        8

PRECIPITATION (IN)
  YESTERDAY        0.10          0.43 1936   0.03   0.07     0.10
  MONTH TO DATE    0.58                      0.10   0.48     0.35
  SINCE DEC 1      6.38                      2.58   3.80     2.12
  SINCE JAN 1      1.45                      1.22   0.23     1.02

SNOWFALL (IN)
  YESTERDAY        1.9           8.3  1936   0.3    1.6      1.6
  MONTH TO DATE    8.4                       1.0    7.4      6.6
  SINCE JUL 1     25.0                      27.3   -2.3     25.8
  SNOW DEPTH      11

DEGREE DAYS
 HEATING
  YESTERDAY       46                        46      0       57
  MONTH TO DATE  117                       138    -21      166
  SINCE JUL 1   3556                      4457   -901     4273

 COOLING
  YESTERDAY        0                         0      0        0
  MONTH TO DATE    0                         0      0        0
  SINCE JAN 1      0                         0      0        0
..................................................................


WIND (MPH)
  HIGHEST WIND SPEED    23   HIGHEST WIND DIRECTION    NW (330)
  HIGHEST GUST SPEED    28   HIGHEST GUST DIRECTION    NW (320)
  AVERAGE WIND SPEED    11.9


SKY COVER
  POSSIBLE SUNSHINE  MM
  AVERAGE SKY COVER 0.7


WEATHER CONDITIONS
 THE FOLLOWING WEATHER WAS RECORDED YESTERDAY.
  LIGHT SNOW
  FOG


RELATIVE HUMIDITY (PERCENT)
 HIGHEST    92           500 AM
 LOWEST     63           300 PM
 AVERAGE    78

..........................................................


THE LA CROSSE WI CLIMATE NORMALS FOR TODAY
                         NORMAL    RECORD    YEAR
 MAXIMUM TEMPERATURE (F)   28        53      1890
 MINIMUM TEMPERATURE (F)   10       -31      1996


SUNRISE AND SUNSET
FEBRUARY  4 2016......SUNRISE   719 AM CST   SUNSET   519 PM CST
FEBRUARY  5 2016......SUNRISE   718 AM CST   SUNSET   521 PM CST


-  INDICATES NEGATIVE NUMBERS.
R  INDICATES RECORD WAS SET OR TIED.
MM INDICATES DATA IS MISSING.
T  INDICATES TRACE AMOUNT.




$$
