000
CDUS43 KARX 100701
CLILSE


CLIMATE REPORT
NATIONAL WEATHER SERVICE LA CROSSE WI
200 AM CDT SAT JUN 10 2017


...................................

...THE LA CROSSE WI CLIMATE SUMMARY FOR JUNE 9 2017...

CLIMATE NORMAL PERIOD 1981 TO 2010
CLIMATE RECORD PERIOD 1873 TO 2017


WEATHER ITEM   OBSERVED TIME   RECORD YEAR NORMAL DEPARTURE LAST
                VALUE   (LST)  VALUE       VALUE  FROM      YEAR
                                                  NORMAL
..................................................................
TEMPERATURE (F)
 YESTERDAY
  MAXIMUM         88    441 PM  96    2015  78     10       80
  MINIMUM         59    454 AM  39    1937  57      2       62
  AVERAGE         74                        67      7       71

PRECIPITATION (IN)
  YESTERDAY        0.00          2.41 2004   0.14  -0.14     0.45
  MONTH TO DATE    0.03                      1.25  -1.22     1.24
  SINCE JUN 1      0.03                      1.25  -1.22     1.24
  SINCE JAN 1     17.72                     12.32   5.40    11.72

SNOWFALL (IN)
  YESTERDAY        0.0           0.0  2002   0.0    0.0      0.0
                                      2001
  MONTH TO DATE    0.0                       0.0    0.0      0.0
  SINCE JUL 1     42.2                      43.3   -1.1     40.3
  SNOW DEPTH       0

DEGREE DAYS
 HEATING
  YESTERDAY        0                         2     -2        0
  MONTH TO DATE    2                        22    -20        4
  SINCE JUL 1   5768                      7179  -1411     5953

 COOLING
  YESTERDAY        9                         4      5        6
  MONTH TO DATE   67                        30     37       30
  SINCE JAN 1    104                        78     26      116
..................................................................


WIND (MPH)
  HIGHEST WIND SPEED    12   HIGHEST WIND DIRECTION    SE (150)
  HIGHEST GUST SPEED    15   HIGHEST GUST DIRECTION     S (160)
  AVERAGE WIND SPEED     6.1


SKY COVER
  POSSIBLE SUNSHINE  MM
  AVERAGE SKY COVER 0.0


WEATHER CONDITIONS
 THE FOLLOWING WEATHER WAS RECORDED YESTERDAY.
  NO SIGNIFICANT WEATHER WAS OBSERVED.


RELATIVE HUMIDITY (PERCENT)
 HIGHEST    90           400 AM
 LOWEST     35           500 PM
 AVERAGE    63

..........................................................


THE LA CROSSE WI CLIMATE NORMALS FOR TODAY
                         NORMAL    RECORD    YEAR
 MAXIMUM TEMPERATURE (F)   79        95      2016
                                             1973
                                             1933
 MINIMUM TEMPERATURE (F)   57        39      1928


SUNRISE AND SUNSET
JUNE 10 2017..........SUNRISE   522 AM CDT   SUNSET   847 PM CDT
JUNE 11 2017..........SUNRISE   522 AM CDT   SUNSET   847 PM CDT


-  INDICATES NEGATIVE NUMBERS.
R  INDICATES RECORD WAS SET OR TIED.
MM INDICATES DATA IS MISSING.
T  INDICATES TRACE AMOUNT.




$$
