440
CDUS43 KARX 161327
CLILSE


CLIMATE REPORT
NATIONAL WEATHER SERVICE LA CROSSE WI
827 AM CDT TUE MAY 16 2017


...................................

...THE LA CROSSE WI CLIMATE SUMMARY FOR MAY 15 2017...

CLIMATE NORMAL PERIOD 1981 TO 2010
CLIMATE RECORD PERIOD 1873 TO 2017


WEATHER ITEM   OBSERVED TIME   RECORD YEAR NORMAL DEPARTURE LAST
                VALUE   (LST)  VALUE       VALUE  FROM      YEAR
                                                  NORMAL
..................................................................
TEMPERATURE (F)
 YESTERDAY
  MAXIMUM         78   1141 AM  91    2001  70      8       64
  MINIMUM         56    614 AM  30    2016  48      8       30
                                      1983
  AVERAGE         67                        59      8       47

PRECIPITATION (IN)
  YESTERDAY        0.85          2.08 1876   0.10   0.75     0.00
  MONTH TO DATE    2.00                      1.66   0.34     1.43
  SINCE MAR 1      8.63                      7.04   1.59     6.12
  SINCE JAN 1     12.49                      9.21   3.28     7.77

SNOWFALL (IN)
  YESTERDAY        0.0           0.0  2002   0.0    0.0      0.0
                                      2001
  MONTH TO DATE    T                         0.1   -0.1      0.0
  SINCE JUL 1     42.2                      43.4   -1.2     40.3
  SNOW DEPTH       0

DEGREE DAYS
 HEATING
  YESTERDAY        0                         7     -7       18
  MONTH TO DATE  124                       126     -2      157
  SINCE JUL 1   5678                      7078  -1400     5914

 COOLING
  YESTERDAY        2                         1      1        0
  MONTH TO DATE   13                        13      0        7
  SINCE JAN 1     19                        20     -1       18
..................................................................


WIND (MPH)
  HIGHEST WIND SPEED    16   HIGHEST WIND DIRECTION     E (100)
  HIGHEST GUST SPEED    23   HIGHEST GUST DIRECTION     E (110)
  AVERAGE WIND SPEED     6.6


SKY COVER
  POSSIBLE SUNSHINE  MM
  AVERAGE SKY COVER 0.3


WEATHER CONDITIONS
 THE FOLLOWING WEATHER WAS RECORDED YESTERDAY.
  THUNDERSTORM
  HEAVY RAIN
  RAIN
  LIGHT RAIN


RELATIVE HUMIDITY (PERCENT)
 HIGHEST    78           700 PM
 LOWEST     38          1000 AM
 AVERAGE    58

..........................................................


THE LA CROSSE WI CLIMATE NORMALS FOR TODAY
                         NORMAL    RECORD    YEAR
 MAXIMUM TEMPERATURE (F)   71        90      1936
 MINIMUM TEMPERATURE (F)   49        31      1921


SUNRISE AND SUNSET
MAY 16 2017...........SUNRISE   538 AM CDT   SUNSET   825 PM CDT
MAY 17 2017...........SUNRISE   537 AM CDT   SUNSET   827 PM CDT


-  INDICATES NEGATIVE NUMBERS.
R  INDICATES RECORD WAS SET OR TIED.
MM INDICATES DATA IS MISSING.
T  INDICATES TRACE AMOUNT.




$$
