000
CDUS43 KARX 072143
CLILSE


CLIMATE REPORT
NATIONAL WEATHER SERVICE LA CROSSE WI
442 PM CDT SUN MAY 7 2017


...................................

...THE LA CROSSE WI CLIMATE SUMMARY FOR MAY 7 2017...
VALID TODAY AS OF 0400 PM LOCAL TIME.

CLIMATE NORMAL PERIOD 1981 TO 2010
CLIMATE RECORD PERIOD 1873 TO 2017


WEATHER ITEM   OBSERVED TIME   RECORD YEAR NORMAL DEPARTURE LAST
                VALUE   (LST)  VALUE       VALUE  FROM      YEAR
                                                  NORMAL
..................................................................
TEMPERATURE (F)
 TODAY
  MAXIMUM         67    258 PM  88    1970  68     -1       72
  MINIMUM         39    401 AM  29    1890  46     -7       46
  AVERAGE         53                        57     -4       59

PRECIPITATION (IN)
  TODAY            0.00          1.31 1998   0.11  -0.11     0.00
  MONTH TO DATE    0.77                      0.80  -0.03     0.19
  SINCE MAR 1      7.40                      6.18   1.22     4.88
  SINCE JAN 1     11.26                      8.35   2.91     6.53

SNOWFALL (IN)
  TODAY            0.0           0.0  2000   0.0    0.0      0.0
                                      2002
                                      2001
  MONTH TO DATE    T                         0.1   -0.1      0.0
  SINCE JUL 1     42.2                      43.4   -1.2     40.3
  SNOW DEPTH       0

DEGREE DAYS
 HEATING
  TODAY           12                         9      3        6
  MONTH TO DATE   91                        66     25       60
  SINCE JUL 1   5645                      7018  -1373     5817

 COOLING
  TODAY            0                         1     -1        0
  MONTH TO DATE    0                         5     -5        7
  SINCE JAN 1      6                        12     -6       18
..................................................................


WIND (MPH)
  HIGHEST WIND SPEED    13   HIGHEST WIND DIRECTION    NW (310)
  HIGHEST GUST SPEED    17   HIGHEST GUST DIRECTION    NW (300)
  AVERAGE WIND SPEED     4.7


SKY COVER
  POSSIBLE SUNSHINE  MM
  AVERAGE SKY COVER 0.0


WEATHER CONDITIONS
 THE FOLLOWING WEATHER WAS RECORDED TODAY.
  NO SIGNIFICANT WEATHER WAS OBSERVED.


RELATIVE HUMIDITY (PERCENT)
 HIGHEST    76           400 AM
 LOWEST     30           100 PM
 AVERAGE    53

..........................................................


THE LA CROSSE WI CLIMATE NORMALS FOR TOMORROW
                         NORMAL    RECORD    YEAR
 MAXIMUM TEMPERATURE (F)   68        89      1874
 MINIMUM TEMPERATURE (F)   46        32      1976


SUNRISE AND SUNSET
MAY  7 2017...........SUNRISE   548 AM CDT   SUNSET   815 PM CDT
MAY  8 2017...........SUNRISE   547 AM CDT   SUNSET   817 PM CDT


-  INDICATES NEGATIVE NUMBERS.
R  INDICATES RECORD WAS SET OR TIED.
MM INDICATES DATA IS MISSING.
T  INDICATES TRACE AMOUNT.




$$
