938
CDUS43 KARX 160646
CLILSE


CLIMATE REPORT
NATIONAL WEATHER SERVICE LA CROSSE WI
145 AM CDT SAT SEP 16 2017

...THE LA CROSSE WI CLIMATE SUMMARY FOR SEPTEMBER 15 2017...

CLIMATE NORMAL PERIOD 1981 TO 2010
CLIMATE RECORD PERIOD 1873 TO 2017

WEATHER ITEM   OBSERVED TIME   RECORD YEAR NORMAL DEPARTURE LAST
                VALUE   (LST)  VALUE       VALUE  FROM      YEAR
                                                  NORMAL
..................................................................
TEMPERATURE (F)
 YESTERDAY
  MAXIMUM         94    234 PM  96    1939  74     20       80
  MINIMUM         70    618 AM  34    2007  53     17       55
                                      1916
  AVERAGE         82                        63     19       68

PRECIPITATION (IN)
  YESTERDAY        0.01          2.53 1936   0.12  -0.11     0.53
  MONTH TO DATE    0.19                      1.85  -1.66     5.37
  SINCE SEP 1      0.19                      1.85  -1.66     5.37
  SINCE JAN 1     31.95                     25.81   6.14    34.09

SNOWFALL (IN)
  YESTERDAY        0.0           0.0  2002   0.0    0.0      0.0
                                      2001
  MONTH TO DATE    0.0                       0.0    0.0      0.0
  SINCE JUL 1      0.0                       0.0    0.0      0.0
  SNOW DEPTH       0

DEGREE DAYS
 HEATING
  YESTERDAY        0                         4     -4        0
  MONTH TO DATE   21                        38    -17        1
  SINCE JUL 1     21                        58    -37        1

 COOLING
  YESTERDAY       17                         2     15        3
  MONTH TO DATE   67                        54     13       63
  SINCE JAN 1    882                       754    128      972
..................................................................

WIND (MPH)
  HIGHEST WIND SPEED    23   HIGHEST WIND DIRECTION     S (180)
  HIGHEST GUST SPEED    28   HIGHEST GUST DIRECTION     S (180)
  AVERAGE WIND SPEED    12.1

SKY COVER
  POSSIBLE SUNSHINE  MM
  AVERAGE SKY COVER 0.0

WEATHER CONDITIONS
 THE FOLLOWING WEATHER WAS RECORDED YESTERDAY.
  THUNDERSTORM
  LIGHT RAIN

RELATIVE HUMIDITY (PERCENT)
 HIGHEST    73           200 AM
 LOWEST     28           300 PM
 AVERAGE    51
..........................................................

THE LA CROSSE WI CLIMATE NORMALS FOR TODAY
                         NORMAL    RECORD    YEAR
 MAXIMUM TEMPERATURE (F)   73        94      1931
 MINIMUM TEMPERATURE (F)   52        34      1916

SUNRISE AND SUNSET
SEPTEMBER 16 2017.....SUNRISE   646 AM CDT   SUNSET   713 PM CDT
SEPTEMBER 17 2017.....SUNRISE   647 AM CDT   SUNSET   711 PM CDT

-  INDICATES NEGATIVE NUMBERS.
R  INDICATES RECORD WAS SET OR TIED.
MM INDICATES DATA IS MISSING.
T  INDICATES TRACE AMOUNT.

$$

Boyne
