000
CDUS43 KARX 050642
CLILSE


CLIMATE REPORT
NATIONAL WEATHER SERVICE LA CROSSE WI
142 AM CDT SUN NOV 5 2017


...................................

...THE LA CROSSE WI CLIMATE SUMMARY FOR NOVEMBER 4 2017...

CLIMATE NORMAL PERIOD 1981 TO 2010
CLIMATE RECORD PERIOD 1873 TO 2017


WEATHER ITEM   OBSERVED TIME   RECORD YEAR NORMAL DEPARTURE LAST
                VALUE   (LST)  VALUE       VALUE  FROM      YEAR
                                                  NORMAL
..................................................................
TEMPERATURE (F)
 YESTERDAY
  MAXIMUM         45    732 PM  75    2008  51     -6       69
  MINIMUM         37    438 AM   4    1991  34      3       40
  AVERAGE         41                        42     -1       55

PRECIPITATION (IN)
  YESTERDAY        0.06          1.16 1959   0.07  -0.01     0.00
  MONTH TO DATE    0.21                      0.27  -0.06     0.00
  SINCE SEP 1      7.17                      6.00   1.17    12.69
  SINCE JAN 1     38.93                     29.96   8.97    41.41

SNOWFALL (IN)
  YESTERDAY        0.0           1.3  1959   0.1   -0.1      0.0
  MONTH TO DATE    T                         0.2   -0.2      0.0
  SINCE JUL 1      T                         0.4   -0.4      0.0
  SNOW DEPTH       0

DEGREE DAYS
 HEATING
  YESTERDAY       24                        23      1       10
  MONTH TO DATE  106                        88     18       35
  SINCE JUL 1    498                       716   -218      338

 COOLING
  YESTERDAY        0                         0      0        0
  MONTH TO DATE    0                         0      0        0
  SINCE JAN 1   1001                       782    219     1033
..................................................................


WIND (MPH)
  HIGHEST WIND SPEED    13   HIGHEST WIND DIRECTION     E (100)
  HIGHEST GUST SPEED    19   HIGHEST GUST DIRECTION     E (110)
  AVERAGE WIND SPEED     3.7


SKY COVER
  POSSIBLE SUNSHINE  MM
  AVERAGE SKY COVER 1.0


WEATHER CONDITIONS
 THE FOLLOWING WEATHER WAS RECORDED YESTERDAY.
  LIGHT RAIN
  FOG


RELATIVE HUMIDITY (PERCENT)
 HIGHEST   100          1000 PM
 LOWEST     65          1200 AM
 AVERAGE    83

..........................................................


THE LA CROSSE WI CLIMATE NORMALS FOR TODAY
                         NORMAL    RECORD    YEAR
 MAXIMUM TEMPERATURE (F)   50        72      2016
 MINIMUM TEMPERATURE (F)   34         1      1951


SUNRISE AND SUNSET
NOVEMBER  5 2017......SUNRISE   647 AM CST   SUNSET   450 PM CST
NOVEMBER  6 2017......SUNRISE   648 AM CST   SUNSET   449 PM CST


-  INDICATES NEGATIVE NUMBERS.
R  INDICATES RECORD WAS SET OR TIED.
MM INDICATES DATA IS MISSING.
T  INDICATES TRACE AMOUNT.




$$
