000
CDUS43 KARX 160717
CLILSE


CLIMATE REPORT
NATIONAL WEATHER SERVICE LA CROSSE WI
115 AM CST FRI FEB 16 2018


...................................

...THE LA CROSSE WI CLIMATE SUMMARY FOR FEBRUARY 15 2018...

CLIMATE NORMAL PERIOD 1981 TO 2010
CLIMATE RECORD PERIOD 1873 TO 2018


WEATHER ITEM   OBSERVED TIME   RECORD YEAR NORMAL DEPARTURE LAST
                VALUE   (LST)  VALUE       VALUE  FROM      YEAR
                                                  NORMAL
..................................................................
TEMPERATURE (F)
 YESTERDAY
  MAXIMUM         44    142 PM  65    1921  31     13       37
  MINIMUM         31   1159 PM -16    1905  14     17       22
                                      1875
  AVERAGE         38                        22     16       30

PRECIPITATION (IN)
  YESTERDAY        T             0.69 1942   0.04  -0.04     0.00
  MONTH TO DATE    0.40                      0.52  -0.12     0.03
  SINCE DEC 1      2.31                      3.00  -0.69     4.91
  SINCE JAN 1      1.78                      1.64   0.14     2.72

SNOWFALL (IN)
  YESTERDAY        T             7.6  1942   0.3   -0.3      0.0
  MONTH TO DATE    6.9                       4.6    2.3      0.5
  SINCE JUL 1     22.1                      30.9   -8.8     30.8
  SNOW DEPTH       T

DEGREE DAYS
 HEATING
  YESTERDAY       27                        43    -16       35
  MONTH TO DATE  768                       671     97      566
  SINCE JUL 1   4753                      4990   -237     3963

 COOLING
  YESTERDAY        0                         0      0        0
  MONTH TO DATE    0                         0      0        0
  SINCE JAN 1      0                         0      0        0
..................................................................


WIND (MPH)
  HIGHEST WIND SPEED    20   HIGHEST WIND DIRECTION     N (350)
  HIGHEST GUST SPEED    27   HIGHEST GUST DIRECTION     N (340)
  AVERAGE WIND SPEED     7.8


SKY COVER
  POSSIBLE SUNSHINE  MM
  AVERAGE SKY COVER 0.2


WEATHER CONDITIONS
 THE FOLLOWING WEATHER WAS RECORDED YESTERDAY.
  LIGHT SNOW
  FOG
  HAZE


RELATIVE HUMIDITY (PERCENT)
 HIGHEST    96           600 AM
 LOWEST     62           100 PM
 AVERAGE    79

..........................................................


THE LA CROSSE WI CLIMATE NORMALS FOR TODAY
                         NORMAL    RECORD    YEAR
 MAXIMUM TEMPERATURE (F)   32        60      1981
                                             1921
 MINIMUM TEMPERATURE (F)   14       -23      1936


SUNRISE AND SUNSET
FEBRUARY 16 2018......SUNRISE   702 AM CST   SUNSET   536 PM CST
FEBRUARY 17 2018......SUNRISE   701 AM CST   SUNSET   538 PM CST


-  INDICATES NEGATIVE NUMBERS.
R  INDICATES RECORD WAS SET OR TIED.
MM INDICATES DATA IS MISSING.
T  INDICATES TRACE AMOUNT.




$$
